000
CXUS54 KSHV 030353
CF6MLU
PRELIMINARY LOCAL CLIMATOLOGICAL DATA (WS FORM: F-6)
STATION: MONROE
MONTH: JULY
YEAR: 2023
LATITUDE: 32 30 N
LONGITUDE: 92 2 W
TEMPERATURE IN F: :PCPN: SNOW: WIND :SUNSHINE: SKY :PK WND
================================================================================
1 2 3 4 5 6A 6B 7 8 9 10 11 12 13 14 15 16 17 18
12Z AVG MX 2MIN
DY MAX MIN AVG DEP HDD CDD WTR SNW DPTH SPD SPD DIR MIN PSBL S-S WX SPD DR
================================================================================
1 97 80 89 7 0 24 0.00 0.0 0 5.4 15 230 M M 1 22 190
2 97 80 89 7 0 24 0.09 0.0 0 6.1 20 220 M M 3 138 29 220
3 93 74 84 2 0 19 0.07 0.0 0 4.4 20 350 M M 2 138 27 180
4 95 75 85 3 0 20 0.03 0.0 0 3.5 20 10 M M 2 13 25 360
5 94 73 84 2 0 19 0.90 0.0 0 5.3 39 300 M M 2 13 52 300
6 95 73 84 2 0 19 0.90 0.0 0 4.3 26 10 M M 3 138 34 20
7 94 74 84 2 0 19 0.34 0.0 0 3.0 16 270 M M 6 1238 24 260
8 94 76 85 3 0 20 T 0.0 0 5.2 18 350 M M 1 3 26 360
9 90 76 83 0 0 18 0.00 0.0 0 7.5 21 290 M M 4 29 280
10 90 73 82 -1 0 17 0.00 0.0 0 2.8 9 40 M M 4 1 13 40
11 89 76 83 0 0 18 0.01 0.0 0 4.3 23 290 M M 5 3 32 290
12 89 76 83 0 0 18 0.08 0.0 0 4.1 17 300 M M 4 138 28 310
13 95 79 87 4 0 22 0.00 0.0 0 6.7 15 200 M M 2 22 230
14 94 79 87 4 0 22 0.00 0.0 0 6.3 13 190 M M 0 19 270
15 96 74 85 2 0 20 0.05 0.0 0 6.4 30 10 M M 3 3 43 30
16 96 73 85 2 0 20 0.49 0.0 0 4.8 38 310 M M 5 13 53 310
17 96 71 84 1 0 19 0.00 0.0 0 2.7 9 170 M M 1 1 13 180
18 99 76 88 5 0 23 0.00 0.0 0 6.4 15 230 M M 0 8 20 240
19 98 78 88 5 0 23 0.00 0.0 0 6.8 15 240 M M 0 26 230
20 97 77 87 4 0 22 0.00 0.0 0 4.9 18 250 M M 0 26 240
21 98 79 89 6 0 24 0.00 0.0 0 5.0 14 240 M M 1 19 280
22 91 74 83 0 0 18 0.00 0.0 0 6.5 14 10 M M 4 17 360
23 93 66 80 -3 0 15 0.00 0.0 0 3.2 13 10 M M 1 1 19 360
24 96 67 82 -1 0 17 0.00 0.0 0 1.4 7 40 M M 0 1 12 10
25 98 69 84 1 0 19 0.00 0.0 0 2.4 12 190 M M 0 1 18 190
26 100 70 85 2 0 20 0.00 0.0 0 3.2 12 260 M M 0 18 17 240
27 101 73 87 4 0 22 0.00 0.0 0 3.0 10 230 M M 1 1 15 70
28 99 74 87 4 0 22 0.00 0.0 0 1.9 9 80 M M 2 1 15 80
29 99 76 88 5 0 23 0.49 0.0 0 3.3 26 260 M M 1 3 41 270
30 102 76 89 6 0 24 0.00 0.0 0 2.8 10 350 M M 0 14 350
31 95 76 86 3 0 21 0.04 0.0 0 5.9 31 360 M M 2 3 45 20
================================================================================
SM 2960 2313 0 631 3.49 0.0 139.5 M 60
================================================================================
AV 95.5 74.6 4.5 FASTST M M 2 MAX(MPH)
MISC ----> 39 300 53 310
================================================================================
NOTES:
# LAST OF SEVERAL OCCURRENCES
COLUMN 17 PEAK WIND IN M.P.H.
PRELIMINARY LOCAL CLIMATOLOGICAL DATA (WS FORM: F-6) , PAGE 2
STATION: MONROE
MONTH: JULY
YEAR: 2023
LATITUDE: 32 30 N
LONGITUDE: 92 2 W
[TEMPERATURE DATA] [PRECIPITATION DATA] SYMBOLS USED IN COLUMN 16
AVERAGE MONTHLY: 85.0 TOTAL FOR MONTH: 3.49 1 = FOG OR MIST
DPTR FM NORMAL: 2.2 DPTR FM NORMAL: -0.45 2 = FOG REDUCING VISIBILITY
HIGHEST: 102 ON 30 GRTST 24HR 0.98 ON 5- 6 TO 1/4 MILE OR LESS
LOWEST: 66 ON 23 3 = THUNDER
SNOW, ICE PELLETS, HAIL 4 = ICE PELLETS
TOTAL MONTH: 0.0 INCH 5 = HAIL
GRTST 24HR 0.0 6 = FREEZING RAIN OR DRIZZLE
GRTST DEPTH: 0 7 = DUSTSTORM OR SANDSTORM:
VSBY 1/2 MILE OR LESS
8 = SMOKE OR HAZE
[NO. OF DAYS WITH] [WEATHER - DAYS WITH] 9 = BLOWING SNOW
X = TORNADO
MAX 32 OR BELOW: 0 0.01 INCH OR MORE: 12
MAX 90 OR ABOVE: 29 0.10 INCH OR MORE: 5
MIN 32 OR BELOW: 0 0.50 INCH OR MORE: 2
MIN 0 OR BELOW: 0 1.00 INCH OR MORE: 0
[HDD (BASE 65) ]
TOTAL THIS MO. 0 CLEAR (SCALE 0-3) 24
DPTR FM NORMAL 0 PTCLDY (SCALE 4-7) 7
TOTAL FM JUL 1 0 CLOUDY (SCALE 8-10) 0
DPTR FM NORMAL 0
[CDD (BASE 65) ]
TOTAL THIS MO. 631
DPTR FM NORMAL 78 [PRESSURE DATA]
TOTAL FM JAN 1 1669 HIGHEST SLP 30.17 ON 25
DPTR FM NORMAL 233 LOWEST SLP 29.84 ON 14
[REMARKS]
#FINAL-07-23#