000
CXUS56 KPQR 011201
CF6MMV
PRELIMINARY LOCAL CLIMATOLOGICAL DATA (WS FORM: F-6)
STATION: MCMINNVILLE OR
MONTH: JULY
YEAR: 2023
LATITUDE: 45 11 N
LONGITUDE: 123 8 W
TEMPERATURE IN F: :PCPN: SNOW: WIND :SUNSHINE: SKY :PK WND
================================================================================
1 2 3 4 5 6A 6B 7 8 9 10 11 12 13 14 15 16 17 18
12Z AVG MX 2MIN
DY MAX MIN AVG DEP HDD CDD WTR SNW DPTH SPD SPD DIR MIN PSBL S-S WX SPD DR
================================================================================
1 86 46 66 2 0 1 0.00 M M 6.9 17 10 M M 0 23 10
2 87 50 69 4 0 4 0.00 M M 7.7 17 20 M M 0 23 20
3 90 49 70 5 0 5 0.00 M M 6.3 16 20 M M 0 23 40
4 95 49 72 7 0 7 0.00 M M 4.2 14 350 M M 0 8 17 350
5 97 55 76 11 0 11 0.00 M M 4.0 15 360 M M 0 19 360
6 88 55 72 6 0 7 0.00 M M 8.6 21 220 M M 0 8 26 220
7 77 52 65 -1 0 0 0.00 M M 6.8 17 230 M M 2 20 230
8 78 53 66 0 0 1 0.00 M M 5.3 15 230 M M 5 19 230
9 83 52 68 2 0 3 0.00 M M 6.7 20 230 M M 1 24 240
10 73 52 63 -4 2 0 0.00 M M 4.2 12 320 M M 8 14 320
11 83 54 69 2 0 4 0.00 M M 5.5 15 230 M M 3 19 230
12 86 56 71 4 0 6 0.00 M M 5.2 16 260 M M 0 20 270
13 87 55 71 4 0 6 0.00 M M 3.4 12 220 M M 0 12 20
14 93 53 73 6 0 8 0.00 M M 4.4 12 10 M M 0 17 40
15 98 56 77 9 0 12 0.00 M M 4.4 14 10 M M 0 23 80
16 92 55 74 6 0 9 0.00 M M 4.7 20 250 M M 0 24 250
17 79 54 67 -1 0 2 0.00 M M 5.5 14 10 M M 5 19 20
18 87 51 69 1 0 4 0.00 M M 8.1 17 360 M M 0 24 340
19 95 56 76 8 0 11 0.00 M M 7.2 22 220 M M 0 26 220
20 86 56 71 3 0 6 0.00 M M 7.8 18 230 M M 0 24 220
21 88 55 72 4 0 7 0.00 M M 4.9 14 230 M M 0 16 230
22 90 55 73 5 0 8 0.00 M M 3.6 16 240 M M 0 19 360
23 88 57 73 5 0 8 0.00 M M 6.7 20 240 M M 0 25 240
24 76 53 65 -4 0 0 T M M 5.6 16 270 M M 6 1 20 250
25 81 60 71 2 0 6 0.00 M M 4.5 15 360 M M 5 19 350
26 85 49 67 -2 0 2 0.00 M M 5.7 13 50 M M 0 17 60
27 83 53 68 -1 0 3 0.00 M M 5.3 15 250 M M 1 19 260
28 84 54 69 0 0 4 0.00 M M 5.2 16 230 M M 0 21 250
29 82 51 67 -2 0 2 0.00 M M 4.6 16 240 M M 0 19 250
30 82 50 66 -3 0 1 0.00 M M 3.4 14 240 M M 0 19 310
31 85 51 68 -1 0 3 0.00 M M 4.6 14 350 M M 0 17 350
================================================================================
SM 2664 1647 2 151 T M 171.0 M 36
================================================================================
AV 85.9 53.1 5.5 FASTST M M 1 MAX(MPH)
MISC ----> 22 220 # 26 220
================================================================================
NOTES:
# LAST OF SEVERAL OCCURRENCES
COLUMN 17 PEAK WIND IN M.P.H.
PRELIMINARY LOCAL CLIMATOLOGICAL DATA (WS FORM: F-6) , PAGE 2
STATION: MCMINNVILLE OR
MONTH: JULY
YEAR: 2023
LATITUDE: 45 11 N
LONGITUDE: 123 8 W
[TEMPERATURE DATA] [PRECIPITATION DATA] SYMBOLS USED IN COLUMN 16
AVERAGE MONTHLY: 69.5 TOTAL FOR MONTH: T 1 = FOG OR MIST
DPTR FM NORMAL: 2.2 DPTR FM NORMAL: -0.25 2 = FOG REDUCING VISIBILITY
HIGHEST: 98 ON 15 GRTST 24HR T ON 24-24 TO 1/4 MILE OR LESS
LOWEST: 46 ON 1 3 = THUNDER
SNOW, ICE PELLETS, HAIL 4 = ICE PELLETS
TOTAL MONTH: M 5 = HAIL
GRTST 24HR M ON M 6 = FREEZING RAIN OR DRIZZLE
GRTST DEPTH: M ON M 7 = DUSTSTORM OR SANDSTORM:
VSBY 1/2 MILE OR LESS
8 = SMOKE OR HAZE
[NO. OF DAYS WITH] [WEATHER - DAYS WITH] 9 = BLOWING SNOW
X = TORNADO
MAX 32 OR BELOW: 0 0.01 INCH OR MORE: 0
MAX 90 OR ABOVE: 8 0.10 INCH OR MORE: 0
MIN 32 OR BELOW: 0 0.50 INCH OR MORE: 0
MIN 0 OR BELOW: 0 1.00 INCH OR MORE: 0
[HDD (BASE 65) ]
TOTAL THIS MO. 2 CLEAR (SCALE 0-3) 25
DPTR FM NORMAL -28 PTCLDY (SCALE 4-7) 5
TOTAL FM JUL 1 2 CLOUDY (SCALE 8-10) 1
DPTR FM NORMAL -24
[CDD (BASE 65) ]
TOTAL THIS MO. 151
DPTR FM NORMAL 50 [PRESSURE DATA]
TOTAL FM JAN 1 230 HIGHEST SLP 30.19 ON 25
DPTR FM NORMAL 95 LOWEST SLP 29.79 ON 5
[REMARKS]
#FINAL-07-23#