000
CXUS54 KMOB 010631
CF6MOB
PRELIMINARY LOCAL CLIMATOLOGICAL DATA (WS FORM: F-6)
STATION: MOBILE
MONTH: JUNE
YEAR: 2021
LATITUDE: 30 40 N
LONGITUDE: 88 15 W
TEMPERATURE IN F: :PCPN: SNOW: WIND :SUNSHINE: SKY :PK WND
================================================================================
1 2 3 4 5 6A 6B 7 8 9 10 11 12 13 14 15 16 17 18
12Z AVG MX 2MIN
DY MAX MIN AVG DEP HDD CDD WTR SNW DPTH SPD SPD DIR MIN PSBL S-S WX SPD DR
================================================================================
1 88 64 76 -2 0 11 0.00 0.0 0 9.7 20 140 M M 7 128 28 130
2 86 72 79 1 0 14 0.00 0.0 0 7.7 18 170 M M 6 26 180
3 86 68 77 -1 0 12 0.87 0.0 0 6.1 18 190 M M 7 13 24 200
4 83 68 76 -3 0 11 0.01 0.0 0 3.5 14 330 M M 5 3 22 340
5 79 71 75 -4 0 10 0.05 0.0 0 6.1 14 170 M M 5 1 20 180
6 83 69 76 -3 0 11 1.27 0.0 0 12.2 22 150 M M 9 13 30 150
7 88 69 79 0 0 14 0.00 0.0 0 8.6 17 180 M M 4 26 180
8 88 75 82 3 0 17 0.02 0.0 0 8.6 20 180 M M 7 1 25 180
9 84 72 78 -1 0 13 0.49 0.0 0 5.9 15 190 M M 7 13 19 210
10 88 72 80 0 0 15 0.03 0.0 0 6.9 16 200 M M 5 18 22 220
11 88 75 82 2 0 17 0.01 0.0 0 7.3 16 200 M M 5 23 190
12 92 71 82 2 0 17 0.02 0.0 0 5.7 22 10 M M 3 13 32 10
13 91 69 80 0 0 15 0.38 0.0 0 5.2 21 100 M M 5 38 27 100
14 93 68 81 1 0 16 0.00 0.0 0 4.3 13 210 M M 5 1 18 10
15 94 73 84 4 0 19 0.02 0.0 0 5.1 20 90 M M 6 3 25 90
16 90 70 80 0 0 15 0.00 0.0 0 6.4 14 10 M M 4 18 20
17 90 65 78 -2 0 13 0.00 0.0 0 5.3 15 90 M M 3 22 100
18 82 71 77 -4 0 12 0.95 0.0 0 9.6 23 110 M M 7 1 31 130
19 81 72 77 -4 0 12 4.22 0.0 0 13.5 37 170 M M 7 13 49 150
20 88 74 81 0 0 16 T 0.0 0 7.8 22 200 M M 4 30 210
21 85 71 78 -3 0 13 3.98 0.0 0 5.8 20 200 M M 7 123 26 200
22 88 71 80 -1 0 15 1.13 0.0 0 4.4 12 60 M M 8 123 18 220
23 88 72 80 -1 0 15 T 0.0 0 3.6 15 90 M M 7 138 19 90
24 90 73 82 1 0 17 0.15 0.0 0 4.1 21 120 M M 6 13 27 120
25 87 72 80 -1 0 15 T 0.0 0 8.3 16 150 M M 5 128 21 140
26 88 73 81 0 0 16 0.00 0.0 0 8.7 16 130 M M 4 24 120
27 89 74 82 1 0 17 0.07 0.0 0 8.8 21 130 M M 4 13 29 140
28 89 73 81 0 0 16 0.11 0.0 0 7.8 20 80 M M 6 138 26 150
29 89 72 81 0 0 16 0.00 0.0 0 7.0 16 140 M M 5 123 24 140
30 89 72 81 0 0 16 0.44 0.0 0 4.2 23 50 M M 6 13 27 50
================================================================================
SM 2624 2131 0 436 14.22 0.0 208.2 M 169
================================================================================
AV 87.5 71.0 6.9 FASTST M M 6 MAX(MPH)
MISC ----> 37 170 49 150
================================================================================
NOTES:
# LAST OF SEVERAL OCCURRENCES
COLUMN 17 PEAK WIND IN M.P.H.
PRELIMINARY LOCAL CLIMATOLOGICAL DATA (WS FORM: F-6) , PAGE 2
STATION: MOBILE
MONTH: JUNE
YEAR: 2021
LATITUDE: 30 40 N
LONGITUDE: 88 15 W
[TEMPERATURE DATA] [PRECIPITATION DATA] SYMBOLS USED IN COLUMN 16
AVERAGE MONTHLY: 79.3 TOTAL FOR MONTH: 14.22 1 = FOG OR MIST
DPTR FM NORMAL: -0.8 DPTR FM NORMAL: 7.67 2 = FOG REDUCING VISIBILITY
HIGHEST: 94 ON 15 GRTST 24HR 5.01 ON 18-19 TO 1/4 MILE OR LESS
LOWEST: 64 ON 1 3 = THUNDER
SNOW, ICE PELLETS, HAIL 4 = ICE PELLETS
TOTAL MONTH: 0.0 INCH 5 = HAIL
GRTST 24HR 0.0 6 = FREEZING RAIN OR DRIZZLE
GRTST DEPTH: 0 7 = DUSTSTORM OR SANDSTORM:
VSBY 1/2 MILE OR LESS
8 = SMOKE OR HAZE
[NO. OF DAYS WITH] [WEATHER - DAYS WITH] 9 = BLOWING SNOW
X = TORNADO
MAX 32 OR BELOW: 0 0.01 INCH OR MORE: 19
MAX 90 OR ABOVE: 7 0.10 INCH OR MORE: 11
MIN 32 OR BELOW: 0 0.50 INCH OR MORE: 6
MIN 0 OR BELOW: 0 1.00 INCH OR MORE: 4
[HDD (BASE 65) ]
TOTAL THIS MO. 0 CLEAR (SCALE 0-3) 2
DPTR FM NORMAL 0 PTCLDY (SCALE 4-7) 27
TOTAL FM JUL 1 1630 CLOUDY (SCALE 8-10) 1
DPTR FM NORMAL 13
[CDD (BASE 65) ]
TOTAL THIS MO. 436
DPTR FM NORMAL -17 [PRESSURE DATA]
TOTAL FM JAN 1 825 HIGHEST SLP 30.16 ON 29
DPTR FM NORMAL -105 LOWEST SLP 29.78 ON 19
[REMARKS]
#FINAL-06-21#