000
CXUS56 KSTO 092345
CF6MOD
PRELIMINARY LOCAL CLIMATOLOGICAL DATA (WS FORM: F-6)
STATION: MODESTO CA
MONTH: JULY
YEAR: 2020
LATITUDE: 37 37 N
LONGITUDE: 120 57 W
TEMPERATURE IN F: :PCPN: SNOW: WIND :SUNSHINE: SKY :PK WND
================================================================================
1 2 3 4 5 6A 6B 7 8 9 10 11 12 13 14 15 16 17 18
12Z AVG MX 2MIN
DY MAX MIN AVG DEP HDD CDD WTR SNW DPTH SPD SPD DIR MIN PSBL S-S WX SPD DR
================================================================================
1 95 64 80 2 0 15 0.00 0.0 0 6.3 17 330 M M 0 20 320
2 89 60 75 -3 0 10 0.00 0.0 0 6.8 18 330 M M 0 23 330
3 91 58 75 -3 0 10 0.00 0.0 0 8.3 14 340 M M 0 18 310
4 97 61 79 1 0 14 0.00 0.0 0 7.5 16 320 M M 0 22 320
5 99 67 83 5 0 18 0.00 0.0 0 9.5 20 310 M M 0 24 300
6 93 65 79 0 0 14 0.00 0.0 0 10.5 22 300 M M 0 27 300
7 90 58 74 -5 0 9 0.00 0.0 0 8.7 20 330 M M 0 25 320
8 97 63 80 1 0 15 0.00 0.0 0 6.0 15 300 M M 0 M M
9 98 64 81 2 0 16 0.00 0.0 0 8.4 15 330 M M 0 21 320
10 100 66 83 4 0 18 0.00 0.0 0 7.0 14 300 M M 1 18 330
11 103 65 84 5 0 19 0.00 0.0 0 6.0 17 330 M M 1 24 320
12 104 68 86 7 0 21 0.00 0.0 0 7.1 18 300 M M 1 22 310
13 99 69 84 5 0 19 0.00 0.0 0 7.1 18 340 M M 1 22 320
14 93 62 78 -1 0 13 0.00 0.0 0 7.5 16 330 M M 0 20 330
15 95 62 79 0 0 14 0.00 0.0 0 7.9 14 340 M M 1 16 340
16 94 62 78 -1 0 13 0.00 0.0 0 9.2 21 250 M M 0 89 220
17 94 62 78 -2 0 13 0.00 0.0 0 8.8 14 330 M M 0 29 10
18 96 61 79 -1 0 14 0.00 0.0 0 9.4 15 320 M M 0 20 330
19 96 64 80 0 0 15 0.00 0.0 0 8.6 16 340 M M 0 22 340
20 92 63 78 -2 0 13 0.00 0.0 0 9.4 17 320 M M 0 22 340
21 91 61 76 -4 0 11 0.00 0.0 0 7.8 14 340 M M 0 8 18 330
22 91 59 75 -5 0 10 0.00 0.0 0 8.4 20 330 M M 0 24 320
23 93 60 77 -3 0 12 0.00 0.0 0 8.5 16 310 M M 0 20 310
24 94 65 80 0 0 15 0.00 0.0 0 8.2 18 310 M M 0 22 300
25 96 62 79 -1 0 14 0.00 0.0 0 8.1 15 320 M M 0 17 330
26 97 65 81 2 0 16 0.00 0.0 0 8.8 18 310 M M 0 24 10
27 99 67 83 4 0 18 0.00 0.0 0 8.8 20 330 M M 0 8 29 250
28 98 64 81 2 0 16 0.00 0.0 0 8.8 16 320 M M 0 20 330
29 98 66 82 3 0 17 0.00 0.0 0 8.9 18 330 M M 0 23 330
30 96 65 81 2 0 16 0.00 0.0 0 9.6 17 330 M M 0 21 320
31 96 64 80 1 0 15 0.00 0.0 0 10.5 22 300 M M 0 26 300
================================================================================
SM 2964 1962 0 453 0.00 0.0 256.4 M 5
================================================================================
AV 95.6 63.3 8.3 FASTST M M 0 MAX(MPH)
MISC ----> # 22 300 # 89 220
================================================================================
NOTES:
# LAST OF SEVERAL OCCURRENCES
COLUMN 17 PEAK WIND IN M.P.H.
PRELIMINARY LOCAL CLIMATOLOGICAL DATA (WS FORM: F-6) , PAGE 2
STATION: MODESTO CA
MONTH: JULY
YEAR: 2020
LATITUDE: 37 37 N
LONGITUDE: 120 57 W
[TEMPERATURE DATA] [PRECIPITATION DATA] SYMBOLS USED IN COLUMN 16
AVERAGE MONTHLY: 79.5 TOTAL FOR MONTH: 0.00 1 = FOG OR MIST
DPTR FM NORMAL: 0.4 DPTR FM NORMAL: 0.00 2 = FOG REDUCING VISIBILITY
HIGHEST: 104 ON 12 GRTST 24HR 0.00 ON 31-31 TO 1/4 MILE OR LESS
LOWEST: 58 ON 7, 3 3 = THUNDER
SNOW, ICE PELLETS, HAIL 4 = ICE PELLETS
TOTAL MONTH: 0.0 INCH 5 = HAIL
GRTST 24HR 0.0 6 = FREEZING RAIN OR DRIZZLE
GRTST DEPTH: 0 7 = DUSTSTORM OR SANDSTORM:
VSBY 1/2 MILE OR LESS
8 = SMOKE OR HAZE
[NO. OF DAYS WITH] [WEATHER - DAYS WITH] 9 = BLOWING SNOW
X = TORNADO
MAX 32 OR BELOW: 0 0.01 INCH OR MORE: 0
MAX 90 OR ABOVE: 30 0.10 INCH OR MORE: 0
MIN 32 OR BELOW: 0 0.50 INCH OR MORE: 0
MIN 0 OR BELOW: 0 1.00 INCH OR MORE: 0
[HDD (BASE 65) ]
TOTAL THIS MO. 0 CLEAR (SCALE 0-3) 31
DPTR FM NORMAL 0 PTCLDY (SCALE 4-7) 0
TOTAL FM JUL 1 0 CLOUDY (SCALE 8-10) 0
DPTR FM NORMAL 0
[CDD (BASE 65) ]
TOTAL THIS MO. 453
DPTR FM NORMAL 16 [PRESSURE DATA]
TOTAL FM JAN 1 1071 HIGHEST SLP M ON M
DPTR FM NORMAL 136 LOWEST SLP 29.69 ON 1
[REMARKS]
#FINAL-07-20#