000
CXUS51 KPHI 010815
CF6MPO
PRELIMINARY LOCAL CLIMATOLOGICAL DATA (WS FORM: F-6)
STATION: MOUNT POCONO PA
MONTH: AUGUST
YEAR: 2022
LATITUDE: 41 8 N
LONGITUDE: 75 24 W
TEMPERATURE IN F: :PCPN: SNOW: WIND :SUNSHINE: SKY :PK WND
================================================================================
1 2 3 4 5 6A 6B 7 8 9 10 11 12 13 14 15 16 17 18
12Z AVG MX 2MIN
DY MAX MIN AVG DEP HDD CDD WTR SNW DPTH SPD SPD DIR MIN PSBL S-S WX SPD DR
================================================================================
1 74 60 67 -1 0 2 0.21 M M 4.8 12 240 M M 8 1 14 230
2 82 62 72 4 0 7 T M M 8.9 18 320 M M 4 25 320
3 83 57 70 2 0 5 0.00 M M 5.9 12 230 M M 0 17 290
4 88 63 76 9 0 11 0.03 M M 6.4 23 300 M M 2 3 31 300
5 84 64 74 7 0 9 0.97 M M 5.6 29 320 M M 2 138 35 310
6 82 62 72 5 0 7 0.00 M M 6.6 14 200 M M 2 1 19 180
7 84 71 78 11 0 13 0.26 M M 9.2 23 270 M M 6 1 36 260
8 86 70 78 11 0 13 T M M 9.8 20 280 M M 6 1 25 270
9 85 68 77 10 0 12 T M M 10.8 21 270 M M 5 28 280
10 77 61 69 2 0 4 0.00 M M 6.2 13 280 M M 5 17 300
11 81 59 70 3 0 5 T M M 8.6 20 330 M M 3 25 330
12 75 55 65 -2 0 0 0.00 M M 9.6 20 330 M M 0 26 320
13 75 46 61 -5 4 0 0.00 M M 7.2 22 330 M M 0 27 330
14 78 46 62 -4 3 0 0.00 M M 4.4 13 200 M M 1 16 200
15 78 50 64 -2 1 0 0.00 M M 3.4 13 150 M M 2 16 130
16 78 54 66 0 0 1 0.00 M M 4.5 15 50 M M 2 21 60
17 74 51 63 -3 2 0 0.03 M M 4.5 17 350 M M 5 21 340
18 76 51 64 -2 1 0 T M M 6.9 17 320 M M 4 28 300
19 82 51 67 1 0 2 0.00 M M 5.3 14 230 M M 0 17 260
20 84 61 73 7 0 8 0.00 M M 5.7 15 210 M M 3 21 150
21 79 59 69 3 0 4 0.29 M M 6.7 15 140 M M 5 1 21 130
22 70 64 67 2 0 2 2.00 M M 3.9 12 90 M M 9 12 17 100
23 77 58 68 3 0 3 0.01 M M 6.1 15 270 M M 6 12 22 310
24 80 57 69 4 0 4 0.00 M M 7.3 15 280 M M 1 1 23 240
25 83 56 70 5 0 5 0.00 M M 3.7 12 290 M M 2 18 180
26 81 59 70 5 0 5 0.00 M M 7.0 18 260 M M 4 1 27 260
27 80 61 71 7 0 6 0.00 M M 6.8 17 320 M M 2 20 310
28 78 62 70 6 0 5 T M M 6.1 12 130 M M 7 1 16 60
29 81 68 75 11 0 10 0.00 M M 7.8 15 160 M M 6 1 19 160
30 80 61 71 7 0 6 0.38 M M 8.9 23 230 M M 8 13 33 220
31 73 56 65 1 0 0 0.00 M M 9.6 20 330 M M 5 1 26 330
================================================================================
SM 2468 1823 11 149 4.18 M 208.2 M 115
================================================================================
AV 79.6 58.8 6.7 FASTST M M 4 MAX(MPH)
MISC ----> 29 320 36 260
================================================================================
NOTES:
# LAST OF SEVERAL OCCURRENCES
COLUMN 17 PEAK WIND IN M.P.H.
PRELIMINARY LOCAL CLIMATOLOGICAL DATA (WS FORM: F-6) , PAGE 2
STATION: MOUNT POCONO PA
MONTH: AUGUST
YEAR: 2022
LATITUDE: 41 8 N
LONGITUDE: 75 24 W
[TEMPERATURE DATA] [PRECIPITATION DATA] SYMBOLS USED IN COLUMN 16
AVERAGE MONTHLY: 69.2 TOTAL FOR MONTH: 4.18 1 = FOG OR MIST
DPTR FM NORMAL: 3.2 DPTR FM NORMAL: -0.46 2 = FOG REDUCING VISIBILITY
HIGHEST: 88 ON 4 GRTST 24HR 2.29 ON 21-22 TO 1/4 MILE OR LESS
LOWEST: 46 ON 14,13 3 = THUNDER
SNOW, ICE PELLETS, HAIL 4 = ICE PELLETS
TOTAL MONTH: M 5 = HAIL
GRTST 24HR M ON M 6 = FREEZING RAIN OR DRIZZLE
GRTST DEPTH: M ON M 7 = DUSTSTORM OR SANDSTORM:
VSBY 1/2 MILE OR LESS
8 = SMOKE OR HAZE
[NO. OF DAYS WITH] [WEATHER - DAYS WITH] 9 = BLOWING SNOW
X = TORNADO
MAX 32 OR BELOW: 0 0.01 INCH OR MORE: 9
MAX 90 OR ABOVE: 0 0.10 INCH OR MORE: 6
MIN 32 OR BELOW: 0 0.50 INCH OR MORE: 2
MIN 0 OR BELOW: 0 1.00 INCH OR MORE: 1
[HDD (BASE 65) ]
TOTAL THIS MO. 11 CLEAR (SCALE 0-3) 14
DPTR FM NORMAL -38 PTCLDY (SCALE 4-7) 16
TOTAL FM JUL 1 17 CLOUDY (SCALE 8-10) 1
DPTR FM NORMAL -61
[CDD (BASE 65) ]
TOTAL THIS MO. 149
DPTR FM NORMAL 69 [PRESSURE DATA]
TOTAL FM JAN 1 371 HIGHEST SLP 30.27 ON 6
DPTR FM NORMAL 106 LOWEST SLP 29.78 ON 30
[REMARKS]
#FINAL-08-22#