000
CXUS51 KPHI 010915
CF6MPO
PRELIMINARY LOCAL CLIMATOLOGICAL DATA (WS FORM: F-6)
STATION: MOUNT POCONO PA
MONTH: DECEMBER
YEAR: 2023
LATITUDE: 41 8 N
LONGITUDE: 75 24 W
TEMPERATURE IN F: :PCPN: SNOW: WIND :SUNSHINE: SKY :PK WND
================================================================================
1 2 3 4 5 6A 6B 7 8 9 10 11 12 13 14 15 16 17 18
12Z AVG MX 2MIN
DY MAX MIN AVG DEP HDD CDD WTR SNW DPTH SPD SPD DIR MIN PSBL S-S WX SPD DR
================================================================================
1 45 31 38 5 27 0 0.11 M M 7.3 14 250 M M 6 1 20 220
2 52 39 46 14 19 0 0.02 M M 7.3 18 260 M M 5 12 27 280
3 46 40 43 11 22 0 0.64 M M 9.2 21 270 M M 9 12 29 260
4 41 32 37 5 28 0 T M M 12.4 22 260 M M 6 1 29 270
5 34 29 32 1 33 0 0.01 M M 8.1 23 320 M M 9 1 31 320
6 30 24 27 -4 38 0 0.01 M M 12.3 24 320 M M 10 1 32 320
7 31 22 27 -4 38 0 0.02 M M 9.7 21 290 M M 8 1 28 300
8 42 26 34 4 31 0 0.00 M M 5.0 13 160 M M 5 1 16 160
9 48 34 41 11 24 0 0.00 M M 5.9 10 160 M M 5 12 15 150
10 52 33 43 13 22 0 1.23 M M 9.9 29 340 M M 10 12 35 330
11 33 26 30 1 35 0 0.28 M M 15.5 29 300 M M 10 1 41 300
12 34 19 27 -2 38 0 0.00 M M 9.4 16 230 M M 3 23 280
13 34 25 30 1 35 0 0.00 M M 13.3 23 310 M M 1 31 310
14 33 18 26 -2 39 0 0.00 M M 9.6 18 290 M M 0 24 270
15 49 29 39 11 26 0 0.00 M M 14.7 26 300 M M 0 36 290
16 47 36 42 14 23 0 0.00 M M 10.5 21 320 M M 0 26 320
17 49 37 43 15 22 0 1.64 M M 7.9 16 110 M M 10 12 23 110
18 52 31 42 15 23 0 3.00 M M 15.6 31 290 M M 9 1 44 290
19 32 22 27 0 38 0 0.06 M M 17.2 29 290 M M 8 1 38 310
20 34 21 28 1 37 0 0.00 M M 16.2 25 310 M M 1 32 310
21 35 20 28 1 37 0 0.00 M M 11.6 25 310 M M 3 33 320
22 32 16 24 -2 41 0 0.00 M M 2.3 7 120 M M 4 9 150
23 33 24 29 3 36 0 0.06 M M 4.7 12 100 M M 9 16 18 100
24 41 32 37 11 28 0 T M M 2.3 8 270 M M 10 1 10 270
25 45 31 38 12 27 0 0.00 M M 3.1 8 110 M M 7 12 10 120
26 43 28 36 11 29 0 0.01 M M 2.2 7 210 M M 10 12 11 210
27 44 41 43 18 22 0 1.49 M M 5.9 12 90 M M 10 12 16 80
28 48 44 46 21 19 0 0.47 M M 5.8 21 60 M M 10 12 28 70
29 44 30 37 12 28 0 T M M 10.9 16 300 M M 9 1 20 300
30 35 29 32 8 33 0 0.02 M M 10.4 17 310 M M 9 1 25 300
31 33 30 32 8 33 0 T M M 7.9 21 310 M M 10 1 27 320
================================================================================
SM 1251 899 931 0 9.07 M 284.1 M 206
================================================================================
AV 40.4 29.0 9.2 FASTST M M 7 MAX(MPH)
MISC ----> 31 290 44 290
================================================================================
NOTES:
# LAST OF SEVERAL OCCURRENCES
COLUMN 17 PEAK WIND IN M.P.H.
PRELIMINARY LOCAL CLIMATOLOGICAL DATA (WS FORM: F-6) , PAGE 2
STATION: MOUNT POCONO PA
MONTH: DECEMBER
YEAR: 2023
LATITUDE: 41 8 N
LONGITUDE: 75 24 W
[TEMPERATURE DATA] [PRECIPITATION DATA] SYMBOLS USED IN COLUMN 16
AVERAGE MONTHLY: 34.7 TOTAL FOR MONTH: 9.07 1 = FOG OR MIST
DPTR FM NORMAL: 6.6 DPTR FM NORMAL: 5.29 2 = FOG REDUCING VISIBILITY
HIGHEST: 52 ON 18,10 GRTST 24HR 4.64 ON 17-18 TO 1/4 MILE OR LESS
LOWEST: 16 ON 22 3 = THUNDER
SNOW, ICE PELLETS, HAIL 4 = ICE PELLETS
TOTAL MONTH: M 5 = HAIL
GRTST 24HR M ON M 6 = FREEZING RAIN OR DRIZZLE
GRTST DEPTH: M ON M 7 = DUSTSTORM OR SANDSTORM:
VSBY 1/2 MILE OR LESS
8 = SMOKE OR HAZE
[NO. OF DAYS WITH] [WEATHER - DAYS WITH] 9 = BLOWING SNOW
X = TORNADO
MAX 32 OR BELOW: 4 0.01 INCH OR MORE: 16
MAX 90 OR ABOVE: 0 0.10 INCH OR MORE: 8
MIN 32 OR BELOW: 23 0.50 INCH OR MORE: 5
MIN 0 OR BELOW: 0 1.00 INCH OR MORE: 4
[HDD (BASE 65) ]
TOTAL THIS MO. 931 CLEAR (SCALE 0-3) 7
DPTR FM NORMAL -213 PTCLDY (SCALE 4-7) 9
TOTAL FM JUL 1 2303 CLOUDY (SCALE 8-10) 15
DPTR FM NORMAL -462
[CDD (BASE 65) ]
TOTAL THIS MO. 0
DPTR FM NORMAL 0 [PRESSURE DATA]
TOTAL FM JAN 1 278 HIGHEST SLP 30.68 ON 14
DPTR FM NORMAL -10 LOWEST SLP 29.12 ON 18
[REMARKS]
#FINAL-12-23#