000
CXUS51 KPHI 250553
CF6MPO
PRELIMINARY LOCAL CLIMATOLOGICAL DATA (WS FORM: F-6)
STATION: MOUNT POCONO PA
MONTH: APRIL
YEAR: 2024
LATITUDE: 41 8 N
LONGITUDE: 75 24 W
TEMPERATURE IN F: :PCPN: SNOW: WIND :SUNSHINE: SKY :PK WND
================================================================================
1 2 3 4 5 6A 6B 7 8 9 10 11 12 13 14 15 16 17 18
12Z AVG MX 2MIN
DY MAX MIN AVG DEP HDD CDD WTR SNW DPTH SPD SPD DIR MIN PSBL S-S WX SPD DR
================================================================================
1 46 35 41 3 24 0 0.08 M M 2.7 8 60 M M 10 1 13 70
2 43 37 40 1 25 0 1.04 M M 10.1 18 100 M M 10 12 32 100
3 37 32 35 -4 30 0 1.57 M M 15.8 29 80 M M 10 12 53 90
4 41 32 37 -3 28 0 0.22 M M 5.4 16 50 M M 10 1 27 50
5 38 30 34 -6 31 0 0.10 M M 13.9 23 290 M M 9 1 34 280
6 42 32 37 -3 28 0 0.03 M M 16.3 26 320 M M 10 1 39 310
7 54 32 43 2 22 0 0.00 M M 9.9 24 350 M M 4 34 320
8 61 26 44 3 21 0 T M M 4.2 13 200 M M 3 17 190
9 72 43 58 16 7 0 0.00 M M 6.9 15 140 M M 0 21 330
10 62 46 54 12 11 0 0.20 M M 4.0 9 130 M M 8 13 13 130
11 58 49 54 11 11 0 1.26 M M 11.8 28 140 M M 10 12 44 120
12 59 44 52 9 13 0 0.89 M M 17.0 29 160 M M 10 1 46 160
13 44 36 40 -4 25 0 0.17 M M 20.4 30 270 M M 8 1 46 290
14 67 34 51 7 14 0 0.12 M M 11.0 24 200 M M 3 3 35 210
15 69 46 58 14 7 0 T M M 12.0 25 260 M M 4 1 48 230
16 64 34 49 4 16 0 0.00 M M 7.6 24 320 M M 0 32 320
17 57 44 51 6 14 0 T M M 8.8 15 130 M M 6 12 20 120
18 44 39 42 -4 23 0 0.03 M M 6.4 12 90 M M 10 12 17 100
19 48 37 43 -3 22 0 0.03 M M 9.0 16 140 M M 10 12 23 140
20 58 33 46 0 19 0 T M M 12.3 28 280 M M 6 1 42 280
21 42 26 34 -13 31 0 0.00 M M 9.2 17 310 M M 5 24 310
22 54 29 42 -5 23 0 0.00 M M 9.7 24 300 M M 0 33 270
23 62 28 45 -3 20 0 0.00 M M 8.2 21 170 M M 0 33 170
24 60 37 49 1 16 0 T M M 12.0 25 330 M M 8 33 330
================================================================================
SM 1282 861 481 0 5.74 M 244.6 M 154
================================================================================
AV 53.4 35.9 10.2 FASTST M M 6 MAX(MPH)
MISC ----> 30 270 53 90
================================================================================
NOTES:
# LAST OF SEVERAL OCCURRENCES
COLUMN 17 PEAK WIND IN M.P.H.
PRELIMINARY LOCAL CLIMATOLOGICAL DATA (WS FORM: F-6) , PAGE 2
STATION: MOUNT POCONO PA
MONTH: APRIL
YEAR: 2024
LATITUDE: 41 8 N
LONGITUDE: 75 24 W
[TEMPERATURE DATA] [PRECIPITATION DATA] SYMBOLS USED IN COLUMN 16
AVERAGE MONTHLY: 44.6 TOTAL FOR MONTH: 5.74 1 = FOG OR MIST
DPTR FM NORMAL: 1.4 DPTR FM NORMAL: 2.38 2 = FOG REDUCING VISIBILITY
HIGHEST: 72 ON 9 GRTST 24HR 1.99 ON 11-12 TO 1/4 MILE OR LESS
LOWEST: 26 ON 21, 8 3 = THUNDER
SNOW, ICE PELLETS, HAIL 4 = ICE PELLETS
TOTAL MONTH: M 5 = HAIL
GRTST 24HR M ON M 6 = FREEZING RAIN OR DRIZZLE
GRTST DEPTH: M ON M 7 = DUSTSTORM OR SANDSTORM:
VSBY 1/2 MILE OR LESS
8 = SMOKE OR HAZE
[NO. OF DAYS WITH] [WEATHER - DAYS WITH] 9 = BLOWING SNOW
X = TORNADO
MAX 32 OR BELOW: 0 0.01 INCH OR MORE: 13
MAX 90 OR ABOVE: 0 0.10 INCH OR MORE: 9
MIN 32 OR BELOW: 9 0.50 INCH OR MORE: 4
MIN 0 OR BELOW: 0 1.00 INCH OR MORE: 3
[HDD (BASE 65) ]
TOTAL THIS MO. 481 CLEAR (SCALE 0-3) 6
DPTR FM NORMAL -45 PTCLDY (SCALE 4-7) 8
TOTAL FM JUL 1 5795 CLOUDY (SCALE 8-10) 10
DPTR FM NORMAL -928
[CDD (BASE 65) ]
TOTAL THIS MO. 0
DPTR FM NORMAL 0 [PRESSURE DATA]
TOTAL FM JAN 1 0 HIGHEST SLP M ON M
DPTR FM NORMAL 0 LOWEST SLP 29.27 ON 12
[REMARKS]