000
CXUS51 KPHI 011927
CLMMPO
CLIMATE REPORT
NATIONAL WEATHER SERVICE MOUNT HOLLY NJ
327 PM EDT MON APR 01 2024
...................................
...THE MOUNT POCONO PA CLIMATE SUMMARY FOR THE MONTH OF MARCH 2024...
CLIMATE NORMAL PERIOD: 1991 TO 2020
CLIMATE RECORD PERIOD: 1901 TO 2024
WEATHER OBSERVED NORMAL DEPART LAST YEAR`S
VALUE DATE(S) VALUE FROM VALUE
NORMAL
..............................................................
TEMPERATURE (F)
RECORD
HIGH 81 03/31/1998
03/30/1910
LOW -18 03/07/1911
HIGHEST 68 MM MM 58
LOWEST 16 MM MM 16
AVG. MAXIMUM 46.8 41.4 5.4 42.3
AVG. MINIMUM 29.5 24.0 5.5 26.1
MEAN 38.2 32.7 5.5 34.2
DAYS MAX >= 90 0 0.0 0.0 0
DAYS MAX <= 32 1 6.1 -5.1 3
DAYS MIN <= 32 19 24.9 -5.9 28
DAYS MIN <= 0 0 0.4 -0.4 0
PRECIPITATION (INCHES)
RECORD
MAXIMUM 10.55 1940
MINIMUM 0.75 1981
TOTALS 6.02 3.83 2.19 3.32
DAILY AVG. 0.19 0.12 0.07 0.11
DAYS >= .01 13 12.9 0.1 16
DAYS >= .10 8 6.7 1.3 10
DAYS >= .50 4 1.9 2.1 2
DAYS >= 1.00 2 0.8 1.2 0
GREATEST
24 HR. TOTAL 1.97 03/09 TO 03/10 1.18
DEGREE DAYS
HEATING TOTAL 822 1001 -179 947
SINCE 7/1 5314 6196 -882 MM
COOLING TOTAL 0 0 0 0
SINCE 1/1 0 0 0 MM
..............................................................
WIND (MPH)
AVERAGE WIND SPEED 11.6
HIGHEST WIND SPEED/DIRECTION 44/300 DATE 03/11
44/310 03/23
HIGHEST GUST SPEED/DIRECTION 61/320 DATE 03/23
SKY COVER
POSSIBLE SUNSHINE (PERCENT) MM
AVERAGE SKY COVER 0.57
NUMBER OF DAYS FAIR 11
NUMBER OF DAYS PC 7
NUMBER OF DAYS CLOUDY 13
AVERAGE RH (PERCENT) 70
WEATHER CONDITIONS. NUMBER OF DAYS WITH
THUNDERSTORM 0 MIXED PRECIP 0
HEAVY RAIN 3 RAIN 7
LIGHT RAIN 11 FREEZING RAIN 1
LT FREEZING RAIN 2 HEAVY SNOW 2
SNOW 2 LIGHT SNOW 5
SLEET 0 FOG 17
FOG W/VIS <= 1/4 MILE 8 HAZE 0
- INDICATES NEGATIVE NUMBERS.
R INDICATES RECORD WAS SET OR TIED.
MM INDICATES DATA IS MISSING.
T INDICATES TRACE AMOUNT.
$$