000
CXUS51 KLWX 010915
CF6MRB
PRELIMINARY LOCAL CLIMATOLOGICAL DATA (WS FORM: F-6)
STATION: MARTINSBURG WV
MONTH: JANUARY
YEAR: 2024
LATITUDE: 39 24 N
LONGITUDE: 77 58 W
TEMPERATURE IN F: :PCPN: SNOW: WIND :SUNSHINE: SKY :PK WND
================================================================================
1 2 3 4 5 6A 6B 7 8 9 10 11 12 13 14 15 16 17 18
12Z AVG MX 2MIN
DY MAX MIN AVG DEP HDD CDD WTR SNW DPTH SPD SPD DIR MIN PSBL S-S WX SPD DR
================================================================================
1 39 35 37 4 28 0 T M M 6.3 17 290 M M 10 20 310
2 41 24 33 0 32 0 0.00 M M 9.2 21 320 M M 5 25 310
3 45 24 35 2 30 0 0.00 M M 2.2 10 250 M M 0 14 250
4 40 24 32 -1 33 0 0.00 M M 8.7 23 300 M M 6 8 32 300
5 39 15 27 -6 38 0 0.00 M M 2.1 8 140 M M 0 1 10 10
6 32 22 27 -6 38 0 M M M 4.6 16 360 M M 7 126 21 340
7 43 29 36 3 29 0 0.00 M M 7.2 22 280 M M 9 12 31 270
8 41 26 34 2 31 0 0.00 M M 5.2 15 330 M M 6 1 20 290
9 54 28 41 9 24 0 1.84 M M 5.0 18 140 M M 8 1 27 140
10 49 37 43 11 22 0 T M M 16.6 36 270 M M 8 45 260
11 50 32 41 9 24 0 0.00 M M 8.7 17 270 M M 3 23 290
12 46 22 34 2 31 0 0.49 M M 4.8 17 130 M M 3 1 27 120
13 43 29 36 4 29 0 0.00 M M 15.3 39 260 M M 7 12 54 270
14 35 22 29 -3 36 0 T M M 11.1 40 270 M M 2 1 49 270
15 25 22 24 -8 41 0 T M M 0.9 9 270 M M 10 18 11 280
16 26 14 20 -12 45 0 0.05 M M 9.0 24 310 M M 6 18 32 300
17 24 7 16 -16 49 0 0.00 M M 9.1 25 260 M M 1 34 270
18 31 6 19 -13 46 0 0.00 M M 3.1 7 330 M M 4 14 330
19 28 22 25 -7 40 0 0.19 M M 7.6 21 290 M M 8 128 26 290
20 25 16 21 -11 44 0 0.00 M M 14.4 26 290 M M 6 38 280
21 29 9 19 -13 46 0 0.00 M M 12.7 28 310 M M 4 34 310
22 34 2 18 -14 47 0 0.00 M M 2.8 8 140 M M 0 10 140
23 46 18 32 0 33 0 0.00 M M 1.2 8 10 M M 4 18 11 350
24 44 34 39 7 26 0 T M M 1.8 7 360 M M 8 18 10 10
25 53 38 46 14 19 0 0.04 M M 1.0 6 70 M M 8 12 6 70
26 73 45 59 27 6 0 0.01 M M 5.6 20 270 M M 5 12 25 280
27 55 40 48 16 17 0 0.15 M M 3.3 12 40 M M 7 1 15 40
28 45 39 42 10 23 0 1.34 M M 6.7 15 340 M M 10 1 19 330
29 44 36 40 8 25 0 T M M 12.7 22 310 M M 9 33 300
30 41 34 38 6 27 0 0.00 M M 4.4 13 150 M M 10 18 140
31 42 30 36 3 29 0 T M M 1.4 6 40 M M 9 1 9 30
================================================================================
SM 1262 781 988 0 4.11 M 204.7 M 183
================================================================================
AV 40.7 25.2 6.6 FASTST M M 6 MAX(MPH)
MISC ----> 40 270 54 270
================================================================================
NOTES:
# LAST OF SEVERAL OCCURRENCES
COLUMN 17 PEAK WIND IN M.P.H.
PRELIMINARY LOCAL CLIMATOLOGICAL DATA (WS FORM: F-6) , PAGE 2
STATION: MARTINSBURG WV
MONTH: JANUARY
YEAR: 2024
LATITUDE: 39 24 N
LONGITUDE: 77 58 W
[TEMPERATURE DATA] [PRECIPITATION DATA] SYMBOLS USED IN COLUMN 16
AVERAGE MONTHLY: 33.0 TOTAL FOR MONTH: 4.11 1 = FOG OR MIST
DPTR FM NORMAL: 0.6 DPTR FM NORMAL: 1.51 2 = FOG REDUCING VISIBILITY
HIGHEST: 73 ON 26 GRTST 24HR 1.89 ON 9-10 TO 1/4 MILE OR LESS
LOWEST: 2 ON 22 3 = THUNDER
SNOW, ICE PELLETS, HAIL 4 = ICE PELLETS
TOTAL MONTH: M 5 = HAIL
GRTST 24HR M ON M 6 = FREEZING RAIN OR DRIZZLE
GRTST DEPTH: M ON M 7 = DUSTSTORM OR SANDSTORM:
VSBY 1/2 MILE OR LESS
8 = SMOKE OR HAZE
[NO. OF DAYS WITH] [WEATHER - DAYS WITH] 9 = BLOWING SNOW
X = TORNADO
MAX 32 OR BELOW: 8 0.01 INCH OR MORE: 8
MAX 90 OR ABOVE: 0 0.10 INCH OR MORE: 5
MIN 32 OR BELOW: 22 0.50 INCH OR MORE: 2
MIN 0 OR BELOW: 0 1.00 INCH OR MORE: 2
[HDD (BASE 65) ]
TOTAL THIS MO. 988 CLEAR (SCALE 0-3) 6
DPTR FM NORMAL -22 PTCLDY (SCALE 4-7) 16
TOTAL FM JUL 1 2843 CLOUDY (SCALE 8-10) 9
DPTR FM NORMAL -64
[CDD (BASE 65) ]
TOTAL THIS MO. 0
DPTR FM NORMAL 0 [PRESSURE DATA]
TOTAL FM JAN 1 0 HIGHEST SLP 30.62 ON 22
DPTR FM NORMAL 0 LOWEST SLP 29.01 ON 9
[REMARKS]
#FINAL-01-24#