000
CXUS51 KLWX 011905
CF6MRB
PRELIMINARY LOCAL CLIMATOLOGICAL DATA (WS FORM: F-6)
STATION: MARTINSBURG WV
MONTH: MAY
YEAR: 2021
LATITUDE: 39 24 N
LONGITUDE: 77 58 W
TEMPERATURE IN F: :PCPN: SNOW: WIND :SUNSHINE: SKY :PK WND
================================================================================
1 2 3 4 5 6A 6B 7 8 9 10 11 12 13 14 15 16 17 18
12Z AVG MX 2MIN
DY MAX MIN AVG DEP HDD CDD WTR SNW DPTH SPD SPD DIR MIN PSBL S-S WX SPD DR
================================================================================
1 68 43 56 -3 9 0 0.00 M M 9.2 32 310 M M 0 41 310
2 86 45 66 7 0 1 0.00 M M 7.5 21 270 M M 1 26 250
3 74 58 66 7 0 1 1.24 M M 3.7 17 250 M M 7 123 26 110
4 82 62 72 12 0 7 0.03 M M 6.4 17 160 M M 3 1 25 160
5 75 51 63 3 2 0 0.34 M M 9.5 23 320 M M 6 1 29 320
6 64 44 54 -6 11 0 0.00 M M 6.2 16 310 M M 2 24 320
7 58 37 48 -12 17 0 0.01 M M 4.4 18 310 M M 6 1 23 300
8 59 35 47 -13 18 0 0.19 M M 7.6 31 310 M M 5 1 48 310
9 65 37 51 -10 14 0 0.03 M M 5.4 18 130 M M 7 1 25 120
10 64 47 56 -5 9 0 T M M 9.2 21 340 M M 4 1 29 280
11 65 41 53 -8 12 0 0.00 M M 8.1 21 300 M M 4 27 280
12 66 44 55 -7 10 0 0.00 M M 7.2 17 340 M M 2 29 280
13 69 37 53 -9 12 0 0.00 M M 4.7 15 320 M M 3 20 330
14 72 36 54 -8 11 0 0.00 M M 2.0 12 300 M M 1 17 280
15 75 37 56 -6 9 0 0.00 M M 1.3 9 180 M M 0 14 230
16 65 41 53 -9 12 0 T M M 2.2 14 280 M M 5 1 18 280
17 74 39 57 -6 8 0 0.00 M M 2.3 9 150 M M 1 12 17 130
18 79 45 62 -1 3 0 0.00 M M 2.3 9 160 M M 0 1 14 200
19 84 47 66 3 0 1 0.00 M M 2.3 9 90 M M 0 18 16 150
20 86 48 67 3 0 2 0.00 M M 2.7 12 120 M M 0 1 17 120
21 84 52 68 4 0 3 0.00 M M 3.4 9 150 M M 0 12 160
22 87 54 71 7 0 6 0.00 M M 5.2 16 310 M M 0 25 310
23 90 62 76 12 0 11 0.00 M M 9.1 20 310 M M 2 26 320
24 76 56 66 2 0 1 0.58 M M 4.6 13 20 M M 8 1 17 10
25 80 56 68 3 0 3 0.00 M M 3.5 10 150 M M 6 1 15 140
26 90 63 77 12 0 12 0.10 M M 5.9 22 240 M M 3 138 29 240
27 83 61 72 7 0 7 0.00 M M 6.0 16 280 M M 1 20 310
28 71 55 63 -3 2 0 0.55 M M 6.7 13 10 M M 9 1 17 130
29 55 48 52 -14 13 0 0.17 M M 9.2 14 40 M M 10 1 19 40
30 55 45 50 -16 15 0 0.01 M M 7.1 15 310 M M 9 1 19 300
31 74 42 58 -8 7 0 0.00 M M 3.9 17 320 M M 1 21 320
================================================================================
SM 2275 1468 194 55 3.25 M 168.8 M 106
================================================================================
AV 73.4 47.4 5.4 FASTST M M 3 MAX(MPH)
MISC ----> 32 310 48 310
================================================================================
NOTES:
# LAST OF SEVERAL OCCURRENCES
COLUMN 17 PEAK WIND IN M.P.H.
PRELIMINARY LOCAL CLIMATOLOGICAL DATA (WS FORM: F-6) , PAGE 2
STATION: MARTINSBURG WV
MONTH: MAY
YEAR: 2021
LATITUDE: 39 24 N
LONGITUDE: 77 58 W
[TEMPERATURE DATA] [PRECIPITATION DATA] SYMBOLS USED IN COLUMN 16
AVERAGE MONTHLY: 60.4 TOTAL FOR MONTH: 3.25 1 = FOG OR MIST
DPTR FM NORMAL: -2.1 DPTR FM NORMAL: -0.80 2 = FOG REDUCING VISIBILITY
HIGHEST: 90 ON 26,23 GRTST 24HR 1.27 ON 3- 4 TO 1/4 MILE OR LESS
LOWEST: 35 ON 8 3 = THUNDER
SNOW, ICE PELLETS, HAIL 4 = ICE PELLETS
TOTAL MONTH: M 5 = HAIL
GRTST 24HR M ON M 6 = FREEZING RAIN OR DRIZZLE
GRTST DEPTH: M ON M 7 = DUSTSTORM OR SANDSTORM:
VSBY 1/2 MILE OR LESS
8 = SMOKE OR HAZE
[NO. OF DAYS WITH] [WEATHER - DAYS WITH] 9 = BLOWING SNOW
X = TORNADO
MAX 32 OR BELOW: 0 0.01 INCH OR MORE: 11
MAX 90 OR ABOVE: 2 0.10 INCH OR MORE: 7
MIN 32 OR BELOW: 0 0.50 INCH OR MORE: 3
MIN 0 OR BELOW: 0 1.00 INCH OR MORE: 1
[HDD (BASE 65) ]
TOTAL THIS MO. 194 CLEAR (SCALE 0-3) 18
DPTR FM NORMAL 53 PTCLDY (SCALE 4-7) 9
TOTAL FM JUL 1 4719 CLOUDY (SCALE 8-10) 4
DPTR FM NORMAL -209
[CDD (BASE 65) ]
TOTAL THIS MO. 55
DPTR FM NORMAL -9 [PRESSURE DATA]
TOTAL FM JAN 1 71 HIGHEST SLP 30.51 ON 21
DPTR FM NORMAL -6 LOWEST SLP 29.62 ON 3
[REMARKS]
#FINAL-05-21#