000
CXUS54 KHUN 010810
CF6MSL
PRELIMINARY LOCAL CLIMATOLOGICAL DATA (WS FORM: F-6)
STATION: MUSCLE SHOALS
MONTH: JUNE
YEAR: 2023
LATITUDE: 34 45 N
LONGITUDE: 87 37 W
TEMPERATURE IN F: :PCPN: SNOW: WIND :SUNSHINE: SKY :PK WND
================================================================================
1 2 3 4 5 6A 6B 7 8 9 10 11 12 13 14 15 16 17 18
12Z AVG MX 2MIN
DY MAX MIN AVG DEP HDD CDD WTR SNW DPTH SPD SPD DIR MIN PSBL S-S WX SPD DR
================================================================================
1 88 64 76 0 0 11 0.00 0.0 0 4.4 10 120 M M 2 1 15 110
2 91 67 79 3 0 14 0.91 0.0 0 3.5 23 70 M M 3 138 32 60
3 90 62 76 0 0 11 0.00 0.0 0 2.7 12 60 M M 1 12 17 60
4 93 63 78 2 0 13 0.00 0.0 0 2.9 13 60 M M 0 12 20 60
5 92 67 80 4 0 15 0.00 0.0 0 3.4 13 200 M M 1 18 200
6 91 64 78 1 0 13 0.00 0.0 0 2.7 14 290 M M 1 13 18 300
7 92 63 78 1 0 13 0.00 0.0 0 5.1 16 300 M M 2 123 22 310
8 86 65 76 -1 0 11 0.00 0.0 0 3.5 12 80 M M 1 8 22 30
9 88 61 75 -2 0 10 0.00 0.0 0 2.7 9 310 M M 3 14 30
10 89 60 75 -3 0 10 0.18 0.0 0 6.3 25 260 M M 4 13 33 260
11 90 68 79 1 0 14 0.57 0.0 0 9.4 23 260 M M 4 13 32 240
12 79 62 71 -7 0 6 0.00 0.0 0 5.0 15 290 M M 6 1 19 300
13 81 60 71 -7 0 6 0.00 0.0 0 4.6 15 270 M M 2 1 21 220
14 81 68 75 -3 0 10 0.42 0.0 0 3.8 15 240 M M 6 13 21 250
15 84 67 76 -2 0 11 0.01 0.0 0 3.5 17 50 M M 6 13 22 50
16 92 65 79 0 0 14 0.00 0.0 0 4.2 17 280 M M 3 12 24 260
17 92 65 79 0 0 14 T 0.0 0 2.8 10 270 M M 2 14 300
18 86 68 77 -2 0 12 0.28 0.0 0 6.9 18 270 M M 4 138 26 200
19 86 71 79 0 0 14 0.10 0.0 0 8.2 18 280 M M 6 13 26 270
20 84 69 77 -2 0 12 0.06 0.0 0 5.2 15 320 M M 4 13 24 320
21 82 70 76 -4 0 11 0.10 0.0 0 6.3 20 90 M M 7 13 26 100
22 86 67 77 -3 0 12 T 0.0 0 4.7 12 300 M M 7 17 20
23 87 63 75 -5 0 10 0.00 0.0 0 2.4 12 260 M M 2 1 15 260
24 95 66 81 1 0 16 0.00 0.0 0 5.0 15 250 M M 2 1 20 250
25 98 68 83 3 0 18 0.01 0.0 0 9.4 37 270 M M 2 3 50 280
26 94 69 82 2 0 17 0.00 0.0 0 8.5 21 290 M M 0 28 250
27 94 64 79 -1 0 14 0.00 0.0 0 3.2 16 280 M M 0 18 23 300
28 95 65 80 0 0 15 0.00 0.0 0 1.0 13 100 M M 0 1 17 110
29 98 70 84 4 0 19 0.07 0.0 0 5.0 24 50 M M 2 13 43 20
30 100 71 86 5 0 21 T 0.0 0 6.2 21 70 M M 2 18 32 60
================================================================================
SM 2684 1972 0 387 2.71 0.0 142.5 M 85
================================================================================
AV 89.5 65.7 4.8 FASTST M M 3 MAX(MPH)
MISC ----> 37 270 50 280
================================================================================
NOTES:
# LAST OF SEVERAL OCCURRENCES
COLUMN 17 PEAK WIND IN M.P.H.
PRELIMINARY LOCAL CLIMATOLOGICAL DATA (WS FORM: F-6) , PAGE 2
STATION: MUSCLE SHOALS
MONTH: JUNE
YEAR: 2023
LATITUDE: 34 45 N
LONGITUDE: 87 37 W
[TEMPERATURE DATA] [PRECIPITATION DATA] SYMBOLS USED IN COLUMN 16
AVERAGE MONTHLY: 77.6 TOTAL FOR MONTH: 2.71 1 = FOG OR MIST
DPTR FM NORMAL: -0.8 DPTR FM NORMAL: -2.34 2 = FOG REDUCING VISIBILITY
HIGHEST: 100 ON 30 GRTST 24HR 0.91 ON 2- 2 TO 1/4 MILE OR LESS
LOWEST: 60 ON 13,10 3 = THUNDER
SNOW, ICE PELLETS, HAIL 4 = ICE PELLETS
TOTAL MONTH: 0.0 INCH 5 = HAIL
GRTST 24HR 0.0 6 = FREEZING RAIN OR DRIZZLE
GRTST DEPTH: 0 7 = DUSTSTORM OR SANDSTORM:
VSBY 1/2 MILE OR LESS
8 = SMOKE OR HAZE
[NO. OF DAYS WITH] [WEATHER - DAYS WITH] 9 = BLOWING SNOW
X = TORNADO
MAX 32 OR BELOW: 0 0.01 INCH OR MORE: 11
MAX 90 OR ABOVE: 16 0.10 INCH OR MORE: 7
MIN 32 OR BELOW: 0 0.50 INCH OR MORE: 2
MIN 0 OR BELOW: 0 1.00 INCH OR MORE: 0
[HDD (BASE 65) ]
TOTAL THIS MO. 0 CLEAR (SCALE 0-3) 19
DPTR FM NORMAL 0 PTCLDY (SCALE 4-7) 11
TOTAL FM JUL 1 2407 CLOUDY (SCALE 8-10) 0
DPTR FM NORMAL -414
[CDD (BASE 65) ]
TOTAL THIS MO. 387
DPTR FM NORMAL -15 [PRESSURE DATA]
TOTAL FM JAN 1 676 HIGHEST SLP M ON M
DPTR FM NORMAL -32 LOWEST SLP 29.68 ON 11
[REMARKS]
#FINAL-06-23#