000
CXUS53 KMKX 010910
CF6MSN
PRELIMINARY LOCAL CLIMATOLOGICAL DATA (WS FORM: F-6)
STATION: MADISON WI
MONTH: OCTOBER
YEAR: 2020
LATITUDE: 43 7 N
LONGITUDE: 89 20 W
TEMPERATURE IN F: :PCPN: SNOW: WIND :SUNSHINE: SKY :PK WND
================================================================================
1 2 3 4 5 6A 6B 7 8 9 10 11 12 13 14 15 16 17 18
12Z AVG MX 2MIN
DY MAX MIN AVG DEP HDD CDD WTR SNW DPTH SPD SPD DIR MIN PSBL S-S WX SPD DR
================================================================================
1 57 44 51 -3 14 0 0.03 0.0 0 6.9 21 10 M M 8 1 28 320
2 52 31 42 -12 23 0 0.00 0.0 0 2.3 10 20 M M 7 14 360
3 52 35 44 -10 21 0 0.02 0.0 0 4.1 10 340 M M 10 1 17 330
4 53 32 43 -10 22 0 0.00 0.0 0 4.9 15 360 M M 3 1 21 10
5 62 33 48 -5 17 0 0.00 0.0 0 11.2 26 180 M M 1 35 180
6 71 49 60 8 5 0 0.00 0.0 0 5.3 15 300 M M 3 27 270
7 71 43 57 5 8 0 0.00 0.0 0 4.2 16 310 M M 1 27 290
8 66 39 53 1 12 0 0.00 0.0 0 3.4 12 160 M M 1 1 15 160
9 79 50 65 14 0 0 0.00 0.0 0 9.2 20 190 M M 5 33 210
10 72 44 58 7 7 0 0.00 0.0 0 8.4 16 100 M M 0 21 100
11 65 43 54 4 11 0 0.00 0.0 0 8.5 15 150 M M 5 20 110
12 64 40 52 2 13 0 0.26 0.0 0 10.1 23 160 M M 4 13 36 300
13 66 41 54 4 11 0 T 0.0 0 5.8 20 300 M M 3 35 320
14 68 40 54 4 11 0 T 0.0 0 10.7 28 160 M M 7 35 150
15 51 38 45 -4 20 0 0.00 0.0 0 8.8 23 290 M M 5 42 290
16 51 32 42 -7 23 0 0.02 0.0 0 5.9 20 240 M M 4 34 240
17 62 33 48 0 17 0 T 0.0 0 11.5 32 170 M M 8 42 170
18 53 34 44 -4 21 0 0.09 0.0 0 6.2 14 350 M M 8 1 21 350
19 36 27 32 -16 33 0 0.00 0.0 0 5.5 14 30 M M 8 17 40
20 47 27 37 -10 28 0 0.13 0.0 0 6.7 18 120 M M 9 1 22 110
21 55 40 48 1 17 0 0.22 0.0 0 5.6 13 290 M M 9 1 20 290
22 47 39 43 -4 22 0 1.88 0.0 0 9.6 20 20 M M 10 13 27 320
23 42 35 39 -7 26 0 0.71 0.0 0 9.7 18 330 M M 10 1 31 320
24 41 32 37 -9 28 0 0.00 0.0 0 4.4 14 20 M M 9 18 20
25 36 31 34 -12 31 0 0.02 0.1 0 8.3 14 30 M M 10 1 18 30
26 36 28 32 -13 33 0 T T 0 7.2 15 350 M M 8 1 21 340
27 40 29 35 -10 30 0 0.00 0.0 0 4.6 22 240 M M 5 22 240
28 52 30 41 -4 24 0 0.00 0.0 0 6.5 13 340 M M 4 25 240
29 42 32 37 -7 28 0 0.00 0.0 0 11.0 22 30 M M 9 30 30
30 42 27 35 -9 30 0 0.00 0.0 0 5.2 14 10 M M 3 8 18 10
31 58 29 44 1 21 0 0.00 0.0 0 13.9 24 300 M M 3 41 300
================================================================================
SM 1689 1107 607 0 3.38 0.1 225.6 M 180
================================================================================
AV 54.5 35.7 7.3 FASTST M M 6 MAX(MPH)
MISC ----> # 32 170 # 42 290
================================================================================
NOTES:
# LAST OF SEVERAL OCCURRENCES
COLUMN 17 PEAK WIND IN M.P.H.
PRELIMINARY LOCAL CLIMATOLOGICAL DATA (WS FORM: F-6) , PAGE 2
STATION: MADISON WI
MONTH: OCTOBER
YEAR: 2020
LATITUDE: 43 7 N
LONGITUDE: 89 20 W
[TEMPERATURE DATA] [PRECIPITATION DATA] SYMBOLS USED IN COLUMN 16
AVERAGE MONTHLY: 45.1 TOTAL FOR MONTH: 3.38 1 = FOG OR MIST
DPTR FM NORMAL: -3.8 DPTR FM NORMAL: 0.98 2 = FOG REDUCING VISIBILITY
HIGHEST: 79 ON 9 GRTST 24HR 1.88 ON 22-22 TO 1/4 MILE OR LESS
LOWEST: 27 ON 30,20 3 = THUNDER
SNOW, ICE PELLETS, HAIL 4 = ICE PELLETS
TOTAL MONTH: 0.1 INCH 5 = HAIL
GRTST 24HR 0.1 ON 25-25 6 = FREEZING RAIN OR DRIZZLE
GRTST DEPTH: 0 7 = DUSTSTORM OR SANDSTORM:
VSBY 1/2 MILE OR LESS
8 = SMOKE OR HAZE
[NO. OF DAYS WITH] [WEATHER - DAYS WITH] 9 = BLOWING SNOW
X = TORNADO
MAX 32 OR BELOW: 0 0.01 INCH OR MORE: 10
MAX 90 OR ABOVE: 0 0.10 INCH OR MORE: 5
MIN 32 OR BELOW: 13 0.50 INCH OR MORE: 2
MIN 0 OR BELOW: 0 1.00 INCH OR MORE: 1
[HDD (BASE 65) ]
TOTAL THIS MO. 607 CLEAR (SCALE 0-3) 8
DPTR FM NORMAL 102 PTCLDY (SCALE 4-7) 13
TOTAL FM JUL 1 782 CLOUDY (SCALE 8-10) 10
DPTR FM NORMAL 69
[CDD (BASE 65) ]
TOTAL THIS MO. 0
DPTR FM NORMAL -4 [PRESSURE DATA]
TOTAL FM JAN 1 728 HIGHEST SLP 30.39 ON 26
DPTR FM NORMAL 160 LOWEST SLP 29.46 ON 14
[REMARKS]
#FINAL-10-20#