065
CXUS53 KMKX 010910
CF6MSN
PRELIMINARY LOCAL CLIMATOLOGICAL DATA (WS FORM: F-6)
STATION: MADISON WI
MONTH: AUGUST
YEAR: 2020
LATITUDE: 43 7 N
LONGITUDE: 89 20 W
TEMPERATURE IN F: :PCPN: SNOW: WIND :SUNSHINE: SKY :PK WND
================================================================================
1 2 3 4 5 6A 6B 7 8 9 10 11 12 13 14 15 16 17 18
12Z AVG MX 2MIN
DY MAX MIN AVG DEP HDD CDD WTR SNW DPTH SPD SPD DIR MIN PSBL S-S WX SPD DR
================================================================================
1 82 57 70 -1 0 5 0.00 0.0 0 2.6 12 30 M M 6 1 15 20
2 77 59 68 -3 0 3 0.49 0.0 0 8.2 18 10 M M 6 1 25 20
3 66 56 61 -9 4 0 0.00 0.0 0 8.4 16 10 M M 10 21 20
4 71 52 62 -8 3 0 0.00 0.0 0 5.9 16 360 M M 2 20 330
5 77 51 64 -6 1 0 0.00 0.0 0 2.4 12 340 M M 6 18 340
6 80 52 66 -4 0 1 0.00 0.0 0 2.3 10 80 M M 3 1 14 250
7 81 57 69 -1 0 4 0.00 0.0 0 7.9 17 160 M M 4 25 180
8 88 68 78 8 0 13 0.00 0.0 0 9.1 17 180 M M 4 25 170
9 84 69 77 7 0 12 0.42 0.0 0 7.2 25 310 M M 6 13 39 300
10 84 65 75 5 0 10 0.11 0.0 0 4.6 20 300 M M 8 13 37 300
11 82 55 69 -1 0 4 0.00 0.0 0 1.5 8 190 M M 2 1 12 350
12 82 55 69 -1 0 4 0.00 0.0 0 4.5 14 170 M M 2 1 20 170
13 83 57 70 0 0 5 0.00 0.0 0 4.8 16 170 M M 4 21 170
14 86 58 72 2 0 7 0.00 0.0 0 4.6 13 140 M M 1 24 160
15 76 58 67 -3 0 2 0.10 0.0 0 5.2 18 350 M M 5 13 29 350
16 83 54 69 -1 0 4 0.00 0.0 0 4.8 15 330 M M 2 23 320
17 81 57 69 0 0 4 0.01 0.0 0 4.4 13 360 M M 4 1 17 340
18 77 55 66 -3 0 1 0.00 0.0 0 4.6 12 20 M M 2 17 330
19 81 52 67 -2 0 2 0.00 0.0 0 3.4 9 190 M M 1 15 210
20 82 66 74 5 0 9 0.00 0.0 0 5.5 10 230 M M 5 20 210
21 84 58 71 2 0 6 0.00 0.0 0 4.4 17 170 M M 3 21 170
22 83 65 74 5 0 9 0.00 0.0 0 6.6 15 180 M M 7 19 240
23 87 65 76 8 0 11 0.00 0.0 0 2.7 12 170 M M 3 16 180
24 89 68 79 11 0 14 0.29 0.0 0 3.5 31 20 M M 4 13 42 30
25 89 65 77 9 0 12 0.07 0.0 0 7.2 21 80 M M 5 13 29 90
26 90 73 82 14 0 17 0.00 0.0 0 6.6 14 220 M M 0 26 210
27 91 66 79 11 0 14 0.61 0.0 0 7.7 41 360 M M 5 13 55 360
28 87 67 77 9 0 12 0.02 0.0 0 6.1 17 350 M M 6 13 28 350
29 77 55 66 -1 0 1 0.00 0.0 0 7.6 17 340 M M 3 26 350
30 76 49 63 -4 2 0 0.00 0.0 0 5.2 14 140 M M 3 1 19 140
31 74 53 64 -3 1 0 0.76 0.0 0 5.7 23 160 M M 5 13 29 160
================================================================================
SM 2530 1837 11 186 2.88 0.0 165.2 M 127
================================================================================
AV 81.6 59.3 5.3 FASTST M M 4 MAX(MPH)
MISC ----> # 41 360 # 55 360
================================================================================
NOTES:
# LAST OF SEVERAL OCCURRENCES
COLUMN 17 PEAK WIND IN M.P.H.
PRELIMINARY LOCAL CLIMATOLOGICAL DATA (WS FORM: F-6) , PAGE 2
STATION: MADISON WI
MONTH: AUGUST
YEAR: 2020
LATITUDE: 43 7 N
LONGITUDE: 89 20 W
[TEMPERATURE DATA] [PRECIPITATION DATA] SYMBOLS USED IN COLUMN 16
AVERAGE MONTHLY: 70.4 TOTAL FOR MONTH: 2.88 1 = FOG OR MIST
DPTR FM NORMAL: 1.2 DPTR FM NORMAL: -1.39 2 = FOG REDUCING VISIBILITY
HIGHEST: 91 ON 27 GRTST 24HR 0.76 ON 31-31 TO 1/4 MILE OR LESS
LOWEST: 49 ON 30 3 = THUNDER
SNOW, ICE PELLETS, HAIL 4 = ICE PELLETS
TOTAL MONTH: 0.0 INCH 5 = HAIL
GRTST 24HR 0.0 6 = FREEZING RAIN OR DRIZZLE
GRTST DEPTH: 0 7 = DUSTSTORM OR SANDSTORM:
VSBY 1/2 MILE OR LESS
8 = SMOKE OR HAZE
[NO. OF DAYS WITH] [WEATHER - DAYS WITH] 9 = BLOWING SNOW
X = TORNADO
MAX 32 OR BELOW: 0 0.01 INCH OR MORE: 10
MAX 90 OR ABOVE: 2 0.10 INCH OR MORE: 7
MIN 32 OR BELOW: 0 0.50 INCH OR MORE: 2
MIN 0 OR BELOW: 0 1.00 INCH OR MORE: 0
[HDD (BASE 65) ]
TOTAL THIS MO. 11 CLEAR (SCALE 0-3) 11
DPTR FM NORMAL -16 PTCLDY (SCALE 4-7) 19
TOTAL FM JUL 1 11 CLOUDY (SCALE 8-10) 1
DPTR FM NORMAL -26
[CDD (BASE 65) ]
TOTAL THIS MO. 186
DPTR FM NORMAL 29 [PRESSURE DATA]
TOTAL FM JAN 1 712 HIGHEST SLP 30.15 ON 7
DPTR FM NORMAL 199 LOWEST SLP 29.59 ON 28
[REMARKS]
#FINAL-08-20#