000
CXUS55 KMSO 062049
CF6MSO
PRELIMINARY LOCAL CLIMATOLOGICAL DATA (WS FORM: F-6)
STATION: MISSOULA MT
MONTH: MARCH
YEAR: 2023
LATITUDE: 46 55 N
LONGITUDE: 114 5 W
TEMPERATURE IN F: :PCPN: SNOW: WIND :SUNSHINE: SKY :PK WND
================================================================================
1 2 3 4 5 6A 6B 7 8 9 10 11 12 13 14 15 16 17 18
12Z AVG MX 2MIN
DY MAX MIN AVG DEP HDD CDD WTR SNW DPTH SPD SPD DIR MIN PSBL S-S WX SPD DR
================================================================================
1 36 18 27 -6 38 0 T T T 4.5 23 290 M M 4 1 30 280
2 40 28 34 1 31 0 0.05 1.5 T 5.7 24 310 M M 10 12 34 300
3 37 19 28 -5 37 0 T 0.1 2 5.8 22 240 M M 8 30 260
4 39 20 30 -4 35 0 0.00 0.0 T 7.4 17 110 M M 2 22 120
5 33 23 28 -6 37 0 T T T 15.2 24 120 M M 7 8 30 120
6 35 20 28 -6 37 0 0.05 1.1 T 4.3 18 130 M M 8 18 22 130
7 37 22 30 -5 35 0 T T 1 3.7 13 140 M M 5 1 17 150
8 41 15 28 -7 37 0 0.00 0.0 T 8.6 18 100 M M 1 26 70
9 38 19 29 -6 36 0 T T T 12.7 22 100 M M 4 8 30 90
10 39 29 34 -2 31 0 0.07 0.4 0 12.2 28 140 M M 9 128 36 130
11 40 28 34 -2 31 0 0.03 0.3 T 3.2 14 170 M M 9 1 17 140
12 47 26 37 1 28 0 0.03 0.8 1 5.3 16 120 M M 6 12 20 130
13 53 32 43 6 22 0 0.00 0.0 T 9.3 26 260 M M 9 38 250
14 47 32 40 3 25 0 0.04 0.4 0 7.0 26 260 M M 5 1 35 260
15 40 29 35 -2 30 0 0.11 1.4 1 8.6 22 300 M M 8 1 31 320
16 45 23 34 -4 31 0 T T T 2.1 10 10 M M 3 16 20
17 49 20 35 -3 30 0 0.00 0.0 0 2.5 9 90 M M 0 12 100
18 53 21 37 -1 28 0 0.00 0.0 0 3.3 9 340 M M 0 12 310
19 53 21 37 -1 28 0 0.00 0.0 0 2.1 12 10 M M 0 15 10
20 50 25 38 -1 27 0 0.00 0.0 0 5.8 17 100 M M 3 26 80
21 51 29 40 1 25 0 0.00 0.0 0 5.3 15 110 M M 4 19 360
22 54 21 38 -1 27 0 0.00 0.0 0 5.8 16 140 M M 0 22 130
23 51 21 36 -4 29 0 0.05 0.0 0 3.0 18 230 M M 5 1 23 230
24 41 31 36 -4 29 0 T T 0 8.3 26 260 M M 9 1 34 260
25 38 28 33 -7 32 0 0.05 1.4 0 6.3 16 350 M M 10 1 21 10
26 40 25 33 -7 32 0 0.09 0.9 2 7.0 17 340 M M 8 1 22 340
27 46 20 33 -7 32 0 0.00 0.0 T 2.5 13 110 M M 3 14 110
28 48 26 37 -3 28 0 0.00 0.0 0 12.8 23 140 M M 3 28 120
29 45 34 40 -1 25 0 0.05 0.0 0 9.2 20 120 M M 7 1 24 140
30 44 33 39 -2 26 0 0.06 T 0 5.5 12 120 M M 10 12 15 130
31 47 34 41 0 24 0 0.01 T 0 5.4 20 280 M M 10 1 25 240
================================================================================
SM 1357 772 943 0 0.69 8.3 200.4 M 170
================================================================================
AV 43.8 24.9 6.5 FASTST M M 5 MAX(MPH)
MISC ----> 28 140 38 250
================================================================================
NOTES:
# LAST OF SEVERAL OCCURRENCES
COLUMN 17 PEAK WIND IN M.P.H.
PRELIMINARY LOCAL CLIMATOLOGICAL DATA (WS FORM: F-6) , PAGE 2
STATION: MISSOULA MT
MONTH: MARCH
YEAR: 2023
LATITUDE: 46 55 N
LONGITUDE: 114 5 W
[TEMPERATURE DATA] [PRECIPITATION DATA] SYMBOLS USED IN COLUMN 16
AVERAGE MONTHLY: 34.3 TOTAL FOR MONTH: 0.69 1 = FOG OR MIST
DPTR FM NORMAL: -3.1 DPTR FM NORMAL: -0.23 2 = FOG REDUCING VISIBILITY
HIGHEST: 54 ON 22 GRTST 24HR 0.16 ON 14-15 TO 1/4 MILE OR LESS
LOWEST: 15 ON 8 3 = THUNDER
SNOW, ICE PELLETS, HAIL 4 = ICE PELLETS
TOTAL MONTH: 8.3 INCHES 5 = HAIL
GRTST 24HR 1.5 ON 2- 2 6 = FREEZING RAIN OR DRIZZLE
GRTST DEPTH: 2 ON 26, 3 7 = DUSTSTORM OR SANDSTORM:
VSBY 1/2 MILE OR LESS
8 = SMOKE OR HAZE
[NO. OF DAYS WITH] [WEATHER - DAYS WITH] 9 = BLOWING SNOW
X = TORNADO
MAX 32 OR BELOW: 0 0.01 INCH OR MORE: 13
MAX 90 OR ABOVE: 0 0.10 INCH OR MORE: 1
MIN 32 OR BELOW: 28 0.50 INCH OR MORE: 0
MIN 0 OR BELOW: 0 1.00 INCH OR MORE: 0
[HDD (BASE 65) ]
TOTAL THIS MO. 943 CLEAR (SCALE 0-3) 9
DPTR FM NORMAL 86 PTCLDY (SCALE 4-7) 13
TOTAL FM JUL 1 6355 CLOUDY (SCALE 8-10) 9
DPTR FM NORMAL 26
[CDD (BASE 65) ]
TOTAL THIS MO. 0
DPTR FM NORMAL 0 [PRESSURE DATA]
TOTAL FM JAN 1 0 HIGHEST SLP 30.45 ON 17
DPTR FM NORMAL 0 LOWEST SLP 29.29 ON 10
[REMARKS]
#FINAL-03-23#