000
CXUS51 KBTV 010700
CF6MSS
PRELIMINARY LOCAL CLIMATOLOGICAL DATA (WS FORM: F-6)
STATION: MASSENA NY
MONTH: MAY
YEAR: 2020
LATITUDE: 44 55 N
LONGITUDE: 74 51 W
TEMPERATURE IN F: :PCPN: SNOW: WIND :SUNSHINE: SKY :PK WND
================================================================================
1 2 3 4 5 6A 6B 7 8 9 10 11 12 13 14 15 16 17 18
12Z AVG MX 2MIN
DY MAX MIN AVG DEP HDD CDD WTR SNW DPTH SPD SPD DIR MIN PSBL S-S WX SPD DR
================================================================================
1 60 42 51 1 14 0 0.01 M M 8.4 18 300 M M 8 1 25 310
2 M M M M M M 0.00 M M M M M M M M M M
3 M M M M M M 0.00 M M M M M M M M M M
4 51 37 44 -7 21 0 0.00 M M 11.7 20 310 M M 7 26 310
5 53 31 42 -10 23 0 0.00 M M 7.6 17 310 M M 3 24 310
6 57 28 43 -9 22 0 0.00 M M 3.0 13 290 M M 1 16 270
7 62 27 45 -7 20 0 0.03 M M 9.4 26 250 M M 4 37 240
8 43 30 37 -16 28 0 0.01 M M 6.3 20 220 M M 9 18 26 220
9 41 29 35 -18 30 0 T M M 14.5 30 280 M M 8 40 300
10 52 33 43 -10 22 0 T M M 12.7 23 210 M M 8 1 31 220
11 44 35 40 -14 25 0 T M M 5.8 16 220 M M 9 21 210
12 49 30 40 -14 25 0 0.00 M M 8.9 23 250 M M 4 31 240
13 58 24 41 -13 24 0 0.00 M M 9.5 20 230 M M 0 25 270
14 66 32 49 -6 16 0 T M M 6.6 15 250 M M 3 22 230
15 56 46 51 -4 14 0 0.95 M M 5.2 18 20 M M 9 1 23 20
16 61 44 53 -2 12 0 0.00 M M 4.7 13 320 M M 10 1 17 330
17 68 38 53 -3 12 0 0.00 M M 5.1 16 30 M M 2 1 21 50
18 67 45 56 0 9 0 0.00 M M 12.7 22 60 M M 2 27 40
19 68 40 54 -2 11 0 0.00 M M 13.2 25 50 M M 0 30 40
20 76 36 56 0 9 0 0.00 M M 2.7 10 330 M M 0 18 14 360
21 77 42 60 3 5 0 0.00 M M 7.1 16 270 M M 0 21 210
22 82 42 62 5 3 0 0.00 M M 6.8 16 230 M M 0 23 220
23 72 47 60 3 5 0 0.00 M M 12.7 24 40 M M 1 31 30
24 82 48 65 7 0 0 0.00 M M 5.5 12 30 M M 0 15 40
25 75 57 66 8 0 1 T M M 5.7 16 210 M M 5 18 21 190
26 91 55 73 15 0 8 0.00 M M 4.7 16 220 M M 1 1 20 250
27 95 59 77 19 0 12 0.00 M M 5.6 17 280 M M 0 1 23 270
28 84 64 74 15 0 9 T M M 8.4 23 220 M M 4 31 220
29 86 66 76 17 0 11 T M M 12.9 24 220 M M 3 32 230
30 71 46 59 -1 6 0 0.31 M M 12.1 26 260 M M 7 13 34 250
31 55 37 46 -14 19 0 T M M 7.0 17 290 M M 6 25 280
================================================================================
SM 1902 1190 375 41 1.31 M 236.5 M 114
================================================================================
AV 65.6 41.0 8.2 FASTST M M 4 MAX(MPH)
MISC ----> 30 280 40 300
================================================================================
NOTES:
# LAST OF SEVERAL OCCURRENCES
COLUMN 17 PEAK WIND IN M.P.H.
PRELIMINARY LOCAL CLIMATOLOGICAL DATA (WS FORM: F-6) , PAGE 2
STATION: MASSENA NY
MONTH: MAY
YEAR: 2020
LATITUDE: 44 55 N
LONGITUDE: 74 51 W
[TEMPERATURE DATA] [PRECIPITATION DATA] SYMBOLS USED IN COLUMN 16
AVERAGE MONTHLY: 53.3 TOTAL FOR MONTH: 1.31 1 = FOG OR MIST
DPTR FM NORMAL: -1.8 DPTR FM NORMAL: -1.76 2 = FOG REDUCING VISIBILITY
HIGHEST: 95 ON 27 GRTST 24HR 0.95 ON 15-15 TO 1/4 MILE OR LESS
LOWEST: 24 ON 13 3 = THUNDER
SNOW, ICE PELLETS, HAIL 4 = ICE PELLETS
TOTAL MONTH: M 5 = HAIL
GRTST 24HR M ON M 6 = FREEZING RAIN OR DRIZZLE
GRTST DEPTH: M ON M 7 = DUSTSTORM OR SANDSTORM:
VSBY 1/2 MILE OR LESS
8 = SMOKE OR HAZE
[NO. OF DAYS WITH] [WEATHER - DAYS WITH] 9 = BLOWING SNOW
X = TORNADO
MAX 32 OR BELOW: 0 0.01 INCH OR MORE: 5
MAX 90 OR ABOVE: 2 0.10 INCH OR MORE: 2
MIN 32 OR BELOW: 8 0.50 INCH OR MORE: 1
MIN 0 OR BELOW: 0 1.00 INCH OR MORE: 0
[HDD (BASE 65) ]
TOTAL THIS MO. 375 CLEAR (SCALE 0-3) 14
DPTR FM NORMAL 56 PTCLDY (SCALE 4-7) 10
TOTAL FM JUL 1 7670 CLOUDY (SCALE 8-10) 7
DPTR FM NORMAL -430
[CDD (BASE 65) ]
TOTAL THIS MO. 41
DPTR FM NORMAL 28 [PRESSURE DATA]
TOTAL FM JAN 1 41 HIGHEST SLP M ON M
DPTR FM NORMAL 27 LOWEST SLP 29.63 ON 7
[REMARKS]
#FINAL-05-20#