000
CXUS51 KBTV 010800
CF6MVL
PRELIMINARY LOCAL CLIMATOLOGICAL DATA (WS FORM: F-6)
STATION: MORRISVILLE VT
MONTH: NOVEMBER
YEAR: 2023
LATITUDE: 44 31 N
LONGITUDE: 72 37 W
TEMPERATURE IN F: :PCPN: SNOW: WIND :SUNSHINE: SKY :PK WND
================================================================================
1 2 3 4 5 6A 6B 7 8 9 10 11 12 13 14 15 16 17 18
12Z AVG MX 2MIN
DY MAX MIN AVG DEP HDD CDD WTR SNW DPTH SPD SPD DIR MIN PSBL S-S WX SPD DR
================================================================================
1 41 22 32 -8 33 0 0.01 M M 3.1 13 330 M M 7 1 19 310
2 45 25 35 -4 30 0 0.00 M M 5.1 13 200 M M 5 17 200
3 55 31 43 4 22 0 0.00 M M 9.1 20 190 M M 5 27 200
4 52 45 49 10 16 0 0.00 M M 3.8 13 200 M M 9 M M
5 M M M M M M M M M M M M M M 10 M M
6 48 24 36 -2 29 0 0.03 M M 6.5 24 170 M M 8 32 170
7 56 32 44 6 21 0 0.23 M M 9.2 22 320 M M 9 1 34 320
8 36 26 31 -6 34 0 T M M 7.4 20 340 M M 6 29 310
9 38 27 33 -4 32 0 0.27 M M 4.0 10 200 M M 9 16 15 330
10 44 33 39 3 26 0 0.11 M M 5.6 13 180 M M 10 1 17 200
11 37 31 34 -2 31 0 T M M 7.0 16 310 M M 10 22 300
12 33 22 28 -8 37 0 T M M 5.4 13 360 M M 9 17 10
13 35 22 29 -6 36 0 T M M 2.2 9 160 M M 8 1 12 150
14 36 31 34 -1 31 0 T M M 2.3 15 360 M M 10 1 18 360
15 51 27 39 5 26 0 0.00 M M 4.1 13 190 M M 3 1 17 210
16 56 25 41 7 24 0 0.00 M M 1.2 13 200 M M 1 1 17 230
17 63 26 45 11 20 0 0.35 M M 6.8 20 210 M M 4 1 29 200
18 45 23 34 1 31 0 0.09 M M 6.2 16 340 M M 6 1 23 340
19 40 25 33 0 32 0 0.01 M M 5.8 16 330 M M 10 22 330
20 30 14 22 -10 43 0 0.01 M M 4.8 17 330 M M 5 24 320
21 35 12 24 -8 41 0 T M M 5.9 24 190 M M 2 1 33 170
22 39 31 35 3 30 0 0.56 M M 2.7 15 190 M M 10 1 21 160
23 43 34 39 8 26 0 0.02 M M 4.1 13 330 M M 10 1 16 320
24 40 20 30 -1 35 0 0.02 M M 8.8 17 320 M M 5 1 25 340
25 35 12 24 -6 41 0 T M M 2.8 14 320 M M 1 21 330
26 41 16 29 -1 36 0 0.17 M M 3.9 18 200 M M 3 1 26 180
27 39 31 35 5 30 0 0.76 M M 2.9 9 220 M M 10 16 14 210
28 33 20 27 -2 38 0 0.01 M M 5.6 16 160 M M 9 12 20 200
29 27 17 22 -7 43 0 T M M 4.1 10 200 M M 9 1 15 200
30 45 23 34 6 31 0 T M M 6.9 15 200 M M 5 21 200
================================================================================
SM 1218 727 905 0 2.65 M 147.3 M 208
================================================================================
AV 42.0 25.1 5.1 FASTST M M 7 MAX(MPH)
MISC ----> # 24 170 34 320
================================================================================
NOTES:
# LAST OF SEVERAL OCCURRENCES
COLUMN 17 PEAK WIND IN M.P.H.
PRELIMINARY LOCAL CLIMATOLOGICAL DATA (WS FORM: F-6) , PAGE 2
STATION: MORRISVILLE VT
MONTH: NOVEMBER
YEAR: 2023
LATITUDE: 44 31 N
LONGITUDE: 72 37 W
[TEMPERATURE DATA] [PRECIPITATION DATA] SYMBOLS USED IN COLUMN 16
AVERAGE MONTHLY: 33.5 TOTAL FOR MONTH: 2.65 1 = FOG OR MIST
DPTR FM NORMAL: -0.7 DPTR FM NORMAL: -0.10 2 = FOG REDUCING VISIBILITY
HIGHEST: 63 ON 17 GRTST 24HR 0.93 ON 26-27 TO 1/4 MILE OR LESS
LOWEST: 12 ON 25,21 3 = THUNDER
SNOW, ICE PELLETS, HAIL 4 = ICE PELLETS
TOTAL MONTH: M 5 = HAIL
GRTST 24HR M ON M 6 = FREEZING RAIN OR DRIZZLE
GRTST DEPTH: M ON M 7 = DUSTSTORM OR SANDSTORM:
VSBY 1/2 MILE OR LESS
8 = SMOKE OR HAZE
[NO. OF DAYS WITH] [WEATHER - DAYS WITH] 9 = BLOWING SNOW
X = TORNADO
MAX 32 OR BELOW: 2 0.01 INCH OR MORE: 15
MAX 90 OR ABOVE: 0 0.10 INCH OR MORE: 7
MIN 32 OR BELOW: 26 0.50 INCH OR MORE: 2
MIN 0 OR BELOW: 0 1.00 INCH OR MORE: 0
[HDD (BASE 65) ]
TOTAL THIS MO. 905 CLEAR (SCALE 0-3) 4
DPTR FM NORMAL -17 PTCLDY (SCALE 4-7) 12
TOTAL FM JUL 1 1495 CLOUDY (SCALE 8-10) 14
DPTR FM NORMAL -373
[CDD (BASE 65) ]
TOTAL THIS MO. 0
DPTR FM NORMAL 0 [PRESSURE DATA]
TOTAL FM JAN 1 372 HIGHEST SLP 30.62 ON 20
DPTR FM NORMAL 127 LOWEST SLP 29.55 ON 7
[REMARKS]
#FINAL-11-23#