000
CXUS56 KOTX 010910
CF6MWH
PRELIMINARY LOCAL CLIMATOLOGICAL DATA (WS FORM: F-6)
STATION: MOSES LAKE WA AIRPORT
MONTH: JUNE
YEAR: 2022
LATITUDE: 47 12 N
LONGITUDE: 119 19 W
TEMPERATURE IN F: :PCPN: SNOW: WIND :SUNSHINE: SKY :PK WND
================================================================================
1 2 3 4 5 6A 6B 7 8 9 10 11 12 13 14 15 16 17 18
12Z AVG MX 2MIN
DY MAX MIN AVG DEP HDD CDD WTR SNW DPTH SPD SPD DIR MIN PSBL S-S WX SPD DR
================================================================================
1 80 48 64 1 1 0 0.00 M M 7.8 16 90 M M 2 20 70
2 83 55 69 6 0 4 0.16 M M 8.3 24 260 M M 6 1 31 280
3 73 54 64 0 1 0 0.08 M M 6.0 18 290 M M 5 22 300
4 68 52 60 -4 5 0 0.05 M M 9.3 16 170 M M 8 20 130
5 77 55 66 2 0 1 0.29 M M 7.3 20 280 M M 6 13 26 280
6 74 53 64 0 1 0 0.00 M M 9.3 16 270 M M 0 21 260
7 78 46 62 -2 3 0 0.00 M M 4.3 14 140 M M 1 18 150
8 81 59 70 6 0 5 0.00 M M 7.3 15 250 M M 2 20 190
9 74 57 66 1 0 1 T M M 4.1 17 320 M M 7 20 330
10 76 58 67 2 0 2 0.11 M M 8.5 20 170 M M 5 24 160
11 79 58 69 4 0 4 0.02 M M 9.7 20 260 M M 4 24 250
12 71 50 61 -4 4 0 0.28 M M 8.2 20 250 M M 4 1 24 250
13 69 48 59 -7 6 0 0.24 M M 15.1 31 290 M M 7 1 39 300
14 67 46 57 -9 8 0 0.00 M M 12.1 24 250 M M 3 29 260
15 72 43 58 -8 7 0 T M M 6.6 16 120 M M 1 19 120
16 78 56 67 1 0 2 0.02 M M 7.4 16 250 M M 4 22 240
17 75 58 67 1 0 2 0.00 M M 9.8 23 30 M M 3 27 350
18 73 54 64 -3 1 0 0.20 M M 11.6 28 170 M M 7 1 34 170
19 72 54 63 -4 2 0 T M M 5.5 12 130 M M 8 20 250
20 80 52 66 -1 0 1 0.00 M M 8.7 20 180 M M 2 25 180
21 84 51 68 1 0 3 0.00 M M 6.8 18 170 M M 0 24 150
22 88 57 73 5 0 8 0.00 M M 10.1 22 260 M M 0 30 240
23 80 57 69 1 0 4 0.00 M M 9.5 22 350 M M 1 26 300
24 80 55 68 0 0 3 T M M 12.9 26 10 M M 1 35 20
25 88 50 69 1 0 4 0.00 M M 9.4 17 90 M M 0 22 70
26 93 54 74 5 0 9 0.00 M M 7.0 14 70 M M 0 19 140
27 101 57 79 10 0 14 0.00 M M 6.3 15 270 M M 0 19 270
28 89 61 75 6 0 10 T M M 12.9 28 260 M M 0 35 250
29 83 55 69 -1 0 4 0.00 M M 7.6 15 270 M M 1 20 270
30 86 55 71 1 0 6 0.00 M M 6.5 15 360 M M 0 19 350
================================================================================
SM 2372 1608 39 87 1.45 M 255.9 M 88
================================================================================
AV 79.1 53.6 8.5 FASTST M M 3 MAX(MPH)
MISC ----> 31 290 39 300
================================================================================
NOTES:
# LAST OF SEVERAL OCCURRENCES
COLUMN 17 PEAK WIND IN M.P.H.
PRELIMINARY LOCAL CLIMATOLOGICAL DATA (WS FORM: F-6) , PAGE 2
STATION: MOSES LAKE WA AIRPORT
MONTH: JUNE
YEAR: 2022
LATITUDE: 47 12 N
LONGITUDE: 119 19 W
[TEMPERATURE DATA] [PRECIPITATION DATA] SYMBOLS USED IN COLUMN 16
AVERAGE MONTHLY: 66.3 TOTAL FOR MONTH: 1.45 1 = FOG OR MIST
DPTR FM NORMAL: 0.1 DPTR FM NORMAL: 0.72 2 = FOG REDUCING VISIBILITY
HIGHEST: 101 ON 27 GRTST 24HR 0.52 ON 12-13 TO 1/4 MILE OR LESS
LOWEST: 43 ON 15 3 = THUNDER
SNOW, ICE PELLETS, HAIL 4 = ICE PELLETS
TOTAL MONTH: M 5 = HAIL
GRTST 24HR M ON M 6 = FREEZING RAIN OR DRIZZLE
GRTST DEPTH: M ON M 7 = DUSTSTORM OR SANDSTORM:
VSBY 1/2 MILE OR LESS
8 = SMOKE OR HAZE
[NO. OF DAYS WITH] [WEATHER - DAYS WITH] 9 = BLOWING SNOW
X = TORNADO
MAX 32 OR BELOW: 0 0.01 INCH OR MORE: 10
MAX 90 OR ABOVE: 2 0.10 INCH OR MORE: 6
MIN 32 OR BELOW: 0 0.50 INCH OR MORE: 0
MIN 0 OR BELOW: 0 1.00 INCH OR MORE: 0
[HDD (BASE 65) ]
TOTAL THIS MO. 39 CLEAR (SCALE 0-3) 18
DPTR FM NORMAL -19 PTCLDY (SCALE 4-7) 11
TOTAL FM JUL 1 6023 CLOUDY (SCALE 8-10) 1
DPTR FM NORMAL 232
[CDD (BASE 65) ]
TOTAL THIS MO. 87
DPTR FM NORMAL -8 [PRESSURE DATA]
TOTAL FM JAN 1 87 HIGHEST SLP M ON M
DPTR FM NORMAL -36 LOWEST SLP 29.58 ON 12
[REMARKS]
#FINAL-06-22#