000
CXUS54 KLZK 011330
CF6MWT
PRELIMINARY LOCAL CLIMATOLOGICAL DATA (WS FORM: F-6)
STATION: MOUNT IDA
MONTH: DECEMBER
YEAR: 2022
LATITUDE: 34 32 N
LONGITUDE: 93 35 W
TEMPERATURE IN F: :PCPN: SNOW: WIND :SUNSHINE: SKY :PK WND
================================================================================
1 2 3 4 5 6A 6B 7 8 9 10 11 12 13 14 15 16 17 18
12Z AVG MX 2MIN
DY MAX MIN AVG DEP HDD CDD WTR SNW DPTH SPD SPD DIR MIN PSBL S-S WX SPD DR
================================================================================
1 52 26 39 -8 26 0 T M M 2.5 12 110 M M 3 16 100
2 66 43 55 9 10 0 0.10 M M 3.6 13 230 M M 9 1 21 190
3 66 34 50 4 15 0 0.00 0.0 M 3.3 10 310 M M 3 17 340
4 42 33 38 -8 27 0 0.07 M M 0.8 7 80 M M 8 1 10 90
5 58 41 50 4 15 0 0.03 0.0 0 0.8 6 130 M M 10 1 7 110
6 74 53 64 19 1 0 0.02 0.0 0 2.6 8 230 M M 9 1 16 220
7 65 59 62 17 3 0 0.21 0.0 M 1.2 7 110 M M 10 12 8 110
8 64 58 61 16 4 0 0.47 0.0 0 0.4 10 310 M M 10 1 17 320
9 70 53 62 17 3 0 0.00 0.0 M 1.2 7 280 M M 7 12 10 270
10 63 53 58 14 7 0 1.34 0.0 M 1.6 9 320 M M 10 1 15 310
11 53 50 52 8 13 0 0.00 0.0 M 0.9 6 70 M M 10 1 9 30
12 51 47 49 5 16 0 M M M 2.4 7 100 M M 10 1 M M
13 62 48 55 11 10 0 0.95 M M 5.0 15 110 M M 9 12 27 170
14 54 35 45 1 20 0 0.16 0.0 0 1.5 9 120 M M 5 1 15 210
15 51 31 41 -3 24 0 0.00 0.0 M 3.1 14 280 M M 0 23 270
16 46 26 36 -7 29 0 0.00 0.0 M 2.2 10 280 M M 3 17 240
17 47 26 37 -6 28 0 0.00 0.0 M 3.4 15 290 M M 0 26 290
18 54 22 38 -5 27 0 0.00 0.0 M 0.7 7 100 M M 0 11 110
19 45 35 40 -3 25 0 T 0.0 0 3.0 12 110 M M 7 16 120
20 54 29 42 -1 23 0 0.00 0.0 0 1.0 8 320 M M 6 12 320
21 50 25 38 -5 27 0 0.00 0.0 M 1.0 8 110 M M 2 10 100
22 43 3 23 -19 42 0 0.03 M M 6.7 20 280 M M 7 18 31 290
23 20 2 11 -31 54 0 0.00 0.0 M 7.9 15 300 M M 0 22 310
24 34 14 24 -18 41 0 0.00 0.0 M 5.1 12 290 M M 0 20 280
25 46 19 33 -9 32 0 0.00 0.0 M 1.5 8 280 M M 2 13 310
26 55 25 40 -2 25 0 0.00 0.0 M 4.3 14 310 M M 6 22 320
27 46 18 32 -10 33 0 0.00 0.0 M 2.0 9 120 M M 0 13 110
28 64 38 51 9 14 0 0.00 0.0 0 6.2 13 140 M M 5 22 180
29 72 59 66 24 0 1 0.50 0.0 0 5.0 15 190 M M 8 1 24 200
30 63 46 55 13 10 0 0.49 0.0 0 0.7 8 110 M M 6 1 13 110
31 64 47 56 14 9 0 0.00 0.0 M 2.1 12 170 M M 6 12 16 170
================================================================================
SM 1694 1098 613 1 4.37 0.0 83.7 M 171
================================================================================
AV 54.6 35.4 2.7 FASTST M M 6 MAX(MPH)
MISC ----> 20 280 31 290
================================================================================
NOTES:
# LAST OF SEVERAL OCCURRENCES
COLUMN 17 PEAK WIND IN M.P.H.
PRELIMINARY LOCAL CLIMATOLOGICAL DATA (WS FORM: F-6) , PAGE 2
STATION: MOUNT IDA
MONTH: DECEMBER
YEAR: 2022
LATITUDE: 34 32 N
LONGITUDE: 93 35 W
[TEMPERATURE DATA] [PRECIPITATION DATA] SYMBOLS USED IN COLUMN 16
AVERAGE MONTHLY: 45.0 TOTAL FOR MONTH: 4.37 1 = FOG OR MIST
DPTR FM NORMAL: 1.4 DPTR FM NORMAL: -0.45 2 = FOG REDUCING VISIBILITY
HIGHEST: 74 ON 6 GRTST 24HR 1.34 ON 10-10 TO 1/4 MILE OR LESS
LOWEST: 2 ON 23 3 = THUNDER
SNOW, ICE PELLETS, HAIL 4 = ICE PELLETS
TOTAL MONTH: 0.0 INCH 5 = HAIL
GRTST 24HR 0.0 6 = FREEZING RAIN OR DRIZZLE
GRTST DEPTH: 0 7 = DUSTSTORM OR SANDSTORM:
VSBY 1/2 MILE OR LESS
8 = SMOKE OR HAZE
[NO. OF DAYS WITH] [WEATHER - DAYS WITH] 9 = BLOWING SNOW
X = TORNADO
MAX 32 OR BELOW: 1 0.01 INCH OR MORE: 12
MAX 90 OR ABOVE: 0 0.10 INCH OR MORE: 8
MIN 32 OR BELOW: 13 0.50 INCH OR MORE: 3
MIN 0 OR BELOW: 0 1.00 INCH OR MORE: 1
[HDD (BASE 65) ]
TOTAL THIS MO. 613 CLEAR (SCALE 0-3) 11
DPTR FM NORMAL -52 PTCLDY (SCALE 4-7) 10
TOTAL FM JUL 1 1208 CLOUDY (SCALE 8-10) 10
DPTR FM NORMAL -37
[CDD (BASE 65) ]
TOTAL THIS MO. 1
DPTR FM NORMAL -1 [PRESSURE DATA]
TOTAL FM JAN 1 2284 HIGHEST SLP 30.69 ON 23
DPTR FM NORMAL 355 LOWEST SLP 29.62 ON 13
[REMARKS]
#FINAL-12-22#