000
CXUS54 KLZK 101437
CF6MWT
PRELIMINARY LOCAL CLIMATOLOGICAL DATA (WS FORM: F-6)
STATION: MOUNT IDA
MONTH: MARCH
YEAR: 2021
LATITUDE: 34 32 N
LONGITUDE: 93 35 W
TEMPERATURE IN F: :PCPN: SNOW: WIND :SUNSHINE: SKY :PK WND
================================================================================
1 2 3 4 5 6A 6B 7 8 9 10 11 12 13 14 15 16 17 18
12Z AVG MX 2MIN
DY MAX MIN AVG DEP HDD CDD WTR SNW DPTH SPD SPD DIR MIN PSBL S-S WX SPD DR
================================================================================
1 53 34 44 -5 21 0 0.00 0.0 M 1.5 10 140 M M 2 14 140
2 59 32 46 -3 19 0 0.00 0.0 M 1.4 8 130 M M 3 13 20
3 69 29 49 -1 16 0 0.00 0.0 M 1.5 9 270 M M 0 12 290
4 73 32 53 3 12 0 0.00 0.0 M 1.8 12 170 M M 0 17 180
5 56 43 50 0 15 0 0.07 0.0 0 2.4 9 120 M M 7 1 16 90
6 61 30 46 -4 19 0 0.00 0.0 0 1.8 9 140 M M 1 16 120
7 66 29 48 -3 17 0 0.00 0.0 0 1.9 12 140 M M 0 17 140
8 69 31 50 -1 15 0 0.00 0.0 0 2.0 12 180 M M 0 19 240
9 72 58 65 14 0 0 0.00 0.0 0 5.0 14 180 M M 6 24 160
10 71 61 66 14 0 1 T 0.0 0 6.5 15 180 M M 8 1 25 220
11 73 64 69 17 0 4 T 0.0 0 4.3 9 190 M M 10 20 99
12 78 65 72 20 0 7 T 0.0 0 3.4 10 180 M M 6 19 220
13 69 57 63 11 2 0 T 0.0 0 2.9 7 99 M M 8 M M
14 69 49 59 6 6 0 0.86 0.0 0 5.1 14 140 M M 9 1 23 140
15 76 45 61 8 4 0 0.00 0.0 0 2.3 15 230 M M 4 12 23 230
16 77 41 59 6 6 0 0.00 0.0 0 2.1 12 140 M M 1 17 140
17 73 50 62 8 3 0 0.47 0.0 0 8.0 16 310 M M 5 1 32 220
18 50 41 46 -8 19 0 0.00 0.0 0 9.4 20 300 M M 10 31 310
19 65 42 54 0 11 0 0.00 0.0 0 2.8 12 320 M M 4 18 350
20 63 32 48 -6 17 0 0.00 0.0 0 2.0 9 140 M M 0 18 15 40
21 69 36 53 -2 12 0 0.00 0.0 0 4.4 15 130 M M 0 18 19 150
22 66 48 57 2 8 0 0.32 0.0 0 6.0 16 130 M M 4 1 25 140
23 70 47 59 4 6 0 0.48 0.0 0 4.6 15 150 M M 3 1 25 330
24 78 41 60 4 5 0 0.45 0.0 0 2.5 17 310 M M 1 1 31 300
25 66 48 57 1 8 0 0.45 0.0 0 3.8 16 310 M M 6 1 27 310
26 75 42 59 3 6 0 0.00 0.0 0 3.7 10 130 M M 3 12 18 99
27 81 49 65 9 0 0 0.06 0.0 0 1.6 8 320 M M 4 M M
28 71 41 56 -1 9 0 0.00 0.0 0 6.0 13 320 M M 0 8 27 20
29 72 33 53 -4 12 0 0.00 0.0 0 4.4 8 160 M M 0 18 M M
30 62 55 59 2 6 0 0.05 0.0 0 2.8 10 170 M M 6 1 18 170
31 63 37 50 -8 15 0 0.06 0.0 0 5.2 6 99 M M 9 M M
================================================================================
SM 2115 1342 289 12 3.27 0.0 113.1 M 120
================================================================================
AV 68.2 43.3 3.6 FASTST M M 4 MAX(MPH)
MISC ----> 20 300 32 220
================================================================================
NOTES:
# LAST OF SEVERAL OCCURRENCES
COLUMN 17 PEAK WIND IN M.P.H.
PRELIMINARY LOCAL CLIMATOLOGICAL DATA (WS FORM: F-6) , PAGE 2
STATION: MOUNT IDA
MONTH: MARCH
YEAR: 2021
LATITUDE: 34 32 N
LONGITUDE: 93 35 W
[TEMPERATURE DATA] [PRECIPITATION DATA] SYMBOLS USED IN COLUMN 16
AVERAGE MONTHLY: 55.8 TOTAL FOR MONTH: 3.27 1 = FOG OR MIST
DPTR FM NORMAL: 2.5 DPTR FM NORMAL: -1.74 2 = FOG REDUCING VISIBILITY
HIGHEST: 81 ON 27 GRTST 24HR 1.73 ON 28- 1 TO 1/4 MILE OR LESS
LOWEST: 29 ON 3, 7 3 = THUNDER
SNOW, ICE PELLETS, HAIL 4 = ICE PELLETS
TOTAL MONTH: 0.0 INCH 5 = HAIL
GRTST 24HR 0.0 6 = FREEZING RAIN OR DRIZZLE
GRTST DEPTH: 0 7 = DUSTSTORM OR SANDSTORM:
VSBY 1/2 MILE OR LESS
8 = SMOKE OR HAZE
[NO. OF DAYS WITH] [WEATHER - DAYS WITH] 9 = BLOWING SNOW
X = TORNADO
MAX 32 OR BELOW: 0 0.01 INCH OR MORE: 10
MAX 90 OR ABOVE: 0 0.10 INCH OR MORE: 6
MIN 32 OR BELOW: 7 0.50 INCH OR MORE: 1
MIN 0 OR BELOW: 0 1.00 INCH OR MORE: 0
[HDD (BASE 65) ]
TOTAL THIS MO. 289 CLEAR (SCALE 0-3) 14
DPTR FM NORMAL -89 PTCLDY (SCALE 4-7) 13
TOTAL FM JUL 1 2899 CLOUDY (SCALE 8-10) 4
DPTR FM NORMAL 6
[CDD (BASE 65) ]
TOTAL THIS MO. 12
DPTR FM NORMAL -3 [PRESSURE DATA]
TOTAL FM JAN 1 12 HIGHEST SLP 30.48 ON 8
DPTR FM NORMAL -7 LOWEST SLP 29.49 ON 17
[REMARKS]
#FINAL-03-21#