000
CXUS56 KSGX 011045
CF6MYF
PRELIMINARY LOCAL CLIMATOLOGICAL DATA (WS FORM: F-6)
STATION: SAN DIEGO/MONTGOMERY FLD CA
MONTH: JUNE
YEAR: 2021
LATITUDE: 32 49 N
LONGITUDE: 117 9 W
TEMPERATURE IN F: :PCPN: SNOW: WIND :SUNSHINE: SKY :PK WND
================================================================================
1 2 3 4 5 6A 6B 7 8 9 10 11 12 13 14 15 16 17 18
12Z AVG MX 2MIN
DY MAX MIN AVG DEP HDD CDD WTR SNW DPTH SPD SPD DIR MIN PSBL S-S WX SPD DR
================================================================================
1 72 60 66 1 0 1 0.00 M M 5.5 13 260 M M 4 17 250
2 76 58 67 2 0 2 0.00 M M 5.1 13 240 M M 6 18 16 310
3 71 60 66 0 0 1 0.00 M M 5.3 13 180 M M 5 18 220
4 74 60 67 1 0 2 0.00 M M 4.6 13 260 M M 3 17 210
5 74 60 67 1 0 2 0.00 M M 5.1 15 240 M M 5 20 250
6 71 59 65 -1 0 0 0.00 M M 6.0 15 250 M M 8 21 250
7 66 60 63 -3 2 0 T M M 7.6 15 220 M M 10 18 23 200
8 72 60 66 0 0 1 0.00 M M 5.6 15 260 M M 5 19 280
9 74 59 67 1 0 2 0.00 M M 6.6 14 290 M M 2 20 280
10 75 53 64 -2 1 0 0.00 M M 5.1 15 240 M M 0 20 250
11 79 54 67 1 0 2 0.00 M M 4.6 14 300 M M 0 18 300
12 78 56 67 0 0 2 0.00 M M 4.1 12 240 M M 0 16 220
13 82 61 72 5 0 7 0.00 M M 5.4 12 230 M M 2 18 16 290
14 81 59 70 3 0 5 0.00 M M 4.8 10 280 M M 2 128 M M
15 92 63 78 11 0 13 0.00 M M 5.8 15 210 M M 1 1 18 220
16 80 63 72 5 0 7 0.00 M M 4.6 13 190 M M 1 128 16 220
17 79 62 71 3 0 6 0.00 M M 5.2 13 200 M M 5 18 17 240
18 74 64 69 1 0 4 0.00 M M 5.2 13 250 M M 6 18 17 210
19 77 63 70 2 0 5 0.00 M M 4.6 13 230 M M 3 16 230
20 74 62 68 0 0 3 0.00 M M 4.7 13 250 M M 5 18 16 240
21 78 62 70 2 0 5 0.00 M M 5.0 13 300 M M 5 17 240
22 73 64 69 1 0 4 0.00 M M 7.3 14 320 M M 6 17 310
23 78 64 71 2 0 6 0.02 M M 6.5 17 250 M M 5 1 23 240
24 75 63 69 0 0 4 0.00 M M 7.6 15 300 M M 5 18 290
25 77 61 69 0 0 4 0.00 M M 6.6 13 300 M M 5 18 340
26 76 62 69 0 0 4 0.00 M M 4.8 13 210 M M 3 17 240
27 76 63 70 1 0 5 0.00 M M 5.5 14 200 M M 4 18 18 190
28 73 63 68 -2 0 3 0.00 M M 5.3 14 180 M M 8 18 18 210
29 71 64 68 -2 0 3 0.00 M M 5.2 13 220 M M 9 18 17 210
30 76 65 71 1 0 6 0.00 M M 5.2 13 240 M M 7 16 240
================================================================================
SM 2274 1827 3 109 0.02 M 164.5 M 130
================================================================================
AV 75.8 60.9 5.5 FASTST M M 4 MAX(MPH)
MISC ----> 17 250 # 23 200
================================================================================
NOTES:
# LAST OF SEVERAL OCCURRENCES
COLUMN 17 PEAK WIND IN M.P.H.
PRELIMINARY LOCAL CLIMATOLOGICAL DATA (WS FORM: F-6) , PAGE 2
STATION: SAN DIEGO/MONTGOMERY FLD CA
MONTH: JUNE
YEAR: 2021
LATITUDE: 32 49 N
LONGITUDE: 117 9 W
[TEMPERATURE DATA] [PRECIPITATION DATA] SYMBOLS USED IN COLUMN 16
AVERAGE MONTHLY: 68.4 TOTAL FOR MONTH: 0.02 1 = FOG OR MIST
DPTR FM NORMAL: 1.1 DPTR FM NORMAL: -0.04 2 = FOG REDUCING VISIBILITY
HIGHEST: 92 ON 15 GRTST 24HR 0.02 ON 23-23 TO 1/4 MILE OR LESS
LOWEST: 53 ON 10 3 = THUNDER
SNOW, ICE PELLETS, HAIL 4 = ICE PELLETS
TOTAL MONTH: M 5 = HAIL
GRTST 24HR M ON M 6 = FREEZING RAIN OR DRIZZLE
GRTST DEPTH: M ON M 7 = DUSTSTORM OR SANDSTORM:
VSBY 1/2 MILE OR LESS
8 = SMOKE OR HAZE
[NO. OF DAYS WITH] [WEATHER - DAYS WITH] 9 = BLOWING SNOW
X = TORNADO
MAX 32 OR BELOW: 0 0.01 INCH OR MORE: 1
MAX 90 OR ABOVE: 1 0.10 INCH OR MORE: 0
MIN 32 OR BELOW: 0 0.50 INCH OR MORE: 0
MIN 0 OR BELOW: 0 1.00 INCH OR MORE: 0
[HDD (BASE 65) ]
TOTAL THIS MO. 3 CLEAR (SCALE 0-3) 8
DPTR FM NORMAL -11 PTCLDY (SCALE 4-7) 20
TOTAL FM JUL 1 1248 CLOUDY (SCALE 8-10) 2
DPTR FM NORMAL -69
[CDD (BASE 65) ]
TOTAL THIS MO. 109
DPTR FM NORMAL 25 [PRESSURE DATA]
TOTAL FM JAN 1 181 HIGHEST SLP 30.12 ON 9
DPTR FM NORMAL 17 LOWEST SLP 29.69 ON 28
[REMARKS]
#FINAL-06-21#