000
CXUS55 KBOI 011002
CF6MYL
PRELIMINARY LOCAL CLIMATOLOGICAL DATA (WS FORM: F-6)
STATION: MCCALL ID
MONTH: OCTOBER
YEAR: 2021
LATITUDE: 44 52 N
LONGITUDE: 116 6 W
TEMPERATURE IN F: :PCPN: SNOW: WIND :SUNSHINE: SKY :PK WND
================================================================================
1 2 3 4 5 6A 6B 7 8 9 10 11 12 13 14 15 16 17 18
12Z AVG MX 2MIN
DY MAX MIN AVG DEP HDD CDD WTR SNW DPTH SPD SPD DIR MIN PSBL S-S WX SPD DR
================================================================================
1 67 31 49 1 16 0 0.00 M M 2.5 10 290 M M 2 15 270
2 67 32 50 2 15 0 0.00 M M 1.8 13 180 M M 0 1 18 180
3 72 33 53 5 12 0 0.00 M M 2.6 16 190 M M 0 21 180
4 76 34 55 8 10 0 0.00 M M 3.7 18 200 M M 0 23 200
5 72 35 54 7 11 0 T M M 3.4 15 180 M M 1 8 23 200
6 61 40 51 5 14 0 0.00 M M 4.2 17 230 M M 4 24 230
7 54 40 47 1 18 0 0.04 M M 2.7 12 20 M M 8 1 16 190
8 47 40 44 -2 21 0 0.63 M M 2.8 10 330 M M 10 1 13 310
9 53 32 43 -2 22 0 0.00 M M 5.9 15 10 M M 3 23 10
10 53 32 43 -2 22 0 0.01 M M 5.1 20 350 M M 8 30 10
11 39 33 36 -8 29 0 0.00 M M 14.0 25 360 M M 7 40 10
12 43 24 34 -10 31 0 0.00 M M 10.4 20 350 M M 1 29 350
13 40 23 32 -12 33 0 T M M 2.2 10 260 M M 8 14 290
14 42 29 36 -7 29 0 T M M 1.0 10 300 M M 10 15 330
15 53 28 41 -2 24 0 0.00 M M 3.4 17 170 M M 5 1 24 170
16 64 25 45 3 20 0 0.00 M M 2.3 13 200 M M 0 17 180
17 64 27 46 4 19 0 0.00 M M 4.3 16 190 M M 0 8 23 180
18 60 35 48 6 17 0 0.00 M M 5.1 16 280 M M 7 8 21 280
19 61 28 45 4 20 0 0.00 M M 2.5 15 200 M M 0 8 21 230
20 54 37 46 5 19 0 0.01 M M 6.9 29 190 M M 6 37 200
21 62 36 49 8 16 0 0.00 M M 5.3 21 180 M M 4 28 180
22 53 37 45 5 20 0 0.88 M M 5.2 15 250 M M 9 1 22 240
23 43 36 40 0 25 0 0.15 M M 3.3 16 190 M M 10 1 20 190
24 45 38 42 2 23 0 1.01 M M 8.0 20 180 M M 10 1 27 190
25 45 33 39 0 26 0 0.45 M M 6.4 21 200 M M 10 1 29 200
26 42 31 37 -2 28 0 0.06 M M 6.5 20 190 M M 10 128 25 180
27 48 38 43 5 22 0 T M M 6.2 15 280 M M 9 21 220
28 50 39 45 7 20 0 0.02 M M 2.4 12 180 M M 8 1 15 190
29 56 40 48 10 17 0 0.07 M M 5.5 17 190 M M 8 1 25 180
30 52 31 42 5 23 0 0.00 M M 3.7 12 340 M M 2 8 13 20
31 54 29 42 5 23 0 0.06 M M 3.1 17 180 M M 6 13 24 170
================================================================================
SM 1692 1026 645 0 3.39 M 142.4 M 166
================================================================================
AV 54.6 33.1 4.6 FASTST M M 5 MAX(MPH)
MISC ----> 29 190 40 10
================================================================================
NOTES:
# LAST OF SEVERAL OCCURRENCES
COLUMN 17 PEAK WIND IN M.P.H.
PRELIMINARY LOCAL CLIMATOLOGICAL DATA (WS FORM: F-6) , PAGE 2
STATION: MCCALL ID
MONTH: OCTOBER
YEAR: 2021
LATITUDE: 44 52 N
LONGITUDE: 116 6 W
[TEMPERATURE DATA] [PRECIPITATION DATA] SYMBOLS USED IN COLUMN 16
AVERAGE MONTHLY: 43.8 TOTAL FOR MONTH: 3.39 1 = FOG OR MIST
DPTR FM NORMAL: 1.3 DPTR FM NORMAL: 1.79 2 = FOG REDUCING VISIBILITY
HIGHEST: 76 ON 4 GRTST 24HR 1.30 ON 24-25 TO 1/4 MILE OR LESS
LOWEST: 23 ON 13 3 = THUNDER
SNOW, ICE PELLETS, HAIL 4 = ICE PELLETS
TOTAL MONTH: M 5 = HAIL
GRTST 24HR M ON M 6 = FREEZING RAIN OR DRIZZLE
GRTST DEPTH: M ON M 7 = DUSTSTORM OR SANDSTORM:
VSBY 1/2 MILE OR LESS
8 = SMOKE OR HAZE
[NO. OF DAYS WITH] [WEATHER - DAYS WITH] 9 = BLOWING SNOW
X = TORNADO
MAX 32 OR BELOW: 0 0.01 INCH OR MORE: 12
MAX 90 OR ABOVE: 0 0.10 INCH OR MORE: 5
MIN 32 OR BELOW: 14 0.50 INCH OR MORE: 3
MIN 0 OR BELOW: 0 1.00 INCH OR MORE: 1
[HDD (BASE 65) ]
TOTAL THIS MO. 645 CLEAR (SCALE 0-3) 11
DPTR FM NORMAL -53 PTCLDY (SCALE 4-7) 10
TOTAL FM JUL 1 1079 CLOUDY (SCALE 8-10) 10
DPTR FM NORMAL -139
[CDD (BASE 65) ]
TOTAL THIS MO. 0
DPTR FM NORMAL 0 [PRESSURE DATA]
TOTAL FM JAN 1 325 HIGHEST SLP 30.37 ON 16
DPTR FM NORMAL 214 LOWEST SLP 29.47 ON 25
[REMARKS]
#FINAL-10-21#