000
CXUS56 KSTO 011300
CF6MYV
PRELIMINARY LOCAL CLIMATOLOGICAL DATA (WS FORM: F-6)
STATION: MARYSVILLE
MONTH: APRIL
YEAR: 2023
LATITUDE: 39 6 N
LONGITUDE: 121-34 E
TEMPERATURE IN F: :PCPN: SNOW: WIND :SUNSHINE: SKY :PK WND
================================================================================
1 2 3 4 5 6A 6B 7 8 9 10 11 12 13 14 15 16 17 18
12Z AVG MX 2MIN
DY MAX MIN AVG DEP HDD CDD WTR SNW DPTH SPD SPD DIR MIN PSBL S-S WX SPD DR
================================================================================
1 66 42 54 -2 11 0 0.00 M M 9.6 17 160 M M 5 21 150
2 62 46 54 -2 11 0 0.00 M M 12.1 M M M M 5 M M
3 59 38 49 -8 16 0 0.00 M M 12.7 29 320 M M 1 34 310
4 60 35 48 -9 17 0 0.00 M M 5.5 16 320 M M 1 8 24 310
5 64 34 49 -8 16 0 0.00 M M 3.5 10 200 M M 0 14 290
6 66 40 53 -4 12 0 0.04 M M 6.6 14 220 M M 3 20 170
7 61 50 56 -1 9 0 0.19 M M 9.3 18 120 M M 9 1 22 120
8 70 44 57 -1 8 0 0.00 M M 3.5 10 130 M M 5 14 140
9 78 44 61 3 4 0 0.00 M M 3.6 12 310 M M 0 13 310
10 80 49 65 7 0 0 0.00 M M 6.4 18 160 M M 0 23 160
11 75 52 64 6 1 0 0.00 M M 10.8 21 160 M M 2 27 150
12 67 45 56 -2 9 0 0.00 M M 8.0 24 330 M M 0 32 330
13 70 45 58 -1 7 0 0.00 M M 14.5 26 330 M M 0 35 340
14 72 44 58 -1 7 0 0.00 M M 4.7 12 150 M M 0 14 150
15 72 45 59 0 6 0 0.00 M M 6.3 12 150 M M 0 16 140
16 71 47 59 0 6 0 0.00 M M 10.5 17 150 M M 0 23 170
17 65 49 57 -3 8 0 T M M 13.8 23 160 M M 2 27 160
18 62 38 50 -10 15 0 0.00 M M 5.2 15 240 M M 2 21 240
19 66 38 52 -8 13 0 0.00 0.0 M 5.3 15 320 M M 1 18 310
20 75 40 58 -2 7 0 0.00 0.0 M 4.6 13 340 M M 0 23 320
21 84 49 67 6 0 2 0.00 M M 8.1 22 320 M M 0 26 310
22 85 57 71 10 0 6 0.00 M M 7.9 18 340 M M 0 25 330
23 84 52 68 7 0 3 0.00 M M 5.6 12 290 M M 0 13 290
24 82 49 66 4 0 1 0.00 M M 4.1 12 320 M M 0 17 340
25 86 49 68 6 0 3 0.00 M M 9.4 21 330 M M 0 26 320
26 89 46 68 6 0 3 0.00 0.0 M 2.1 8 90 M M 0 10 80
27 91 52 72 10 0 7 0.00 0.0 M 3.1 8 80 M M 0 8 11 240
28 91 55 73 10 0 8 0.00 M M 4.0 10 210 M M 0 14 220
29 90 53 72 9 0 7 0.00 M M 6.4 14 150 M M 0 17 150
30 80 52 66 3 0 1 0.00 M M 14.6 22 170 M M 0 28 170
================================================================================
SM 2223 1379 183 41 0.23 0.0 221.8 M 36
================================================================================
AV 74.1 46.0 7.4 FASTST M M 1 MAX(MPH)
MISC ----> 29 320 35 340
================================================================================
NOTES:
# LAST OF SEVERAL OCCURRENCES
COLUMN 17 PEAK WIND IN M.P.H.
PRELIMINARY LOCAL CLIMATOLOGICAL DATA (WS FORM: F-6) , PAGE 2
STATION: MARYSVILLE
MONTH: APRIL
YEAR: 2023
LATITUDE: 39 6 N
LONGITUDE: 121-34 E
[TEMPERATURE DATA] [PRECIPITATION DATA] SYMBOLS USED IN COLUMN 16
AVERAGE MONTHLY: 60.0 TOTAL FOR MONTH: 0.23 1 = FOG OR MIST
DPTR FM NORMAL: 0.5 DPTR FM NORMAL: -1.17 2 = FOG REDUCING VISIBILITY
HIGHEST: 91 ON 28,27 GRTST 24HR 0.23 ON 6- 7 TO 1/4 MILE OR LESS
LOWEST: 34 ON 5 3 = THUNDER
SNOW, ICE PELLETS, HAIL 4 = ICE PELLETS
TOTAL MONTH: 0.0 INCH 5 = HAIL
GRTST 24HR 0.0 6 = FREEZING RAIN OR DRIZZLE
GRTST DEPTH: M ON M 7 = DUSTSTORM OR SANDSTORM:
VSBY 1/2 MILE OR LESS
8 = SMOKE OR HAZE
[NO. OF DAYS WITH] [WEATHER - DAYS WITH] 9 = BLOWING SNOW
X = TORNADO
MAX 32 OR BELOW: 0 0.01 INCH OR MORE: 2
MAX 90 OR ABOVE: 3 0.10 INCH OR MORE: 1
MIN 32 OR BELOW: 0 0.50 INCH OR MORE: 0
MIN 0 OR BELOW: 0 1.00 INCH OR MORE: 0
[HDD (BASE 65) ]
TOTAL THIS MO. 183 CLEAR (SCALE 0-3) 25
DPTR FM NORMAL -1 PTCLDY (SCALE 4-7) 4
TOTAL FM JUL 1 2410 CLOUDY (SCALE 8-10) 1
DPTR FM NORMAL -85
[CDD (BASE 65) ]
TOTAL THIS MO. 41
DPTR FM NORMAL 22 [PRESSURE DATA]
TOTAL FM JAN 1 41 HIGHEST SLP 30.35 ON 20
DPTR FM NORMAL 21 LOWEST SLP 29.74 ON 30
[REMARKS]
#FINAL-04-23#