000
CXHW50 PHFO 011250
CF6NGF
PRELIMINARY LOCAL CLIMATOLOGICAL DATA (WS FORM: F-6)
STATION: KANEOHE BAY MCAS HI
MONTH: JANUARY
YEAR: 2023
LATITUDE: 21 25 N
LONGITUDE: 157 46 W
TEMPERATURE IN F: :PCPN: SNOW: WIND :SUNSHINE: SKY :PK WND
================================================================================
1 2 3 4 5 6A 6B 7 8 9 10 11 12 13 14 15 16 17 18
12Z AVG MX 2MIN
DY MAX MIN AVG DEP HDD CDD WTR SNW DPTH SPD SPD DIR MIN PSBL S-S WX SPD DR
================================================================================
1 M M M M M M 0.03 M M 3.9 10 90 M M 8 128 M M
2 M M M M M M 0.01 M M 5.1 9 50 M M 8 M M
3 80 73 77 3 0 12 0.01 M M 7.0 14 30 M M 5 22 350
4 77 72 75 1 0 10 1.25 M M 8.5 15 50 M M 10 8 25 60
5 80 75 78 4 0 13 0.02 M M 5.7 12 50 M M 7 M M
6 82 75 79 6 0 14 T M M 7.6 12 60 M M 4 16 80
7 M M M M M M 0.00 M M 4.6 8 50 M M 5 M M
8 M M M M M M 0.00 M M 4.7 12 50 M M 7 M M
9 84 76 80 7 0 15 0.00 M M 4.1 9 300 M M 5 M M
10 82 75 79 6 0 14 0.00 M M 5.8 13 350 M M 4 M M
11 79 72 76 3 0 11 0.00 M M 8.4 17 40 M M 4 M M
12 81 72 77 4 0 12 0.00 M M 5.8 17 40 M M 5 22 40
13 75 73 74 1 0 9 0.00 M M 3.2 10 50 M M 3 M M
14 M M M M M M 0.00 M M 3.2 8 50 M M 3 M M
15 M M M M M M 0.06 M M 7.6 16 120 M M 8 25 120
16 M M M M M M 0.03 M M 2.2 7 100 M M 6 M M
17 87 74 81 8 0 16 0.00 M M 3.6 10 110 M M 2 M M
18 82 66 74 1 0 9 0.00 M M 3.3 9 130 M M 3 M M
19 80 73 77 4 0 12 T M M 2.7 10 30 M M 2 M M
20 81 71 76 3 0 11 0.00 M M 7.5 21 180 M M 2 32 190
21 M M M M M M 0.00 M M 6.0 14 210 M M 3 M M
22 M M M M M M T M M 6.0 12 60 M M 6 18 70
23 82 72 77 4 0 12 0.01 M M 3.2 9 50 M M 4 M M
24 85 75 80 7 0 15 0.01 M M 3.4 10 80 M M 4 M M
25 81 73 77 4 0 12 0.12 M M 8.7 23 20 M M 5 26 20
26 80 73 77 4 0 12 0.00 M M 13.4 16 30 M M 6 25 360
27 80 72 76 3 0 11 0.03 M M 12.8 20 30 M M 9 24 50
28 M M M M M M 0.31 M M 18.4 25 30 M M 10 33 20
29 M M M M M M 0.87 M M 22.4 30 40 M M 10 18 38 40
30 80 72 76 3 0 11 0.49 M M 11.9 22 40 M M 7 1 33 20
31 80 73 77 4 0 12 T M M 4.7 14 50 M M 5 M M
================================================================================
SM 1618 1457 0 243 3.25 M 215.6 M 170
================================================================================
AV 80.9 72.9 7.0 FASTST M M 5 MAX(MPH)
MISC ----> 30 40 38 40
================================================================================
NOTES:
# LAST OF SEVERAL OCCURRENCES
COLUMN 17 PEAK WIND IN M.P.H.
PRELIMINARY LOCAL CLIMATOLOGICAL DATA (WS FORM: F-6) , PAGE 2
STATION: KANEOHE BAY MCAS HI
MONTH: JANUARY
YEAR: 2023
LATITUDE: 21 25 N
LONGITUDE: 157 46 W
[TEMPERATURE DATA] [PRECIPITATION DATA] SYMBOLS USED IN COLUMN 16
AVERAGE MONTHLY: 76.9 TOTAL FOR MONTH: 3.25 1 = FOG OR MIST
DPTR FM NORMAL: 3.6 DPTR FM NORMAL: 0.44 2 = FOG REDUCING VISIBILITY
HIGHEST: 87 ON 17 GRTST 24HR 1.25 ON 4- 4 TO 1/4 MILE OR LESS
LOWEST: 66 ON 18 3 = THUNDER
SNOW, ICE PELLETS, HAIL 4 = ICE PELLETS
TOTAL MONTH: M 5 = HAIL
GRTST 24HR M ON M 6 = FREEZING RAIN OR DRIZZLE
GRTST DEPTH: M ON M 7 = DUSTSTORM OR SANDSTORM:
VSBY 1/2 MILE OR LESS
8 = SMOKE OR HAZE
[NO. OF DAYS WITH] [WEATHER - DAYS WITH] 9 = BLOWING SNOW
X = TORNADO
MAX 32 OR BELOW: 0 0.01 INCH OR MORE: 14
MAX 90 OR ABOVE: 0 0.10 INCH OR MORE: 5
MIN 32 OR BELOW: 0 0.50 INCH OR MORE: 2
MIN 0 OR BELOW: 0 1.00 INCH OR MORE: 1
[HDD (BASE 65) ]
TOTAL THIS MO. 0 CLEAR (SCALE 0-3) 5
DPTR FM NORMAL 0 PTCLDY (SCALE 4-7) 22
TOTAL FM JUL 1 0 CLOUDY (SCALE 8-10) 4
DPTR FM NORMAL 0
[CDD (BASE 65) ]
TOTAL THIS MO. 243
DPTR FM NORMAL -14 [PRESSURE DATA]
TOTAL FM JAN 1 243 HIGHEST SLP M ON M
DPTR FM NORMAL -14 LOWEST SLP 31.99 ON 1
[REMARKS]
#FINAL-01-23#