000
CXHW50 PHFO 011250
CF6NGF
PRELIMINARY LOCAL CLIMATOLOGICAL DATA (WS FORM: F-6)
STATION: KANEOHE BAY MCAS HI
MONTH: NOVEMBER
YEAR: 2023
LATITUDE: 21 25 N
LONGITUDE: 157 46 W
TEMPERATURE IN F: :PCPN: SNOW: WIND :SUNSHINE: SKY :PK WND
================================================================================
1 2 3 4 5 6A 6B 7 8 9 10 11 12 13 14 15 16 17 18
12Z AVG MX 2MIN
DY MAX MIN AVG DEP HDD CDD WTR SNW DPTH SPD SPD DIR MIN PSBL S-S WX SPD DR
================================================================================
1 89 75 82 4 0 17 0.00 M M 3.1 9 40 M M 4 M M
2 90 73 82 4 0 17 0.00 M M 4.8 10 40 M M 4 M M
3 89 75 82 4 0 17 0.00 M M 6.9 14 50 M M 2 22 60
4 90 78 84 6 0 19 0.01 M M 11.3 14 60 M M 6 24 90
5 89 81 85 7 0 20 T M M 14.0 18 70 M M 5 33 50
6 89 76 83 5 0 18 T M M 11.8 17 60 M M 8 1 35 70
7 87 77 82 4 0 17 0.08 M M 12.4 22 80 M M 8 18 39 80
8 89 81 85 8 0 20 0.00 M M 10.5 15 70 M M 4 25 100
9 89 81 85 8 0 20 0.00 M M 12.0 15 80 M M 4 36 70
10 86 79 83 6 0 18 0.05 M M 10.3 14 80 M M 5 1 32 80
11 88 78 83 6 0 18 T M M 11.9 16 80 M M 4 31 60
12 88 78 83 6 0 18 0.04 M M 13.3 18 70 M M 6 33 70
13 88 80 84 7 0 19 0.02 M M 14.0 18 80 M M 4 33 70
14 87 79 83 6 0 18 0.03 M M 18.7 23 50 M M 7 1 40 50
15 84 75 80 3 0 15 0.03 M M 16.3 22 70 M M 6 38 90
16 85 76 81 4 0 16 0.01 M M 12.3 17 50 M M 7 30 70
17 86 76 81 4 0 16 0.02 M M 12.1 16 60 M M 5 24 70
18 86 70 78 1 0 13 0.00 M M 5.4 12 80 M M 4 M M
19 86 77 82 5 0 17 T M M 11.3 21 220 M M 7 32 220
20 82 73 78 2 0 13 1.61 M M 15.2 23 40 M M 10 128 30 50
21 82 76 79 3 0 14 0.15 M M 13.5 17 40 M M 9 1 32 70
22 87 77 82 6 0 17 0.05 M M 10.1 20 70 M M 9 18 32 70
23 87 77 82 6 0 17 T M M 9.1 14 60 M M 7 21 70
24 86 77 82 6 0 17 T M M 7.4 14 110 M M 6 21 110
25 86 75 81 5 0 16 0.00 M M 7.4 12 70 M M 5 22 90
26 84 77 81 5 0 16 0.02 M M 9.8 14 60 M M 4 21 80
27 84 74 79 3 0 14 0.84 M M 8.0 15 70 M M 7 1 23 90
28 87 73 80 4 0 15 0.14 M M 4.3 12 150 M M 4 1 16 150
29 80 73 77 1 0 12 1.85 M M 5.2 10 140 M M 9 1 21 180
30 83 73 78 2 0 13 0.02 M M 4.5 12 140 M M 5 23 140
================================================================================
SM 2593 2290 0 497 4.97 M 306.7 M 175
================================================================================
AV 86.4 76.3 10.2 FASTST M M 6 MAX(MPH)
MISC ----> # 23 50 40 50
================================================================================
NOTES:
# LAST OF SEVERAL OCCURRENCES
COLUMN 17 PEAK WIND IN M.P.H.
PRELIMINARY LOCAL CLIMATOLOGICAL DATA (WS FORM: F-6) , PAGE 2
STATION: KANEOHE BAY MCAS HI
MONTH: NOVEMBER
YEAR: 2023
LATITUDE: 21 25 N
LONGITUDE: 157 46 W
[TEMPERATURE DATA] [PRECIPITATION DATA] SYMBOLS USED IN COLUMN 16
AVERAGE MONTHLY: 81.4 TOTAL FOR MONTH: 4.97 1 = FOG OR MIST
DPTR FM NORMAL: 4.5 DPTR FM NORMAL: 1.29 2 = FOG REDUCING VISIBILITY
HIGHEST: 90 ON 4, 2 GRTST 24HR 1.85 ON 29-29 TO 1/4 MILE OR LESS
LOWEST: 70 ON 18 3 = THUNDER
SNOW, ICE PELLETS, HAIL 4 = ICE PELLETS
TOTAL MONTH: M 5 = HAIL
GRTST 24HR M ON M 6 = FREEZING RAIN OR DRIZZLE
GRTST DEPTH: M ON M 7 = DUSTSTORM OR SANDSTORM:
VSBY 1/2 MILE OR LESS
8 = SMOKE OR HAZE
[NO. OF DAYS WITH] [WEATHER - DAYS WITH] 9 = BLOWING SNOW
X = TORNADO
MAX 32 OR BELOW: 0 0.01 INCH OR MORE: 17
MAX 90 OR ABOVE: 2 0.10 INCH OR MORE: 5
MIN 32 OR BELOW: 0 0.50 INCH OR MORE: 3
MIN 0 OR BELOW: 0 1.00 INCH OR MORE: 2
[HDD (BASE 65) ]
TOTAL THIS MO. 0 CLEAR (SCALE 0-3) 1
DPTR FM NORMAL 0 PTCLDY (SCALE 4-7) 23
TOTAL FM JUL 1 0 CLOUDY (SCALE 8-10) 6
DPTR FM NORMAL 0
[CDD (BASE 65) ]
TOTAL THIS MO. 497
DPTR FM NORMAL 141 [PRESSURE DATA]
TOTAL FM JAN 1 5048 HIGHEST SLP M ON M
DPTR FM NORMAL 1103 LOWEST SLP 31.99 ON 1
[REMARKS]
#FINAL-11-23#