000
CXUS56 KMTR 011814
CF6OAK
PRELIMINARY LOCAL CLIMATOLOGICAL DATA (WS FORM: F-6)
STATION: OAKLAND AIRPORT
MONTH: JUNE
YEAR: 2020
LATITUDE: 37 43 N
LONGITUDE: 122 13 W
TEMPERATURE IN F: :PCPN: SNOW: WIND :SUNSHINE: SKY :PK WND
================================================================================
1 2 3 4 5 6A 6B 7 8 9 10 11 12 13 14 15 16 17 18
12Z AVG MX 2MIN
DY MAX MIN AVG DEP HDD CDD WTR SNW DPTH SPD SPD DIR MIN PSBL S-S WX SPD DR
================================================================================
1 74 58 66 5 0 1 0.00 M M 8.4 20 290 M M 6 22 290
2 88 58 73 12 0 8 0.00 M M 6.4 15 310 M M 2 18 280
3 92 61 77 16 0 12 0.00 M M 7.7 18 310 M M 1 23 310
4 82 58 70 9 0 5 0.00 M M 9.6 21 290 M M 1 24 290
5 68 59 64 3 1 0 0.00 M M 16.9 25 260 M M 6 8 32 260
6 70 58 64 3 1 0 0.00 M M 21.7 30 290 M M 5 35 270
7 69 56 63 2 2 0 0.00 M M 15.9 29 280 M M 1 33 280
8 77 49 63 2 2 0 0.00 M M 9.4 25 280 M M 2 28 280
9 85 53 69 7 0 4 0.00 M M 7.8 20 280 M M 1 22 280
10 81 57 69 7 0 4 0.00 M M 9.1 18 280 M M 4 21 280
11 77 60 69 7 0 4 0.00 M M 8.4 23 260 M M 8 26 260
12 70 60 65 3 0 0 T M M 16.8 26 280 M M 8 32 280
13 71 59 65 3 0 0 0.00 M M 14.3 26 270 M M 4 30 270
14 73 60 67 5 0 2 0.00 M M 9.0 23 290 M M 8 25 290
15 73 59 66 4 0 1 0.00 M M 13.6 32 260 M M 5 37 270
16 75 58 67 5 0 2 0.00 M M 10.0 17 280 M M 2 22 250
17 84 54 69 7 0 4 0.00 M M 6.9 22 270 M M 0 25 270
18 87 56 72 10 0 7 0.00 M M 7.4 21 300 M M 2 26 300
19 74 57 66 3 0 1 0.00 M M 12.1 23 300 M M 3 26 300
20 72 59 66 3 0 1 0.00 M M 9.0 24 290 M M 8 26 290
21 71 60 66 3 0 1 0.00 M M 10.4 23 280 M M 7 26 280
22 73 59 66 3 0 1 0.00 M M 9.4 22 310 M M 5 25 300
23 74 59 67 4 0 2 0.00 M M 10.4 23 310 M M 6 27 310
24 74 59 67 4 0 2 0.00 M M 9.9 21 310 M M 6 24 300
25 71 59 65 2 0 0 0.00 M M 11.3 23 300 M M 5 26 300
26 70 59 65 2 0 0 0.00 M M 11.4 23 300 M M 6 26 300
27 72 59 66 3 0 1 0.00 M M 12.3 22 300 M M 7 26 290
28 69 56 63 0 2 0 0.00 M M 13.1 21 250 M M 5 26 230
29 76 53 65 2 0 0 0.00 M M 9.3 20 290 M M 1 23 290
30 77 56 67 4 0 2 0.00 M M 7.6 20 280 M M 1 8 23 300
================================================================================
SM 2269 1728 8 65 T M 325.5 M 126
================================================================================
AV 75.6 57.6 10.8 FASTST M M 4 MAX(MPH)
MISC ----> 32 260 37 270
================================================================================
NOTES:
# LAST OF SEVERAL OCCURRENCES
COLUMN 17 PEAK WIND IN M.P.H.
PRELIMINARY LOCAL CLIMATOLOGICAL DATA (WS FORM: F-6) , PAGE 2
STATION: OAKLAND AIRPORT
MONTH: JUNE
YEAR: 2020
LATITUDE: 37 43 N
LONGITUDE: 122 13 W
[TEMPERATURE DATA] [PRECIPITATION DATA] SYMBOLS USED IN COLUMN 16
AVERAGE MONTHLY: 66.6 TOTAL FOR MONTH: T 1 = FOG OR MIST
DPTR FM NORMAL: 4.5 DPTR FM NORMAL: -0.18 2 = FOG REDUCING VISIBILITY
HIGHEST: 92 ON 3 GRTST 24HR T ON 12-12 TO 1/4 MILE OR LESS
LOWEST: 49 ON 8 3 = THUNDER
SNOW, ICE PELLETS, HAIL 4 = ICE PELLETS
TOTAL MONTH: M 5 = HAIL
GRTST 24HR M ON M 6 = FREEZING RAIN OR DRIZZLE
GRTST DEPTH: M ON M 7 = DUSTSTORM OR SANDSTORM:
VSBY 1/2 MILE OR LESS
8 = SMOKE OR HAZE
[NO. OF DAYS WITH] [WEATHER - DAYS WITH] 9 = BLOWING SNOW
X = TORNADO
MAX 32 OR BELOW: 0 0.01 INCH OR MORE: 0
MAX 90 OR ABOVE: 1 0.10 INCH OR MORE: 0
MIN 32 OR BELOW: 0 0.50 INCH OR MORE: 0
MIN 0 OR BELOW: 0 1.00 INCH OR MORE: 0
[HDD (BASE 65) ]
TOTAL THIS MO. 8 CLEAR (SCALE 0-3) 12
DPTR FM NORMAL -95 PTCLDY (SCALE 4-7) 18
TOTAL FM JUL 1 1936 CLOUDY (SCALE 8-10) 0
DPTR FM NORMAL -939
[CDD (BASE 65) ]
TOTAL THIS MO. 65
DPTR FM NORMAL 47 [PRESSURE DATA]
TOTAL FM JAN 1 118 HIGHEST SLP 30.21 ON 8
DPTR FM NORMAL 84 LOWEST SLP 29.71 ON 28
[REMARKS]
#FINAL-06-20#