000
CXUS53 KOAX 010930
CF6OAX
PRELIMINARY LOCAL CLIMATOLOGICAL DATA (WS FORM: F-6)
STATION: VALLEY NWS NE
MONTH: MARCH
YEAR: 2023
LATITUDE: 41 19 N
LONGITUDE: 96 22 W
TEMPERATURE IN F: :PCPN: SNOW: WIND :SUNSHINE: SKY :PK WND
================================================================================
1 2 3 4 5 6A 6B 7 8 9 10 11 12 13 14 15 16 17 18
12Z AVG MX 2MIN
DY MAX MIN AVG DEP HDD CDD WTR SNW DPTH SPD SPD DIR MIN PSBL S-S WX SPD DR
================================================================================
1 50 26 38 5 27 0 0.00 0.0 0 M M M M M M 25 M
2 43 24 34 0 31 0 0.00 0.0 0 M M M M M M 20 M
3 53 24 39 5 26 0 0.00 0.0 0 M M M M M M 1 14 M
4 51 31 41 6 24 0 0.00 0.0 0 M M M M M M 22 M
5 62 31 47 12 18 0 T 0.0 0 M M M M M M 25 M
6 41 32 37 1 28 0 0.00 0.0 0 M M M M M M 1 31 M
7 44 33 39 3 26 0 0.00 0.0 0 M M M M M M 23 M
8 38 34 36 -1 29 0 0.05 0.0 0 M M M M M M 18 M
9 37 31 34 -3 31 0 0.07 T 0 M M M M M M 18 M
10 35 30 33 -5 32 0 0.00 0.0 0 M M M M M M 21 M
11 36 31 34 -4 31 0 0.22 T 0 M M M M M M 146 24 M
12 33 23 28 -10 37 0 0.00 0.0 0 M M M M M M 33 M
13 33 21 27 -12 38 0 T T 0 M M M M M M 31 M
14 49 21 35 -4 30 0 0.00 0.0 0 M M M M M M 32 M
15 67 36 52 12 13 0 0.00 0.0 0 M M M M M M 48 M
16 51 24 38 -2 27 0 0.25 0.5 0 M M M M M M 4 52 M
17 38 13 26 -15 39 0 T T T M M M M M M 37 M
18 29 11 20 -21 45 0 0.00 0.0 0 M M M M M M 36 M
19 49 12 31 -11 34 0 0.00 0.0 0 M M M M M M 31 M
20 60 32 46 4 19 0 0.00 0.0 0 M M M M M M 25 M
21 51 33 42 0 23 0 0.00 0.0 0 M M M M M M 1 28 M
22 50 33 42 -1 23 0 T 0.0 0 M M M M M M 12 28 M
23 43 29 36 -7 29 0 T 0.0 0 M M M M M M 22 M
24 56 23 40 -4 25 0 0.00 0.0 0 M M M M M M 16 M
25 56 34 45 1 20 0 0.05 0.0 0 M M M M M M 8 23 M
26 42 26 34 -11 31 0 0.15 1.3 1 M M M M M M 1 28 M
27 42 19 31 -14 34 0 0.00 0.0 T M M M M M M 22 M
28 52 24 38 -7 27 0 0.00 0.0 0 M M M M M M 24 M
29 44 26 35 -11 30 0 0.00 0.0 0 M M M M M M 25 M
30 75 31 53 7 12 0 0.04 0.0 0 M M M M M M 37 M
31 64 32 48 2 17 0 T T 0 M M M M M M 39 M
================================================================================
SM 1474 830 856 0 0.83 1.8 M M M
================================================================================
AV 47.5 26.8 M FASTST M M M MAX(MPH)
MISC ----> M M 52 9999
================================================================================
NOTES:
# LAST OF SEVERAL OCCURRENCES
COLUMN 17 PEAK WIND IN M.P.H.
PRELIMINARY LOCAL CLIMATOLOGICAL DATA (WS FORM: F-6) , PAGE 2
STATION: VALLEY NWS NE
MONTH: MARCH
YEAR: 2023
LATITUDE: 41 19 N
LONGITUDE: 96 22 W
[TEMPERATURE DATA] [PRECIPITATION DATA] SYMBOLS USED IN COLUMN 16
AVERAGE MONTHLY: 37.2 TOTAL FOR MONTH: 0.83 1 = FOG OR MIST
DPTR FM NORMAL: -3.0 DPTR FM NORMAL: -0.95 2 = FOG REDUCING VISIBILITY
HIGHEST: 75 ON 30 GRTST 24HR 0.25 ON 16-16 TO 1/4 MILE OR LESS
LOWEST: 11 ON 18 3 = THUNDER
SNOW, ICE PELLETS, HAIL 4 = ICE PELLETS
TOTAL MONTH: 1.8 INCHES 5 = HAIL
GRTST 24HR 1.3 ON 26-26 6 = FREEZING RAIN OR DRIZZLE
GRTST DEPTH: 1 ON 26 7 = DUSTSTORM OR SANDSTORM:
VSBY 1/2 MILE OR LESS
8 = SMOKE OR HAZE
[NO. OF DAYS WITH] [WEATHER - DAYS WITH] 9 = BLOWING SNOW
X = TORNADO
MAX 32 OR BELOW: 1 0.01 INCH OR MORE: 7
MAX 90 OR ABOVE: 0 0.10 INCH OR MORE: 3
MIN 32 OR BELOW: 25 0.50 INCH OR MORE: 0
MIN 0 OR BELOW: 0 1.00 INCH OR MORE: 0
[HDD (BASE 65) ]
TOTAL THIS MO. 856 CLEAR (SCALE 0-3) 0
DPTR FM NORMAL 84 PTCLDY (SCALE 4-7) 0
TOTAL FM JUL 1 5388 CLOUDY (SCALE 8-10) 31
DPTR FM NORMAL 11
[CDD (BASE 65) ]
TOTAL THIS MO. 0
DPTR FM NORMAL -1 [PRESSURE DATA]
TOTAL FM JAN 1 0 HIGHEST SLP M ON M
DPTR FM NORMAL -1 LOWEST SLP M ON M
[REMARKS]
#FINAL-03-23#