000
CXUS53 KOAX 011300
CLMOAX
CLIMATE REPORT
NATIONAL WEATHER SERVICE OMAHA/VALLEY NE
800 AM CDT MON MAY 01 2023
...................................
...THE VALLEY NWS NE CLIMATE SUMMARY FOR THE MONTH OF APRIL 2023...
CLIMATE NORMAL PERIOD 1991 TO 2020
CLIMATE RECORD PERIOD 1997 TO 2023
WEATHER OBSERVED NORMAL DEPART
VALUE DATE(S) VALUE FROM
NORMAL
................................................
TEMPERATURE (F)
HIGHEST 88 04/13
LOWEST 22 04/06
AVG. MAXIMUM 66.2 62.4 3.8
AVG. MINIMUM 40.4 40.9 -0.5
MEAN 53.3 51.7 1.6
DAYS MAX >= 90 0
DAYS MAX <= 32 0
DAYS MIN <= 32 6
DAYS MIN <= 0 0
PRECIPITATION (INCHES)
TOTALS 1.97 3.11 -1.14
DAYS >= .01 8
DAYS >= .10 6
DAYS >= .50 2
DAYS >= 1.00 0
GREATEST
24 HR. TOTAL 0.65 04/18 TO 04/19
SNOWFALL (INCHES)
TOTALS TR 1.4 -1.4
SINCE 7/1 14.8
DAYS >= 1.0 0
GREATEST
SNOW DEPTH 0
24 HR TOTAL T 04/01 TO 04/01
04/21 TO 04/21
04/22 TO 04/22
DEGREE DAYS
HEATING TOTAL 363 410 -47
SINCE 7/1 5751 5787 -36
COOLING TOTAL 22 10 12
SINCE 1/1 22 11 11
................................................
WIND (MPH)
HIGHEST GUST SPEED/DIRECTION 51/MM
WEATHER CONDITIONS. NUMBER OF DAYS WITH
THUNDERSTORM 5 MIXED PRECIP 0
HEAVY RAIN 1 RAIN 2
LIGHT RAIN 10 FREEZING RAIN 0
LT FREEZING RAIN 0 HAIL 0
HEAVY SNOW 0 SNOW 0
LIGHT SNOW 3 SLEET 0
FOG 0 FOG W/VIS <= 1/4 MILE 0
HAZE 2
- INDICATES NEGATIVE NUMBERS.
R INDICATES RECORD WAS SET OR TIED.
MM INDICATES DATA IS MISSING.
T INDICATES TRACE AMOUNT.
&&
APRIL IN VALLEY WAS WARMER AND DRIER THAN NORMAL. THE MONTH ENDED UP
1.6 DEGREES ABOVE NORMAL FOR AVERAGE TEMPERATURE AND 1.14 INCHES
BELOW NORMAL FOR PRECIPITATION. ONLY A TRACE OF SNOW FELL, WHICH WAS
1.4 INCHES BELOW NORMAL.
$$
DEWALD