000
CXUS53 KGID 012142
CF6ODX
PRELIMINARY LOCAL CLIMATOLOGICAL DATA (WS FORM: F-6)
STATION: ORD NE
MONTH: OCTOBER
YEAR: 2021
LATITUDE: 41 37 N
LONGITUDE: 98 57 W
TEMPERATURE IN F: :PCPN: SNOW: WIND :SUNSHINE: SKY :PK WND
================================================================================
1 2 3 4 5 6A 6B 7 8 9 10 11 12 13 14 15 16 17 18
12Z AVG MX 2MIN
DY MAX MIN AVG DEP HDD CDD WTR SNW DPTH SPD SPD DIR MIN PSBL S-S WX SPD DR
================================================================================
1 65 52 59 2 6 0 T M M 6.2 14 320 M M 10 1 18 340
2 73 45 59 3 6 0 0.00 M M 6.7 21 350 M M 5 1 27 360
3 81 41 61 5 4 0 0.00 M M 2.6 9 280 M M 0 13 270
4 82 41 62 7 3 0 0.00 M M 2.3 12 80 M M 0 15 90
5 78 40 59 4 6 0 0.00 M M 3.2 13 150 M M 0 17 180
6 75 40 58 4 7 0 0.00 M M 6.5 18 140 M M 1 12 27 120
7 80 46 63 9 2 0 0.00 M M 7.1 21 190 M M 2 12 29 150
8 85 45 65 12 0 0 0.00 M M 1.6 9 130 M M 2 128 14 140
9 81 52 67 14 0 2 0.00 M M 5.7 20 300 M M 0 1 30 250
10 70 41 56 4 9 0 0.00 M M 11.0 30 320 M M 1 42 300
11 73 36 55 3 10 0 0.00 M M 5.1 15 330 M M 0 22 330
12 76 39 58 7 7 0 0.07 M M 11.2 28 140 M M 4 3 40 130
13 58 38 48 -3 17 0 0.35 M M 18.7 36 270 M M 3 13 57 260
14 57 30 44 -6 21 0 0.01 M M 4.4 16 300 M M 3 20 310
15 58 30 44 -6 21 0 T M M 8.6 23 300 M M 2 32 300
16 68 26 47 -3 18 0 0.00 M M 4.4 16 310 M M 0 21 310
17 76 30 53 4 12 0 0.00 M M 5.3 20 200 M M 0 27 200
18 74 32 53 5 12 0 0.00 M M 8.0 24 170 M M 0 37 160
19 73 38 56 8 9 0 0.09 M M 6.3 20 340 M M 1 13 26 340
20 50 39 45 -3 20 0 T M M 16.5 26 300 M M 10 1 36 310
21 57 30 44 -3 21 0 0.00 M M 6.8 22 340 M M 3 29 340
22 66 28 47 0 18 0 0.00 M M 4.4 12 70 M M 0 15 90
23 54 30 42 -4 23 0 0.00 M M 8.4 20 110 M M 5 29 100
24 54 42 48 2 17 0 0.00 M M 10.8 20 10 M M 9 1 25 10
25 46 40 43 -2 22 0 0.00 M M 9.2 17 150 M M 10 1 26 140
26 56 44 50 5 15 0 0.27 M M 15.5 25 90 M M 10 13 34 130
27 56 43 50 6 15 0 0.41 M M 15.1 25 340 M M 7 1 35 340
28 60 41 51 7 14 0 0.00 M M 22.8 39 350 M M 0 54 340
29 63 30 47 3 18 0 0.00 M M 4.9 16 320 M M 0 22 320
30 66 29 48 5 17 0 0.00 M M 13.9 32 340 M M 0 45 350
31 45 35 40 -3 25 0 0.00 M M 7.4 15 10 M M 8 22 360
================================================================================
SM 2056 1173 395 2 1.20 M 260.6 M 96
================================================================================
AV 66.3 37.8 8.4 FASTST M M 3 MAX(MPH)
MISC ----> 39 350 57 260
================================================================================
NOTES:
# LAST OF SEVERAL OCCURRENCES
COLUMN 17 PEAK WIND IN M.P.H.
PRELIMINARY LOCAL CLIMATOLOGICAL DATA (WS FORM: F-6) , PAGE 2
STATION: ORD NE
MONTH: OCTOBER
YEAR: 2021
LATITUDE: 41 37 N
LONGITUDE: 98 57 W
[TEMPERATURE DATA] [PRECIPITATION DATA] SYMBOLS USED IN COLUMN 16
AVERAGE MONTHLY: 52.1 TOTAL FOR MONTH: 1.20 1 = FOG OR MIST
DPTR FM NORMAL: 2.5 DPTR FM NORMAL: -0.71 2 = FOG REDUCING VISIBILITY
HIGHEST: 85 ON 8 GRTST 24HR 0.68 ON 26-27 TO 1/4 MILE OR LESS
LOWEST: 26 ON 16 3 = THUNDER
SNOW, ICE PELLETS, HAIL 4 = ICE PELLETS
TOTAL MONTH: M 5 = HAIL
GRTST 24HR M ON M 6 = FREEZING RAIN OR DRIZZLE
GRTST DEPTH: M ON M 7 = DUSTSTORM OR SANDSTORM:
VSBY 1/2 MILE OR LESS
8 = SMOKE OR HAZE
[NO. OF DAYS WITH] [WEATHER - DAYS WITH] 9 = BLOWING SNOW
X = TORNADO
MAX 32 OR BELOW: 0 0.01 INCH OR MORE: 6
MAX 90 OR ABOVE: 0 0.10 INCH OR MORE: 3
MIN 32 OR BELOW: 10 0.50 INCH OR MORE: 0
MIN 0 OR BELOW: 0 1.00 INCH OR MORE: 0
[HDD (BASE 65) ]
TOTAL THIS MO. 395 CLEAR (SCALE 0-3) 20
DPTR FM NORMAL -90 PTCLDY (SCALE 4-7) 5
TOTAL FM JUL 1 449 CLOUDY (SCALE 8-10) 6
DPTR FM NORMAL -178
[CDD (BASE 65) ]
TOTAL THIS MO. 2
DPTR FM NORMAL -4 [PRESSURE DATA]
TOTAL FM JAN 1 1031 HIGHEST SLP 30.41 ON 31
DPTR FM NORMAL 192 LOWEST SLP 29.35 ON 13
[REMARKS]
#FINAL-10-21#