000
CXUS52 KCAE 011400
CF6OGB
PRELIMINARY LOCAL CLIMATOLOGICAL DATA (WS FORM: F-6)
STATION: ORANGEBURG AIRPORT SC
MONTH: JUNE
YEAR: 2023
LATITUDE: 33 27 N
LONGITUDE: 80 51 W
TEMPERATURE IN F: :PCPN: SNOW: WIND :SUNSHINE: SKY :PK WND
================================================================================
1 2 3 4 5 6A 6B 7 8 9 10 11 12 13 14 15 16 17 18
12Z AVG MX 2MIN
DY MAX MIN AVG DEP HDD CDD WTR SNW DPTH SPD SPD DIR MIN PSBL S-S WX SPD DR
================================================================================
1 83 63 73 -3 0 8 0.00 M M 5.8 14 20 M M 0 1 19 20
2 83 64 74 -2 0 9 0.00 M M 6.1 16 20 M M 4 22 40
3 89 64 77 1 0 12 0.00 M M 4.2 14 20 M M 1 1 19 30
4 78 63 71 -6 0 6 0.00 M M 7.2 17 40 M M 3 23 20
5 81 58 70 -7 0 5 0.00 M M 2.8 8 310 M M 2 12 100
6 90 62 76 -1 0 11 0.07 M M 6.6 17 260 M M 3 13 22 260
7 91 65 78 1 0 13 0.03 M M 5.3 25 230 M M 1 3 33 240
8 81 63 72 -6 0 7 0.00 M M 3.4 13 10 M M 3 15 10
9 83 60 72 -6 0 7 0.00 M M 3.8 12 350 M M 3 1 14 350
10 86 55 71 -7 0 6 0.00 M M 2.4 13 230 M M 0 1 15 230
11 87 62 75 -3 0 10 2.53 M M 6.0 22 320 M M 5 123 27 290
12 88 68 78 0 0 13 0.02 M M 9.5 22 240 M M 4 18 29 280
13 87 69 78 -1 0 13 T M M 9.2 22 250 M M 1 29 250
14 82 66 74 -5 0 9 0.13 M M 9.3 20 310 M M 4 3 30 310
15 84 67 76 -3 0 11 T M M 9.1 20 240 M M 4 1 25 250
16 89 67 78 -1 0 13 0.00 M M 7.2 18 250 M M 4 22 250
17 89 67 78 -1 0 13 0.00 M M 1.9 8 200 M M 0 12 100
18 92 70 81 2 0 16 T M M 5.1 15 250 M M 2 12 20 260
19 81 72 77 -3 0 12 1.07 M M 5.9 21 280 M M 7 123 27 280
20 83 69 76 -4 0 11 2.83 M M 6.1 21 200 M M 9 13 26 200
21 82 69 76 -4 0 11 1.12 M M 4.3 28 180 M M 8 138 39 190
22 78 70 74 -6 0 9 1.70 M M 6.5 15 200 M M 10 13 19 220
23 84 69 77 -3 0 12 0.04 M M 4.6 13 210 M M 6 13 15 200
24 88 68 78 -2 0 13 0.00 M M 6.5 20 270 M M 2 12 25 260
25 92 68 80 0 0 15 0.00 M M 4.0 13 230 M M 1 1 16 230
26 90 70 80 -1 0 15 0.00 M M 8.8 21 220 M M 1 13 26 210
27 92 71 82 1 0 17 M M M 8.1 20 270 M M 1 138 26 240
28 91 70 81 0 0 16 0.00 M M 3.7 10 20 M M 1 8 14 300
29 93 71 82 1 0 17 0.00 M M 1.5 7 160 M M 2 1 10 120
30 90 72 81 0 0 16 0.00 M M 4.9 13 220 M M 2 18 16 160
================================================================================
SM 2587 1992 0 346 9.54 M 169.8 M 94
================================================================================
AV 86.2 66.4 5.7 FASTST M M 3 MAX(MPH)
MISC ----> 28 180 39 190
================================================================================
NOTES:
# LAST OF SEVERAL OCCURRENCES
COLUMN 17 PEAK WIND IN M.P.H.
PRELIMINARY LOCAL CLIMATOLOGICAL DATA (WS FORM: F-6) , PAGE 2
STATION: ORANGEBURG AIRPORT SC
MONTH: JUNE
YEAR: 2023
LATITUDE: 33 27 N
LONGITUDE: 80 51 W
[TEMPERATURE DATA] [PRECIPITATION DATA] SYMBOLS USED IN COLUMN 16
AVERAGE MONTHLY: 76.3 TOTAL FOR MONTH: 9.54 1 = FOG OR MIST
DPTR FM NORMAL: -2.6 DPTR FM NORMAL: 4.87 2 = FOG REDUCING VISIBILITY
HIGHEST: 93 ON 29 GRTST 24HR 3.55 ON 20-21 TO 1/4 MILE OR LESS
LOWEST: 55 ON 10 3 = THUNDER
SNOW, ICE PELLETS, HAIL 4 = ICE PELLETS
TOTAL MONTH: M 5 = HAIL
GRTST 24HR M ON M 6 = FREEZING RAIN OR DRIZZLE
GRTST DEPTH: M ON M 7 = DUSTSTORM OR SANDSTORM:
VSBY 1/2 MILE OR LESS
8 = SMOKE OR HAZE
[NO. OF DAYS WITH] [WEATHER - DAYS WITH] 9 = BLOWING SNOW
X = TORNADO
MAX 32 OR BELOW: 0 0.01 INCH OR MORE: 10
MAX 90 OR ABOVE: 9 0.10 INCH OR MORE: 6
MIN 32 OR BELOW: 0 0.50 INCH OR MORE: 5
MIN 0 OR BELOW: 0 1.00 INCH OR MORE: 5
[HDD (BASE 65) ]
TOTAL THIS MO. 0 CLEAR (SCALE 0-3) 17
DPTR FM NORMAL 0 PTCLDY (SCALE 4-7) 11
TOTAL FM JUL 1 1760 CLOUDY (SCALE 8-10) 2
DPTR FM NORMAL -436
[CDD (BASE 65) ]
TOTAL THIS MO. 346
DPTR FM NORMAL -70 [PRESSURE DATA]
TOTAL FM JAN 1 690 HIGHEST SLP 30.08 ON 30
DPTR FM NORMAL -72 LOWEST SLP 29.64 ON 7
[REMARKS]
#FINAL-06-23#