000
CXUS52 KCAE 011914
CLMOGB
CLIMATE REPORT
NATIONAL WEATHER SERVICE COLUMBIA SC
214 PM EST THU FEB 01 2024
...................................
...THE ORANGEBURG AIRPORT SC CLIMATE SUMMARY FOR THE MONTH OF JANUARY 2024...
CLIMATE NORMAL PERIOD: 1991 TO 2020
CLIMATE RECORD PERIOD: 9999 TO 9999
WEATHER OBSERVED NORMAL DEPART LAST YEAR`S
VALUE DATE(S) VALUE FROM VALUE
NORMAL
..............................................................
TEMPERATURE (F)
HIGHEST 82 01/26 MM MM
LOWEST 21 01/21 MM MM
AVG. MAXIMUM 61.6 57.8 3.8
AVG. MINIMUM 39.5 36.9 2.6
MEAN 50.5 47.3 3.2
DAYS MAX >= 90 0 0.0 0.0
DAYS MAX <= 32 0 0.3 -0.3
DAYS MIN <= 32 7 12.2 -5.2
DAYS MIN <= 0 0 0.0 0.0
PRECIPITATION (INCHES)
TOTALS 3.22 3.63 -0.41
DAYS >= .01 9 10.2 -1.2
DAYS >= .10 3 5.3 -2.3
DAYS >= .50 2 2.1 -0.1
DAYS >= 1.00 1 0.4 0.6
GREATEST
24 HR. TOTAL 2.01 01/09 TO 01/09
DAYS >= TRACE MM
DEGREE DAYS
HEATING TOTAL 461 551 -90
SINCE 7/1 1105 1408 -303
COOLING TOTAL 20 4 16
SINCE 1/1 20 4 16
..............................................................
WIND (MPH)
AVERAGE WIND SPEED 6.9
RESULTANT WIND SPEED/DIRECTION 3/260
HIGHEST WIND SPEED/DIRECTION 38/260 DATE 01/09
HIGHEST GUST SPEED/DIRECTION 58/170 DATE 01/09
SKY COVER
POSSIBLE SUNSHINE (PERCENT) MM
AVERAGE SKY COVER 0.30
NUMBER OF DAYS FAIR 21
NUMBER OF DAYS PC 5
NUMBER OF DAYS CLOUDY 5
AVERAGE RH (PERCENT) 65
WEATHER CONDITIONS. NUMBER OF DAYS WITH
THUNDERSTORM 1 MIXED PRECIP 0
HEAVY RAIN 3 RAIN 2
LIGHT RAIN 14 FREEZING RAIN 0
LT FREEZING RAIN 0 HAIL 0
HEAVY SNOW 0 SNOW 0
LIGHT SNOW 0 SLEET 0
FOG 13 FOG W/VIS <= 1/4 MILE 2
HAZE 2
- INDICATES NEGATIVE NUMBERS.
R INDICATES RECORD WAS SET OR TIED.
MM INDICATES DATA IS MISSING.
T INDICATES TRACE AMOUNT.
$$