000
CXHW52 PHFO 011250
CF6OGG
PRELIMINARY LOCAL CLIMATOLOGICAL DATA (WS FORM: F-6)
STATION: KAHULUI HI
MONTH: NOVEMBER
YEAR: 2023
LATITUDE: 20 53 N
LONGITUDE: 156 26 W
TEMPERATURE IN F: :PCPN: SNOW: WIND :SUNSHINE: SKY :PK WND
================================================================================
1 2 3 4 5 6A 6B 7 8 9 10 11 12 13 14 15 16 17 18
12Z AVG MX 2MIN
DY MAX MIN AVG DEP HDD CDD WTR SNW DPTH SPD SPD DIR MIN PSBL S-S WX SPD DR
================================================================================
1 87 65 76 -2 0 11 0.00 M M 5.9 17 30 M M 1 17 30
2 88 65 77 -1 0 12 0.00 M M 7.1 14 30 M M 2 18 40
3 86 66 76 -2 0 11 0.01 M M 12.0 22 30 M M 4 1 25 40
4 89 73 81 3 0 16 0.00 M M 17.8 29 40 M M 2 41 50
5 88 73 81 3 0 16 T M M 17.6 32 40 M M 3 43 40
6 89 76 83 5 0 18 0.00 M M 20.2 35 80 M M 1 8 45 80
7 86 71 79 1 0 14 0.02 M M 14.5 30 70 M M 4 1 40 70
8 89 66 78 0 0 13 0.00 M M 8.6 23 70 M M 2 32 30
9 90 64 77 -1 0 12 0.00 M M 13.5 28 70 M M 1 40 70
10 89 64 77 -1 0 12 0.00 M M 11.8 26 70 M M 2 35 50
11 87 73 80 2 0 15 0.00 M M 19.0 30 70 M M 2 42 70
12 86 73 80 3 0 15 T M M 19.5 36 70 M M 2 48 70
13 87 73 80 3 0 15 0.01 M M 16.7 26 50 M M 2 37 40
14 83 71 77 0 0 12 0.16 M M 17.5 23 40 M M 7 1 37 50
15 81 69 75 -2 0 10 0.04 M M 13.2 28 40 M M 4 1 34 40
16 82 67 75 -2 0 10 0.02 M M 12.4 28 40 M M 3 1 33 40
17 83 70 77 0 0 12 T M M 14.5 25 40 M M 2 30 40
18 86 60 73 -4 0 8 0.00 M M 5.5 15 30 M M 1 18 30
19 84 66 75 -2 0 10 0.00 M M 14.3 29 190 M M 3 35 210
20 81 64 73 -4 0 8 0.25 M M 11.3 24 40 M M 6 18 31 20
21 85 71 78 1 0 13 0.03 M M 14.7 28 40 M M 5 1 35 40
22 87 69 78 1 0 13 T M M 10.2 22 40 M M 4 1 26 40
23 89 66 78 2 0 13 0.00 M M 9.6 23 60 M M 1 31 60
24 89 65 77 1 0 12 0.00 M M 6.2 22 40 M M 2 29 30
25 88 64 76 0 0 11 0.00 M M 9.7 22 40 M M 2 26 40
26 83 72 78 2 0 13 T M M 14.6 29 40 M M 4 35 50
27 82 70 76 0 0 11 T M M 9.4 24 30 M M 3 32 40
28 83 64 74 -2 0 9 0.00 M M 5.6 14 40 M M 3 17 40
29 86 65 76 0 0 11 0.32 M M 5.6 13 190 M M 5 1 16 360
30 81 70 76 0 0 11 0.04 M M 5.5 17 340 M M 3 23 10
================================================================================
SM 2574 2045 0 367 0.90 M 364.0 M 86
================================================================================
AV 85.8 68.2 12.1 FASTST M M 3 MAX(MPH)
MISC ----> 36 70 48 70
================================================================================
NOTES:
# LAST OF SEVERAL OCCURRENCES
COLUMN 17 PEAK WIND IN M.P.H.
PRELIMINARY LOCAL CLIMATOLOGICAL DATA (WS FORM: F-6) , PAGE 2
STATION: KAHULUI HI
MONTH: NOVEMBER
YEAR: 2023
LATITUDE: 20 53 N
LONGITUDE: 156 26 W
[TEMPERATURE DATA] [PRECIPITATION DATA] SYMBOLS USED IN COLUMN 16
AVERAGE MONTHLY: 77.0 TOTAL FOR MONTH: 0.90 1 = FOG OR MIST
DPTR FM NORMAL: -0.1 DPTR FM NORMAL: -0.91 2 = FOG REDUCING VISIBILITY
HIGHEST: 90 ON 9 GRTST 24HR 0.32 ON 29-29 TO 1/4 MILE OR LESS
LOWEST: 60 ON 18 3 = THUNDER
SNOW, ICE PELLETS, HAIL 4 = ICE PELLETS
TOTAL MONTH: M 5 = HAIL
GRTST 24HR M ON M 6 = FREEZING RAIN OR DRIZZLE
GRTST DEPTH: M ON M 7 = DUSTSTORM OR SANDSTORM:
VSBY 1/2 MILE OR LESS
8 = SMOKE OR HAZE
[NO. OF DAYS WITH] [WEATHER - DAYS WITH] 9 = BLOWING SNOW
X = TORNADO
MAX 32 OR BELOW: 0 0.01 INCH OR MORE: 10
MAX 90 OR ABOVE: 1 0.10 INCH OR MORE: 3
MIN 32 OR BELOW: 0 0.50 INCH OR MORE: 0
MIN 0 OR BELOW: 0 1.00 INCH OR MORE: 0
[HDD (BASE 65) ]
TOTAL THIS MO. 0 CLEAR (SCALE 0-3) 17
DPTR FM NORMAL 0 PTCLDY (SCALE 4-7) 13
TOTAL FM JUL 1 0 CLOUDY (SCALE 8-10) 0
DPTR FM NORMAL 0
[CDD (BASE 65) ]
TOTAL THIS MO. 367
DPTR FM NORMAL 4 [PRESSURE DATA]
TOTAL FM JAN 1 4024 HIGHEST SLP 30.17 ON 16
DPTR FM NORMAL -100 LOWEST SLP 29.80 ON 29
[REMARKS]
#FINAL-11-23#