000
CXUS53 KEAX 011600
CLMOJC
CLIMATE REPORT
NATIONAL WEATHER SERVICE KANSAS CITY/PLEASANT HILL MO
952 AM CST FRI DEC 01 2023
...................................
...THE JOHNSON COUNTY EXECUTIVE KS CLIMATE SUMMARY FOR THE MONTH OF NOVEMBER 2023...
CLIMATE NORMAL PERIOD: 1991 TO 2020
CLIMATE RECORD PERIOD: 9999 TO 9999
WEATHER OBSERVED NORMAL DEPART LAST YEAR`S
VALUE DATE(S) VALUE FROM VALUE DATE(S)
NORMAL
................................................................
TEMPERATURE (F)
HIGHEST 76 11/07 73 3 78 11/01
LOWEST 19 11/27 18 1 17 11/13
11/28
11/18
11/20
AVG. MAXIMUM 56.3 53.1 3.2 52.9
AVG. MINIMUM 36.1 34.8 1.3 31.9
MEAN 46.2 44.0 2.2 42.4
DAYS MAX >= 90 0 0.0 0.0 0
DAYS MAX <= 32 0 1.0 -1.0 2
DAYS MIN <= 32 10 11.8 -1.8 18
DAYS MIN <= 0 0 0.0 0.0 0
PRECIPITATION (INCHES)
TOTALS 1.43 2.03 -0.60 5.27
DAILY AVG. 0.05 0.07 -0.02 0.18
DAYS >= .01 5 6.0 -1.0 10
DAYS >= .10 4 3.4 0.6 5
DAYS >= .50 1 1.1 -0.1 3
DAYS >= 1.00 0 0.5 -0.5 2
GREATEST
24 HR. TOTAL 0.85 11/19 TO 11/20
DEGREE DAYS
HEATING TOTAL 556 632 -76 672
SINCE 7/1 801 970 -169 MM
COOLING TOTAL 0 1 -1 2
SINCE 1/1 1774 1351 423 MM
................................................................
WIND (MPH)
AVERAGE WIND SPEED 7.4
HIGHEST WIND SPEED/DIRECTION 23/010 DATE 11/17
HIGHEST GUST SPEED/DIRECTION 32/210 DATE 11/02
32/330 11/21
SKY COVER
POSSIBLE SUNSHINE (PERCENT) MM
AVERAGE SKY COVER 0.21
NUMBER OF DAYS FAIR 23
NUMBER OF DAYS PC 5
NUMBER OF DAYS CLOUDY 2
AVERAGE RH (PERCENT) 63
WEATHER CONDITIONS. NUMBER OF DAYS WITH
THUNDERSTORM 0 MIXED PRECIP 0
HEAVY RAIN 1 RAIN 2
LIGHT RAIN 4 FREEZING RAIN 0
LT FREEZING RAIN 0 HAIL 0
HEAVY SNOW 0 SNOW 0
LIGHT SNOW 2 SLEET 0
FOG 7 FOG W/VIS <= 1/4 MILE 0
HAZE 0
- INDICATES NEGATIVE NUMBERS.
R INDICATES RECORD WAS SET OR TIED.
MM INDICATES DATA IS MISSING.
T INDICATES TRACE AMOUNT.
$$