000
CXUS53 KEAX 010902 RRA
CLSOJC
CLIMATE REPORT
NATIONAL WEATHER SERVICE
256 AM CST WED DEC 01 2021
...................................
...THE JOHNSON COUNTY EXECUTIVE KS CLIMATE SUMMARY FOR THE SEASON, FROM
9/1/2021 TO 11/30/2021...
CLIMATE NORMAL PERIOD: 1991 TO 2020
CLIMATE RECORD PERIOD: 9999 TO 9999
WEATHER OBSERVED NORMAL DEPART LAST YEAR`S
VALUE DATE(S) VALUE FROM VALUE DATE(S)
NORMAL
................................................................
TEMPERATURE (F)
HIGHEST 91 09/26 92 -1 92 09/07
LOWEST 22 11/25 18 4 21 11/13
11/26
11/30
AVG. MAXIMUM 70.2 65.9 4.3 66.8
AVG. MINIMUM 50.1 46.8 3.3 46.2
MEAN 60.2 56.3 3.9 56.5
DAYS MAX >= 90 3 2.9 0.1 2
DAYS MAX <= 32 0 1.0 -1.0 0
DAYS MIN <= 32 10 13.6 -3.6 17
DAYS MIN <= 0 0 0.0 0.0 0
PRECIPITATION (INCHES)
TOTALS 9.33 8.58 0.75 4.43
DAILY AVG. 0.10 0.09 0.01 0.05
DAYS >= .01 19 23.1 -4.1 MM
DAYS >= .10 13 14.0 -1.0 MM
DAYS >= .50 8 5.5 2.5 MM
DAYS >= 1.00 4 2.5 1.5 MM
GREATEST
24 HR. TOTAL 2.38
DEGREE DAYS
HEATING TOTAL 723 968 -245 916
COOLING TOTAL 303 180 123 164
................................................................
WIND (MPH)
AVERAGE WIND SPEED 8.0
HIGHEST WIND SPEED/DIRECTION 30/190 DATE 11/10
HIGHEST GUST SPEED/DIRECTION 47/190 DATE 11/10
SKY COVER
POSSIBLE SUNSHINE (PERCENT) MM
AVERAGE SKY COVER 0.25
NUMBER OF DAYS FAIR 64
NUMBER OF DAYS PC 19
NUMBER OF DAYS CLOUDY 8
AVERAGE RH (PERCENT) 65
WEATHER CONDITIONS. NUMBER OF DAYS WITH
THUNDERSTORM 10 MIXED PRECIP 0
HEAVY RAIN 12 RAIN 12
LIGHT RAIN 21 FREEZING RAIN 0
LT FREEZING RAIN 0 HAIL 0
HEAVY SNOW 0 SNOW 0
LIGHT SNOW 1 SLEET 0
FOG 20 FOG W/VIS <= 1/4 MILE 1
HAZE 5
- INDICATES NEGATIVE NUMBERS.
R INDICATES RECORD WAS SET OR TIED.
MM INDICATES DATA IS MISSING.
T INDICATES TRACE AMOUNT.
$$