000
CXUS56 KSGX 011145
CF6OKB
PRELIMINARY LOCAL CLIMATOLOGICAL DATA (WS FORM: F-6)
STATION: OCEANSIDE AIRPORT CA
MONTH: DECEMBER
YEAR: 2022
LATITUDE: 33 13 N
LONGITUDE: 117 21 W
TEMPERATURE IN F: :PCPN: SNOW: WIND :SUNSHINE: SKY :PK WND
================================================================================
1 2 3 4 5 6A 6B 7 8 9 10 11 12 13 14 15 16 17 18
12Z AVG MX 2MIN
DY MAX MIN AVG DEP HDD CDD WTR SNW DPTH SPD SPD DIR MIN PSBL S-S WX SPD DR
================================================================================
1 63 50 57 3 8 0 0.00 M M 2.9 10 230 M M 7 14 230
2 67 47 57 3 8 0 0.00 M M 3.7 14 290 M M 5 17 290
3 68 42 55 1 10 0 0.00 M M 2.2 12 270 M M 2 12 14 270
4 65 40 53 -1 12 0 0.00 M M 2.7 12 250 M M 5 128 14 250
5 65 44 55 2 10 0 T M M 3.5 15 260 M M 4 1 20 260
6 63 39 51 -2 14 0 0.01 M M 3.0 12 260 M M 2 1 14 260
7 64 40 52 -1 13 0 0.00 M M 3.3 12 260 M M 2 1 16 260
8 63 37 50 -3 15 0 0.00 M M 4.9 17 270 M M 0 1 22 270
9 62 33 48 -5 17 0 0.00 M M 2.6 12 250 M M 0 18 15 240
10 64 34 49 -4 16 0 0.00 M M 3.3 12 240 M M 2 18 15 240
11 58 44 51 -2 14 0 0.64 M M 5.5 21 230 M M 9 18 29 240
12 48 45 47 -6 18 0 0.33 M M 3.5 9 340 M M 9 1 M M
13 M M M M M M 0.00 M M M M M M M M M M
14 M M M M M M 0.00 M M M M M M M M M M
15 61 35 48 -5 17 0 0.00 M M 2.6 10 270 M M 0 1 13 250
16 68 38 53 0 12 0 0.00 M M 3.2 14 290 M M 0 1 16 290
17 65 35 50 -3 15 0 0.00 M M 3.9 12 290 M M 0 14 280
18 64 36 50 -3 15 0 0.00 M M 2.5 12 240 M M 0 1 13 250
19 63 33 48 -5 17 0 0.00 M M 3.5 12 260 M M 0 1 14 260
20 64 35 50 -3 15 0 0.00 M M 3.1 10 250 M M 0 18 13 240
21 69 33 51 -2 14 0 0.00 M M 3.2 14 280 M M 0 18 18 280
22 69 35 52 -1 13 0 0.00 M M 2.1 10 250 M M 0 18 12 250
23 63 35 49 -4 16 0 0.00 M M 2.9 12 260 M M 4 128 13 250
24 68 38 53 0 12 0 0.00 M M 2.7 12 240 M M 3 128 13 240
25 77 40 59 6 6 0 0.00 M M 3.1 14 290 M M 0 1 17 300
26 77 42 60 7 5 0 0.00 M M 2.4 10 240 M M 0 12 240
27 64 42 53 0 12 0 0.33 M M 2.7 10 270 M M 4 18 13 290
28 64 52 58 5 7 0 0.29 M M 2.7 12 230 M M 7 1 15 220
29 61 50 56 3 9 0 T M M 3.6 10 200 M M 8 1 16 230
30 63 54 59 6 6 0 T M M 2.9 9 250 M M 10 18 13 230
31 61 56 59 6 6 0 0.44 M M 5.1 23 180 M M 10 18 32 180
================================================================================
SM 1871 1184 352 0 2.04 M 93.3 M 93
================================================================================
AV 64.5 40.8 3.2 FASTST M M 3 MAX(MPH)
MISC ----> 23 180 32 180
================================================================================
NOTES:
# LAST OF SEVERAL OCCURRENCES
COLUMN 17 PEAK WIND IN M.P.H.
PRELIMINARY LOCAL CLIMATOLOGICAL DATA (WS FORM: F-6) , PAGE 2
STATION: OCEANSIDE AIRPORT CA
MONTH: DECEMBER
YEAR: 2022
LATITUDE: 33 13 N
LONGITUDE: 117 21 W
[TEMPERATURE DATA] [PRECIPITATION DATA] SYMBOLS USED IN COLUMN 16
AVERAGE MONTHLY: 52.7 TOTAL FOR MONTH: 2.04 1 = FOG OR MIST
DPTR FM NORMAL: -0.2 DPTR FM NORMAL: 0.06 2 = FOG REDUCING VISIBILITY
HIGHEST: 77 ON 26,25 GRTST 24HR 0.64 ON 11-11 TO 1/4 MILE OR LESS
LOWEST: 33 ON 21,19 3 = THUNDER
SNOW, ICE PELLETS, HAIL 4 = ICE PELLETS
TOTAL MONTH: M 5 = HAIL
GRTST 24HR M ON M 6 = FREEZING RAIN OR DRIZZLE
GRTST DEPTH: M ON M 7 = DUSTSTORM OR SANDSTORM:
VSBY 1/2 MILE OR LESS
8 = SMOKE OR HAZE
[NO. OF DAYS WITH] [WEATHER - DAYS WITH] 9 = BLOWING SNOW
X = TORNADO
MAX 32 OR BELOW: 0 0.01 INCH OR MORE: 6
MAX 90 OR ABOVE: 0 0.10 INCH OR MORE: 5
MIN 32 OR BELOW: 0 0.50 INCH OR MORE: 1
MIN 0 OR BELOW: 0 1.00 INCH OR MORE: 0
[HDD (BASE 65) ]
TOTAL THIS MO. 352 CLEAR (SCALE 0-3) 16
DPTR FM NORMAL -22 PTCLDY (SCALE 4-7) 9
TOTAL FM JUL 1 662 CLOUDY (SCALE 8-10) 6
DPTR FM NORMAL -28
[CDD (BASE 65) ]
TOTAL THIS MO. 0
DPTR FM NORMAL 0 [PRESSURE DATA]
TOTAL FM JAN 1 872 HIGHEST SLP 30.31 ON 8
DPTR FM NORMAL 363 LOWEST SLP 29.80 ON 31
[REMARKS]
#FINAL-12-22#