000
CXUS53 KARX 012354
CF6OLZ
PRELIMINARY LOCAL CLIMATOLOGICAL DATA (WS FORM: F-6)
STATION: OELWEIN IA
MONTH: AUGUST
YEAR: 2023
LATITUDE: 42 40 N
LONGITUDE: 91 58 W
TEMPERATURE IN F: :PCPN: SNOW: WIND :SUNSHINE: SKY :PK WND
================================================================================
1 2 3 4 5 6A 6B 7 8 9 10 11 12 13 14 15 16 17 18
12Z AVG MX 2MIN
DY MAX MIN AVG DEP HDD CDD WTR SNW DPTH SPD SPD DIR MIN PSBL S-S WX SPD DR
================================================================================
1 82 61 72 M 0 7 0.00 0.0 0 5.9 10 140 M M 2 8 13 170
2 77 64 71 M 0 6 0.00 0.0 0 5.2 8 140 M M 5 1 12 160
3 84 64 74 M 0 9 0.00 0.0 0 1.1 6 220 M M 5 2 M M
4 86 64 75 M 0 10 0.00 0.0 0 4.9 10 120 M M 3 12 18 120
5 82 63 73 M 0 8 0.00 0.0 0 7.3 14 90 M M 2 21 90
6 72 64 68 M 0 3 0.04 0.0 0 6.0 9 120 M M 7 1 14 120
7 79 63 71 M 0 6 0.00 0.0 0 6.8 12 10 M M 5 1 16 330
8 81 57 69 M 0 4 0.00 0.0 0 3.4 9 280 M M 1 1 13 290
9 77 57 67 M 0 2 M 0.0 0 3.5 7 180 M M 1 18 13 130
10 84 57 71 M 0 6 0.00 0.0 0 5.6 12 300 M M 2 12 16 250
11 86 63 75 M 0 10 0.65 0.0 0 7.9 15 250 M M 5 13 35 150
12 82 61 72 M 0 7 0.00 0.0 0 7.8 17 300 M M 1 24 290
13 72 59 66 M 0 1 0.02 0.0 0 4.7 10 50 M M 5 15 50
14 73 57 65 M 0 0 0.11 0.0 0 8.8 17 20 M M 7 1 25 20
15 77 52 65 M 0 0 0.00 0.0 0 7.0 12 10 M M 1 16 350
16 81 54 68 M 0 3 0.00 0.0 0 10.9 18 190 M M 1 28 200
17 73 55 64 M 1 0 0.00 0.0 0 11.3 18 330 M M 3 29 320
18 77 48 63 M 2 0 0.00 0.0 0 5.9 12 190 M M 0 1 17 160
19 88 61 75 M 0 10 0.00 0.0 0 8.3 17 170 M M 2 22 180
20 90 72 81 M 0 16 0.00 0.0 0 6.1 12 50 M M 2 1 16 40
21 88 70 79 M 0 14 0.00 0.0 0 7.2 10 130 M M 2 15 130
22 91 66 79 M 0 14 0.00 0.0 0 8.8 14 180 M M 0 1 20 180
23 100 75 88 M 0 23 0.00 0.0 0 9.3 16 230 M M 2 1 22 250
24 95 75 85 M 0 20 0.00 0.0 0 7.2 14 300 M M 1 17 260
25 84 70 77 M 0 12 0.16 0.0 0 4.7 8 280 M M 3 1 12 290
26 77 63 70 M 0 5 0.00 0.0 0 8.1 14 40 M M 3 22 40
27 75 55 65 M 0 0 0.00 0.0 0 3.4 8 120 M M 3 13 99
28 82 54 68 M 0 3 0.00 0.0 0 5.8 8 210 M M 0 16 99
29 81 59 70 M 0 5 0.00 0.0 0 7.6 16 360 M M 1 23 330
30 77 54 66 M 0 1 0.00 0.0 0 6.4 12 50 M M 0 15 99
31 77 48 63 M 2 0 0.00 0.0 0 7.7 10 130 M M 0 16 170
================================================================================
SM 2530 1885 5 205 0.98 0.0 204.6 M 75
================================================================================
AV 81.6 60.8 6.6 FASTST M M 2 MAX(MPH)
MISC ----> # 18 190 35 150
================================================================================
NOTES:
# LAST OF SEVERAL OCCURRENCES
COLUMN 17 PEAK WIND IN M.P.H.
PRELIMINARY LOCAL CLIMATOLOGICAL DATA (WS FORM: F-6) , PAGE 2
STATION: OELWEIN IA
MONTH: AUGUST
YEAR: 2023
LATITUDE: 42 40 N
LONGITUDE: 91 58 W
[TEMPERATURE DATA] [PRECIPITATION DATA] SYMBOLS USED IN COLUMN 16
AVERAGE MONTHLY: 71.2 TOTAL FOR MONTH: 0.98 1 = FOG OR MIST
DPTR FM NORMAL: 0.0 DPTR FM NORMAL: M 2 = FOG REDUCING VISIBILITY
HIGHEST: 100 ON 23 GRTST 24HR 0.65 ON 11-11 TO 1/4 MILE OR LESS
LOWEST: 48 ON 31,18 3 = THUNDER
SNOW, ICE PELLETS, HAIL 4 = ICE PELLETS
TOTAL MONTH: 0.0 INCH 5 = HAIL
GRTST 24HR 0.0 6 = FREEZING RAIN OR DRIZZLE
GRTST DEPTH: 0 7 = DUSTSTORM OR SANDSTORM:
VSBY 1/2 MILE OR LESS
8 = SMOKE OR HAZE
[NO. OF DAYS WITH] [WEATHER - DAYS WITH] 9 = BLOWING SNOW
X = TORNADO
MAX 32 OR BELOW: 0 0.01 INCH OR MORE: 5
MAX 90 OR ABOVE: 4 0.10 INCH OR MORE: 3
MIN 32 OR BELOW: 0 0.50 INCH OR MORE: 1
MIN 0 OR BELOW: 0 1.00 INCH OR MORE: 0
[HDD (BASE 65) ]
TOTAL THIS MO. 5 CLEAR (SCALE 0-3) 23
DPTR FM NORMAL M PTCLDY (SCALE 4-7) 8
TOTAL FM JUL 1 16 CLOUDY (SCALE 8-10) 0
DPTR FM NORMAL M
[CDD (BASE 65) ]
TOTAL THIS MO. 205
DPTR FM NORMAL M [PRESSURE DATA]
TOTAL FM JAN 1 633 HIGHEST SLP M ON M
DPTR FM NORMAL M LOWEST SLP M ON M
[REMARKS]
#FINAL-08-23#