000
CXUS53 KOAX 010930
CF6OMA
PRELIMINARY LOCAL CLIMATOLOGICAL DATA (WS FORM: F-6)
STATION: OMAHA NE
MONTH: OCTOBER
YEAR: 2022
LATITUDE: 41 17 N
LONGITUDE: 95 54 W
TEMPERATURE IN F: :PCPN: SNOW: WIND :SUNSHINE: SKY :PK WND
================================================================================
1 2 3 4 5 6A 6B 7 8 9 10 11 12 13 14 15 16 17 18
12Z AVG MX 2MIN
DY MAX MIN AVG DEP HDD CDD WTR SNW DPTH SPD SPD DIR MIN PSBL S-S WX SPD DR
================================================================================
1 80 53 67 6 0 2 0.00 0.0 0 11.0 20 160 M M 6 25 160
2 79 53 66 5 0 1 T 0.0 0 9.1 18 140 M M 6 8 23 150
3 82 52 67 7 0 2 0.00 0.0 0 10.9 20 160 M M 6 24 140
4 82 54 68 8 0 3 T 0.0 0 8.1 18 320 M M 8 22 320
5 77 53 65 5 0 0 0.00 0.0 0 7.7 20 320 M M 5 26 310
6 70 47 59 0 6 0 0.00 0.0 0 9.2 24 340 M M 3 1 31 350
7 58 35 47 -12 18 0 0.00 0.0 0 6.8 15 340 M M 4 22 350
8 66 30 48 -10 17 0 0.00 0.0 0 7.1 18 240 M M 2 1 25 240
9 78 40 59 1 6 0 0.00 0.0 0 5.0 15 260 M M 2 20 270
10 80 38 59 2 6 0 0.00 0.0 0 6.6 20 170 M M 1 1 26 170
11 83 55 69 12 0 4 0.34 T 0 14.8 30 320 M M 3 135 38 310
12 68 48 58 2 7 0 0.02 0.0 0 14.3 35 300 M M 5 3 48 320
13 58 38 48 -8 17 0 0.00 0.0 0 14.8 31 310 M M 2 43 340
14 62 35 49 -6 16 0 T 0.0 0 10.5 30 290 M M 3 43 300
15 73 31 52 -3 13 0 0.00 0.0 0 8.7 22 310 M M 4 30 300
16 58 30 44 -10 21 0 0.00 0.0 0 10.9 26 320 M M 4 36 310
17 47 23 35 -19 30 0 0.00 0.0 0 12.2 25 330 M M 1 35 340
18 43 16 30 -23 35 0 0.00 0.0 0 7.1 18 340 M M 0 27 360
19 57 22 40 -13 25 0 0.00 0.0 0 3.0 9 200 M M 4 14 220
20 73 35 54 2 11 0 0.00 0.0 0 5.9 15 350 M M 6 22 360
21 77 41 59 7 6 0 0.00 0.0 0 5.0 12 150 M M 2 13 150
22 81 44 63 11 2 0 0.00 0.0 0 11.5 23 160 M M 1 28 150
23 87 62 75 24 0 10 0.00 0.0 0 23.6 38 160 M M 3 52 170
24 76 36 56 6 9 0 0.20 0.0 0 8.1 30 180 M M 7 1 40 180
25 60 32 46 -4 19 0 0.00 0.0 0 7.4 22 360 M M 1 28 340
26 59 30 45 -5 20 0 T 0.0 0 5.6 15 130 M M 6 19 140
27 61 46 54 5 11 0 0.00 0.0 0 12.7 25 140 M M 10 32 150
28 64 31 48 -1 17 0 0.00 0.0 0 2.8 10 190 M M 1 14 180
29 69 38 54 6 11 0 0.00 0.0 0 5.4 13 170 M M 3 17 180
30 63 37 50 2 15 0 0.00 0.0 0 4.6 13 350 M M 7 16 360
31 70 33 52 5 13 0 0.00 0.0 0 5.0 12 150 M M 2 1 15 240
================================================================================
SM 2141 1218 351 22 0.56 T 275.4 M 118
================================================================================
AV 69.1 39.3 8.9 FASTST M M 4 MAX(MPH)
MISC ----> 38 160 52 170
================================================================================
NOTES:
# LAST OF SEVERAL OCCURRENCES
COLUMN 17 PEAK WIND IN M.P.H.
PRELIMINARY LOCAL CLIMATOLOGICAL DATA (WS FORM: F-6) , PAGE 2
STATION: OMAHA NE
MONTH: OCTOBER
YEAR: 2022
LATITUDE: 41 17 N
LONGITUDE: 95 54 W
[TEMPERATURE DATA] [PRECIPITATION DATA] SYMBOLS USED IN COLUMN 16
AVERAGE MONTHLY: 54.2 TOTAL FOR MONTH: 0.56 1 = FOG OR MIST
DPTR FM NORMAL: -0.2 DPTR FM NORMAL: -1.76 2 = FOG REDUCING VISIBILITY
HIGHEST: 87 ON 23 GRTST 24HR 0.36 ON 11-12 TO 1/4 MILE OR LESS
LOWEST: 16 ON 18 3 = THUNDER
SNOW, ICE PELLETS, HAIL 4 = ICE PELLETS
TOTAL MONTH: T 5 = HAIL
GRTST 24HR T ON 11-11 6 = FREEZING RAIN OR DRIZZLE
GRTST DEPTH: 0 7 = DUSTSTORM OR SANDSTORM:
VSBY 1/2 MILE OR LESS
8 = SMOKE OR HAZE
[NO. OF DAYS WITH] [WEATHER - DAYS WITH] 9 = BLOWING SNOW
X = TORNADO
MAX 32 OR BELOW: 0 0.01 INCH OR MORE: 3
MAX 90 OR ABOVE: 0 0.10 INCH OR MORE: 2
MIN 32 OR BELOW: 9 0.50 INCH OR MORE: 0
MIN 0 OR BELOW: 0 1.00 INCH OR MORE: 0
[HDD (BASE 65) ]
TOTAL THIS MO. 351 CLEAR (SCALE 0-3) 16
DPTR FM NORMAL 0 PTCLDY (SCALE 4-7) 13
TOTAL FM JUL 1 402 CLOUDY (SCALE 8-10) 2
DPTR FM NORMAL -23
[CDD (BASE 65) ]
TOTAL THIS MO. 22
DPTR FM NORMAL 1 [PRESSURE DATA]
TOTAL FM JAN 1 1468 HIGHEST SLP 30.58 ON 7
DPTR FM NORMAL 175 LOWEST SLP 29.29 ON 23
[REMARKS]
#FINAL-10-22#