000
CXUS53 KOAX 010930
CF6OMA
PRELIMINARY LOCAL CLIMATOLOGICAL DATA (WS FORM: F-6)
STATION: OMAHA NE
MONTH: JUNE
YEAR: 2021
LATITUDE: 41 17 N
LONGITUDE: 95 54 W
TEMPERATURE IN F: :PCPN: SNOW: WIND :SUNSHINE: SKY :PK WND
================================================================================
1 2 3 4 5 6A 6B 7 8 9 10 11 12 13 14 15 16 17 18
12Z AVG MX 2MIN
DY MAX MIN AVG DEP HDD CDD WTR SNW DPTH SPD SPD DIR MIN PSBL S-S WX SPD DR
================================================================================
1 81 55 68 -2 0 3 0.01 0.0 0 6.3 21 130 M M 7 27 90
2 84 51 68 -2 0 3 0.00 0.0 0 3.5 12 150 M M 3 14 140
3 88 58 73 3 0 8 0.00 0.0 0 7.3 17 240 M M 4 8 23 250
4 94 62 78 7 0 13 0.00 0.0 0 9.8 15 180 M M 2 24 190
5 94 69 82 11 0 17 0.00 0.0 0 13.0 24 170 M M 2 33 190
6 85 67 76 4 0 11 0.00 0.0 0 12.7 24 180 M M 5 32 180
7 92 68 80 8 0 15 0.00 0.0 0 10.5 20 170 M M 4 30 160
8 92 69 81 9 0 16 T 0.0 0 6.5 23 120 M M 4 28 130
9 94 68 81 9 0 16 0.00 0.0 0 4.8 16 180 M M 3 24 120
10 97 75 86 13 0 21 0.00 0.0 0 9.3 20 150 M M 1 25 180
11 83 67 75 2 0 10 0.74 0.0 0 11.1 39 360 M M 7 13 53 330
12 90 61 76 3 0 11 0.00 0.0 0 5.9 16 20 M M 0 20 30
13 94 58 76 2 0 11 0.00 0.0 0 2.6 12 220 M M 2 18 220
14 95 67 81 7 0 16 0.00 0.0 0 3.6 12 70 M M 4 15 80
15 94 64 79 5 0 14 0.00 0.0 0 5.6 12 80 M M 5 15 70
16 95 74 85 11 0 20 T 0.0 0 14.1 26 90 M M 5 3 37 60
17 105 80 93 19 0 28 0.00 0.0 0 14.8 26 210 M M 6 3 38 200
18 93 72 83 8 0 18 0.02 0.0 0 5.9 32 30 M M 8 3 44 30
19 93 67 80 5 0 15 0.00 0.0 0 7.5 20 30 M M 7 29 40
20 91 62 77 2 0 12 0.30 0.0 0 14.6 30 330 M M 6 13 46 300
21 77 59 68 -7 0 3 0.00 0.0 0 8.7 22 360 M M 5 28 350
22 93 58 76 0 0 11 T 0.0 0 11.3 22 200 M M 6 31 200
23 93 70 82 6 0 17 0.00 0.0 0 15.0 24 170 M M 3 33 180
24 84 70 77 1 0 12 0.70 0.0 0 8.5 51 290 M M 9 138 66 300
25 88 70 79 3 0 14 0.43 0.0 0 7.2 26 60 M M 8 138 32 70
26 74 66 70 -6 0 5 T 0.0 0 7.4 20 320 M M 9 8 25 340
27 85 65 75 -1 0 10 0.00 0.0 0 3.7 8 130 M M 7 12 110
28 84 69 77 0 0 12 1.07 0.0 0 5.1 17 260 M M 7 13 22 270
29 86 67 77 0 0 12 0.52 0.0 0 4.1 18 220 M M 8 138 21 220
30 87 66 77 0 0 12 0.00 0.0 0 2.9 9 340 M M 7 18 12 360
================================================================================
SM 2685 1974 0 386 3.79 0.0 243.3 M 154
================================================================================
AV 89.5 65.8 8.1 FASTST M M 5 MAX(MPH)
MISC ----> 51 290 66 300
================================================================================
NOTES:
# LAST OF SEVERAL OCCURRENCES
COLUMN 17 PEAK WIND IN M.P.H.
PRELIMINARY LOCAL CLIMATOLOGICAL DATA (WS FORM: F-6) , PAGE 2
STATION: OMAHA NE
MONTH: JUNE
YEAR: 2021
LATITUDE: 41 17 N
LONGITUDE: 95 54 W
[TEMPERATURE DATA] [PRECIPITATION DATA] SYMBOLS USED IN COLUMN 16
AVERAGE MONTHLY: 77.7 TOTAL FOR MONTH: 3.79 1 = FOG OR MIST
DPTR FM NORMAL: 3.8 DPTR FM NORMAL: -0.65 2 = FOG REDUCING VISIBILITY
HIGHEST: 105 ON 17 GRTST 24HR 1.07 ON 28-28 TO 1/4 MILE OR LESS
LOWEST: 51 ON 2 3 = THUNDER
SNOW, ICE PELLETS, HAIL 4 = ICE PELLETS
TOTAL MONTH: 0.0 INCH 5 = HAIL
GRTST 24HR 0.0 6 = FREEZING RAIN OR DRIZZLE
GRTST DEPTH: 0 7 = DUSTSTORM OR SANDSTORM:
VSBY 1/2 MILE OR LESS
8 = SMOKE OR HAZE
[NO. OF DAYS WITH] [WEATHER - DAYS WITH] 9 = BLOWING SNOW
X = TORNADO
MAX 32 OR BELOW: 0 0.01 INCH OR MORE: 8
MAX 90 OR ABOVE: 17 0.10 INCH OR MORE: 6
MIN 32 OR BELOW: 0 0.50 INCH OR MORE: 4
MIN 0 OR BELOW: 0 1.00 INCH OR MORE: 1
[HDD (BASE 65) ]
TOTAL THIS MO. 0 CLEAR (SCALE 0-3) 7
DPTR FM NORMAL -11 PTCLDY (SCALE 4-7) 21
TOTAL FM JUL 1 5880 CLOUDY (SCALE 8-10) 2
DPTR FM NORMAL 52
[CDD (BASE 65) ]
TOTAL THIS MO. 386
DPTR FM NORMAL 108 [PRESSURE DATA]
TOTAL FM JAN 1 493 HIGHEST SLP 30.18 ON 1
DPTR FM NORMAL 109 LOWEST SLP 29.54 ON 20
[REMARKS]
#FINAL-06-21#