000
CXUS53 KARX 011354
CF6ONA
PRELIMINARY LOCAL CLIMATOLOGICAL DATA (WS FORM: F-6)
STATION: WINONA_MUNI_(AWOS) MN
MONTH: NOVEMBER
YEAR: 2022
LATITUDE: 44 4 N
LONGITUDE: 91 42 W
TEMPERATURE IN F: :PCPN: SNOW: WIND :SUNSHINE: SKY :PK WND
================================================================================
1 2 3 4 5 6A 6B 7 8 9 10 11 12 13 14 15 16 17 18
12Z AVG MX 2MIN
DY MAX MIN AVG DEP HDD CDD WTR SNW DPTH SPD SPD DIR MIN PSBL S-S WX SPD DR
================================================================================
1 73 36 55 M 10 0 0.00 0.0 0 3.4 9 210 M M 0 1 17 200
2 77 52 65 M 0 0 0.00 0.0 0 6.9 15 200 M M 0 24 200
3 70 59 65 M 0 0 0.00 0.0 0 5.0 10 190 M M 6 21 190
4 68 41 55 M 10 0 0.32 0.0 0 5.5 12 190 M M 10 20 190
5 43 37 40 M 25 0 0.73 0.0 0 5.4 13 310 M M 8 1 20 270
6 55 41 48 M 17 0 0.00 0.0 0 8.6 15 280 M M 3 28 280
7 41 32 37 M 28 0 0.00 0.0 0 6.8 12 300 M M 0 23 290
8 55 36 46 M 19 0 0.27 0.0 0 10.7 17 130 M M 3 22 140
9 70 48 59 M 6 0 T 0.0 0 9.3 14 220 M M 7 22 190
10 70 32 51 M 14 0 0.03 0.0 0 9.8 16 300 M M 9 27 200
11 32 27 30 M 35 0 0.00 0.0 0 10.2 16 290 M M 9 1 25 320
12 32 28 30 M 35 0 T T 0 10.9 15 330 M M 10 20 330
13 32 23 28 M 37 0 0.00 0.0 0 3.5 8 330 M M 6 M M
14 32 21 27 M 38 0 M M 0 4.7 10 120 M M 8 M M
15 32 30 31 M 34 0 M M M 2.6 7 130 M M 10 1 M M
16 32 25 29 M 36 0 M M M 3.5 10 280 M M 10 16 270
17 32 23 28 M 37 0 M M M 9.5 17 300 M M 10 26 300
18 27 18 23 M 42 0 M M M 10.1 14 280 M M 8 22 300
19 23 12 18 M 47 0 M M M 12.0 23 310 M M 7 8 31 300
20 34 12 23 M 42 0 0.00 0.0 M 4.7 9 240 M M 1 17 210
21 34 21 28 M 37 0 0.00 0.0 M 4.9 9 330 M M 0 17 290
22 39 19 29 M 36 0 0.00 0.0 M 0.7 6 120 M M 1 1 M M
23 46 21 34 M 31 0 0.00 0.0 0 1.1 7 140 M M 0 1 M M
24 45 27 36 M 29 0 0.00 0.0 0 2.4 13 310 M M 7 12 18 310
25 52 27 40 M 25 0 0.00 0.0 0 2.7 7 230 M M 0 M M
26 55 36 46 M 19 0 0.00 0.0 0 4.8 13 230 M M 0 18 230
27 43 25 34 M 31 0 0.00 0.0 0 6.4 14 320 M M 0 20 320
28 43 21 32 M 33 0 0.00 0.0 0 4.0 12 160 M M 1 18 160
29 39 23 31 M 34 0 0.12 M 0 8.1 18 320 M M 8 28 320
30 25 16 21 M 44 0 M M M 13.3 20 290 M M 6 29 290
================================================================================
SM 1351 869 831 0 1.47 T 191.5 M 148
================================================================================
AV 45.0 29.0 6.4 FASTST M M 5 MAX(MPH)
MISC ----> 23 310 31 300
================================================================================
NOTES:
# LAST OF SEVERAL OCCURRENCES
COLUMN 17 PEAK WIND IN M.P.H.
PRELIMINARY LOCAL CLIMATOLOGICAL DATA (WS FORM: F-6) , PAGE 2
STATION: WINONA_MUNI_(AWOS) MN
MONTH: NOVEMBER
YEAR: 2022
LATITUDE: 44 4 N
LONGITUDE: 91 42 W
[TEMPERATURE DATA] [PRECIPITATION DATA] SYMBOLS USED IN COLUMN 16
AVERAGE MONTHLY: 37.0 TOTAL FOR MONTH: 1.47 1 = FOG OR MIST
DPTR FM NORMAL: 0.0 DPTR FM NORMAL: M 2 = FOG REDUCING VISIBILITY
HIGHEST: 77 ON 2 GRTST 24HR 0.73 ON 5- 5 TO 1/4 MILE OR LESS
LOWEST: 12 ON 20,19 3 = THUNDER
SNOW, ICE PELLETS, HAIL 4 = ICE PELLETS
TOTAL MONTH: T 5 = HAIL
GRTST 24HR T ON 12-12 6 = FREEZING RAIN OR DRIZZLE
GRTST DEPTH: 0 7 = DUSTSTORM OR SANDSTORM:
VSBY 1/2 MILE OR LESS
8 = SMOKE OR HAZE
[NO. OF DAYS WITH] [WEATHER - DAYS WITH] 9 = BLOWING SNOW
X = TORNADO
MAX 32 OR BELOW: 10 0.01 INCH OR MORE: 5
MAX 90 OR ABOVE: 0 0.10 INCH OR MORE: 4
MIN 32 OR BELOW: 21 0.50 INCH OR MORE: 1
MIN 0 OR BELOW: 0 1.00 INCH OR MORE: 0
[HDD (BASE 65) ]
TOTAL THIS MO. 831 CLEAR (SCALE 0-3) 13
DPTR FM NORMAL M PTCLDY (SCALE 4-7) 9
TOTAL FM JUL 1 1431 CLOUDY (SCALE 8-10) 8
DPTR FM NORMAL M
[CDD (BASE 65) ]
TOTAL THIS MO. 0
DPTR FM NORMAL M [PRESSURE DATA]
TOTAL FM JAN 1 688 HIGHEST SLP M ON M
DPTR FM NORMAL M LOWEST SLP M ON M
[REMARKS]
#FINAL-11-22#