000
CXUS53 KARX 011000
CF6ONA
PRELIMINARY LOCAL CLIMATOLOGICAL DATA (WS FORM: F-6)
STATION: WINONA_MUNI_(AWOS) MN
MONTH: JANUARY
YEAR: 2022
LATITUDE: 44 4 N
LONGITUDE: 91 42 W
TEMPERATURE IN F: :PCPN: SNOW: WIND :SUNSHINE: SKY :PK WND
================================================================================
1 2 3 4 5 6A 6B 7 8 9 10 11 12 13 14 15 16 17 18
12Z AVG MX 2MIN
DY MAX MIN AVG DEP HDD CDD WTR SNW DPTH SPD SPD DIR MIN PSBL S-S WX SPD DR
================================================================================
1 12 -6 3 M 62 0 0.00 0.0 M 10.6 15 340 M M 3 20 330
2 9 -11 -1 M 66 0 0.00 0.0 M 2.3 12 330 M M 0 M M
3 27 -4 12 M 53 0 0.00 0.0 M 2.6 7 140 M M 0 M M
4 34 12 23 M 42 0 M M M 5.7 12 140 M M 2 18 150
5 30 9 20 M 45 0 M M M 14.0 20 290 M M 10 89 27 290
6 9 -8 1 M 64 0 M M M 10.6 15 340 M M 6 22 330
7 12 -15 -1 M 66 0 M M M 4.1 12 150 M M 2 16 150
8 30 12 21 M 44 0 M M M 6.9 14 300 M M 8 22 300
9 23 0 12 M 53 0 0.00 M M 10.8 16 300 M M 3 24 300
10 9 -6 2 M 63 0 0.00 M M 5.4 13 330 M M 2 17 330
11 37 1 19 M 46 0 0.00 M M 6.6 10 290 M M 0 18 290
12 41 28 35 M 30 0 0.00 M M 0.3 4 260 M M 5 M M
13 37 21 29 M 36 0 0.00 M M 3.4 16 320 M M 7 1 22 320
14 32 18 25 M 40 0 M M M 7.9 12 80 M M 10 21 110
15 18 0 9 M 56 0 M M M 2.3 7 50 M M 3 M M
16 25 0 13 M 52 0 M M M 4.0 10 340 M M 8 M M
17 32 25 29 M 36 0 0.00 0.0 M 4.8 9 330 M M 9 16 320
18 39 19 29 M 36 0 0.00 0.0 M 8.2 23 300 M M 4 30 300
19 19 3 11 M 54 0 0.00 0.0 M 14.1 23 320 M M 2 27 300
20 7 -9 -1 M 66 0 0.00 0.0 M 4.3 10 320 M M 0 18 310
21 16 -13 2 M 63 0 0.03 M M 4.1 12 150 M M 2 20 180
22 27 12 20 M 45 0 M M M 7.3 17 310 M M 8 28 310
23 12 -8 2 M 63 0 M M M 3.9 10 320 M M 4 M M
24 14 0 7 M 58 0 M M M 6.9 18 310 M M 5 23 310
25 3 -11 -4 M 69 0 0.00 0.0 M 5.3 9 300 M M 0 17 300
26 23 -22 1 M 64 0 0.00 0.0 M 2.7 10 230 M M 1 1 23 200
27 32 9 21 M 44 0 0.00 0.0 M 7.0 16 320 M M 7 23 320
28 18 -8 5 M 60 0 0.00 0.0 M 2.1 8 320 M M 5 M M
29 30 9 20 M 45 0 0.00 0.0 M 4.2 9 200 M M 2 M M
30 28 9 19 M 46 0 0.00 0.0 M 5.8 15 320 M M 5 21 320
31 34 5 20 M 45 0 M M M 6.3 12 130 M M 0 18 150
================================================================================
SM 719 71 1612 0 0.03 0.0 184.5 M 123
================================================================================
AV 23.2 2.3 6.0 FASTST M M 4 MAX(MPH)
MISC ----> # 23 300 30 300
================================================================================
NOTES:
# LAST OF SEVERAL OCCURRENCES
COLUMN 17 PEAK WIND IN M.P.H.
PRELIMINARY LOCAL CLIMATOLOGICAL DATA (WS FORM: F-6) , PAGE 2
STATION: WINONA_MUNI_(AWOS) MN
MONTH: JANUARY
YEAR: 2022
LATITUDE: 44 4 N
LONGITUDE: 91 42 W
[TEMPERATURE DATA] [PRECIPITATION DATA] SYMBOLS USED IN COLUMN 16
AVERAGE MONTHLY: 12.7 TOTAL FOR MONTH: 0.03 1 = FOG OR MIST
DPTR FM NORMAL: 0.0 DPTR FM NORMAL: M 2 = FOG REDUCING VISIBILITY
HIGHEST: 41 ON 12 GRTST 24HR 0.44 ON 14-14 TO 1/4 MILE OR LESS
LOWEST: -22 ON 26 3 = THUNDER
SNOW, ICE PELLETS, HAIL 4 = ICE PELLETS
TOTAL MONTH: 0.0 INCH 5 = HAIL
GRTST 24HR 0.0 6 = FREEZING RAIN OR DRIZZLE
GRTST DEPTH: M ON M 7 = DUSTSTORM OR SANDSTORM:
VSBY 1/2 MILE OR LESS
8 = SMOKE OR HAZE
[NO. OF DAYS WITH] [WEATHER - DAYS WITH] 9 = BLOWING SNOW
X = TORNADO
MAX 32 OR BELOW: 25 0.01 INCH OR MORE: 1
MAX 90 OR ABOVE: 0 0.10 INCH OR MORE: 0
MIN 32 OR BELOW: 31 0.50 INCH OR MORE: 0
MIN 0 OR BELOW: 16 1.00 INCH OR MORE: 0
[HDD (BASE 65) ]
TOTAL THIS MO. 1612 CLEAR (SCALE 0-3) 15
DPTR FM NORMAL M PTCLDY (SCALE 4-7) 13
TOTAL FM JUL 1 3806 CLOUDY (SCALE 8-10) 3
DPTR FM NORMAL M
[CDD (BASE 65) ]
TOTAL THIS MO. 0
DPTR FM NORMAL M [PRESSURE DATA]
TOTAL FM JAN 1 0 HIGHEST SLP M ON M
DPTR FM NORMAL M LOWEST SLP M ON M
[REMARKS]
#FINAL-01-22#