000
CXUS56 KSGX 011045
CF6ONT
PRELIMINARY LOCAL CLIMATOLOGICAL DATA (WS FORM: F-6)
STATION: ONTARIO INTL AIRPORT CA
MONTH: OCTOBER
YEAR: 2023
LATITUDE: 34 2 N
LONGITUDE: 117 37 W
TEMPERATURE IN F: :PCPN: SNOW: WIND :SUNSHINE: SKY :PK WND
================================================================================
1 2 3 4 5 6A 6B 7 8 9 10 11 12 13 14 15 16 17 18
12Z AVG MX 2MIN
DY MAX MIN AVG DEP HDD CDD WTR SNW DPTH SPD SPD DIR MIN PSBL S-S WX SPD DR
================================================================================
1 70 55 63 -11 2 0 0.00 M M 7.2 15 220 M M 6 24 210
2 76 52 64 -9 1 0 0.00 M M 4.1 16 220 M M 1 20 210
3 85 55 70 -3 0 5 0.00 M M 5.3 16 210 M M 1 21 210
4 94 60 77 4 0 12 0.00 M M 7.1 24 20 M M 0 32 20
5 99 63 81 9 0 16 0.00 M M 4.4 15 70 M M 0 8 22 60
6 101 61 81 9 0 16 0.00 M M 3.5 15 230 M M 0 19 220
7 99 65 82 10 0 17 0.00 M M 4.1 15 280 M M 2 17 290
8 95 66 81 9 0 16 0.00 M M 4.5 15 270 M M 3 19 270
9 88 63 76 5 0 11 0.00 M M 4.8 16 270 M M 3 23 260
10 78 57 68 -3 0 3 0.00 M M 6.9 15 240 M M 4 18 19 220
11 76 59 68 -3 0 3 T M M 7.1 17 210 M M 6 18 23 240
12 87 55 71 0 0 6 0.00 M M 3.4 14 270 M M 2 18 280
13 84 56 70 0 0 5 0.00 M M 4.3 14 230 M M 4 17 210
14 86 57 72 2 0 7 0.00 M M 2.1 12 270 M M 0 1 14 270
15 95 59 77 7 0 12 0.00 M M 3.6 12 270 M M 0 14 270
16 92 60 76 6 0 11 0.00 M M 4.3 14 270 M M 1 18 280
17 91 61 76 6 0 11 0.00 M M 3.3 13 260 M M 2 8 17 260
18 101 60 81 12 0 16 0.00 M M 4.5 15 280 M M 0 18 19 270
19 98 64 81 12 0 16 0.00 M M 5.0 16 280 M M 1 8 19 260
20 96 65 81 12 0 16 0.00 M M 2.6 16 270 M M 1 8 19 270
21 89 63 76 7 0 11 0.00 M M 4.6 14 240 M M 1 19 250
22 75 57 66 -2 0 1 T M M 6.0 15 250 M M 4 1 20 250
23 74 59 67 -1 0 2 T M M 5.3 14 270 M M 6 18 250
24 78 55 67 -1 0 2 0.00 M M 4.7 14 240 M M 2 18 250
25 69 60 65 -3 0 0 T M M 7.7 14 270 M M 9 18 16 280
26 73 58 66 -2 0 1 0.00 M M 5.2 12 250 M M 7 1 19 220
27 73 57 65 -2 0 0 0.00 M M 4.3 12 250 M M 4 18 16 240
28 73 54 64 -3 1 0 0.00 M M 3.6 15 220 M M 3 1 18 250
29 77 52 65 -2 0 0 0.00 M M 15.5 35 40 M M 0 8 45 40
30 79 50 65 -2 0 0 0.00 M M 5.5 17 70 M M 2 25 310
31 86 50 68 2 0 3 0.00 M M 3.4 15 30 M M 2 19 40
================================================================================
SM 2637 1808 4 219 T M 157.9 M 77
================================================================================
AV 85.1 58.3 5.1 FASTST M M 2 MAX(MPH)
MISC ----> 35 40 45 40
================================================================================
NOTES:
# LAST OF SEVERAL OCCURRENCES
COLUMN 17 PEAK WIND IN M.P.H.
PRELIMINARY LOCAL CLIMATOLOGICAL DATA (WS FORM: F-6) , PAGE 2
STATION: ONTARIO INTL AIRPORT CA
MONTH: OCTOBER
YEAR: 2023
LATITUDE: 34 2 N
LONGITUDE: 117 37 W
[TEMPERATURE DATA] [PRECIPITATION DATA] SYMBOLS USED IN COLUMN 16
AVERAGE MONTHLY: 71.7 TOTAL FOR MONTH: T 1 = FOG OR MIST
DPTR FM NORMAL: 1.9 DPTR FM NORMAL: -0.41 2 = FOG REDUCING VISIBILITY
HIGHEST: 101 ON 18, 6 GRTST 24HR T ON 30- 1 TO 1/4 MILE OR LESS
LOWEST: 50 ON 31,30 3 = THUNDER
SNOW, ICE PELLETS, HAIL 4 = ICE PELLETS
TOTAL MONTH: M 5 = HAIL
GRTST 24HR M ON M 6 = FREEZING RAIN OR DRIZZLE
GRTST DEPTH: M ON M 7 = DUSTSTORM OR SANDSTORM:
VSBY 1/2 MILE OR LESS
8 = SMOKE OR HAZE
[NO. OF DAYS WITH] [WEATHER - DAYS WITH] 9 = BLOWING SNOW
X = TORNADO
MAX 32 OR BELOW: 0 0.01 INCH OR MORE: 0
MAX 90 OR ABOVE: 11 0.10 INCH OR MORE: 0
MIN 32 OR BELOW: 0 0.50 INCH OR MORE: 0
MIN 0 OR BELOW: 0 1.00 INCH OR MORE: 0
[HDD (BASE 65) ]
TOTAL THIS MO. 4 CLEAR (SCALE 0-3) 21
DPTR FM NORMAL -22 PTCLDY (SCALE 4-7) 9
TOTAL FM JUL 1 5 CLOUDY (SCALE 8-10) 1
DPTR FM NORMAL -19
[CDD (BASE 65) ]
TOTAL THIS MO. 219
DPTR FM NORMAL 43 [PRESSURE DATA]
TOTAL FM JAN 1 1670 HIGHEST SLP 30.09 ON 30
DPTR FM NORMAL -257 LOWEST SLP 29.60 ON 11
[REMARKS]
#FINAL-10-23#