000
CXUS51 KBOX 011639
CF6ORH
PRELIMINARY LOCAL CLIMATOLOGICAL DATA (WS FORM: F-6)
STATION: WORCESTER MA
MONTH: DECEMBER
YEAR: 2021
LATITUDE: 42 16 N
LONGITUDE: 71 52 W
TEMPERATURE IN F: :PCPN: SNOW: WIND :SUNSHINE: SKY :PK WND
================================================================================
1 2 3 4 5 6A 6B 7 8 9 10 11 12 13 14 15 16 17 18
12Z AVG MX 2MIN
DY MAX MIN AVG DEP HDD CDD WTR SNW DPTH SPD SPD DIR MIN PSBL S-S WX SPD DR
================================================================================
1 41 30 36 1 29 0 0.00 0.0 M 9.9 21 280 M M M 28 250
2 54 33 44 9 21 0 0.16 0.0 M 11.3 38 310 M M 9 1 50 310
3 40 26 33 -1 32 0 T 0.0 M 17.1 35 290 M M 2 47 280
4 37 24 31 -3 34 0 0.00 0.0 M 8.6 21 280 M M 3 31 280
5 42 29 36 2 29 0 0.00 0.0 M 5.9 13 320 M M 2 20 270
6 56 35 46 13 19 0 0.40 0.0 M 14.7 33 290 M M 10 12 45 290
7 38 27 33 0 32 0 0.00 0.0 M 10.8 24 280 M M 3 35 290
8 32 25 29 -4 36 0 0.07 1.0 M 5.9 13 350 M M 8 1 17 20
9 32 23 28 -4 37 0 0.01 0.3 M 7.5 20 270 M M 4 18 27 310
10 39 27 33 1 32 0 0.00 0.0 M 3.4 8 140 M M 8 9 150
11 61 32 47 15 18 0 0.77 0.0 M 14.0 40 220 M M 10 1236 56 220
12 53 33 43 12 22 0 T 0.0 M 15.8 36 290 M M 1 49 260
13 50 34 42 11 23 0 0.00 0.0 M 16.7 23 250 M M 0 30 250
14 48 35 42 11 23 0 0.00 0.0 M 9.6 18 320 M M 0 24 310
15 44 27 36 5 29 0 0.16 0.0 M 6.7 17 200 M M 3 1 24 200
16 58 44 51 21 14 0 0.37 0.0 M 16.3 25 250 M M 4 1 32 230
17 60 38 49 19 16 0 0.00 0.0 M 20.2 33 280 M M 0 48 290
18 38 31 35 5 30 0 0.64 T M 5.8 10 10 M M 7 126 14 70
19 34 19 27 -3 38 0 0.16 0.0 M 12.3 24 330 M M 6 16 32 350
20 31 15 23 -6 42 0 0.00 0.0 M 7.6 20 230 M M 0 27 230
21 39 26 33 4 32 0 0.00 0.0 M 9.0 22 250 M M 0 30 230
22 41 29 35 6 30 0 0.19 0.0 M 11.7 28 300 M M 7 12 37 300
23 29 20 25 -3 40 0 0.00 0.0 M 11.9 23 300 M M 0 35 310
24 25 20 23 -5 42 0 0.05 0.8 M 2.9 13 260 M M 10 1 16 260
25 33 23 28 0 37 0 0.36 0.0 M 5.0 9 20 M M 9 126 13 10
26 37 30 34 6 31 0 0.11 0.0 M 12.8 28 300 M M 7 16 35 310
27 33 26 30 2 35 0 T T M 7.4 22 310 M M 5 31 340
28 41 29 35 8 30 0 0.09 T M 6.2 17 300 M M 8 126 24 320
29 37 32 35 8 30 0 0.01 T M 2.4 8 230 M M 10 12 9 230
30 42 35 39 12 26 0 0.03 0.0 M 1.4 6 250 M M 10 12 8 180
31 44 38 41 14 24 0 0.01 0.0 M 4.4 12 290 M M 10 12 15 290
================================================================================
SM 1289 895 913 0 3.59 2.1 295.2 M 156
================================================================================
AV 41.6 28.9 9.5 FASTST M M 5 MAX(MPH)
MISC ----> 40 220 56 220
================================================================================
NOTES:
# LAST OF SEVERAL OCCURRENCES
COLUMN 17 PEAK WIND IN M.P.H.
PRELIMINARY LOCAL CLIMATOLOGICAL DATA (WS FORM: F-6) , PAGE 2
STATION: WORCESTER MA
MONTH: DECEMBER
YEAR: 2021
LATITUDE: 42 16 N
LONGITUDE: 71 52 W
[TEMPERATURE DATA] [PRECIPITATION DATA] SYMBOLS USED IN COLUMN 16
AVERAGE MONTHLY: 35.2 TOTAL FOR MONTH: 3.59 1 = FOG OR MIST
DPTR FM NORMAL: 4.7 DPTR FM NORMAL: -0.69 2 = FOG REDUCING VISIBILITY
HIGHEST: 61 ON 11 GRTST 24HR 0.80 ON 18-19 TO 1/4 MILE OR LESS
LOWEST: 15 ON 20 3 = THUNDER
SNOW, ICE PELLETS, HAIL 4 = ICE PELLETS
TOTAL MONTH: 2.1 INCHES 5 = HAIL
GRTST 24HR 1.0 ON 8- 8 6 = FREEZING RAIN OR DRIZZLE
GRTST DEPTH: M ON M 7 = DUSTSTORM OR SANDSTORM:
VSBY 1/2 MILE OR LESS
8 = SMOKE OR HAZE
[NO. OF DAYS WITH] [WEATHER - DAYS WITH] 9 = BLOWING SNOW
X = TORNADO
MAX 32 OR BELOW: 5 0.01 INCH OR MORE: 17
MAX 90 OR ABOVE: 0 0.10 INCH OR MORE: 10
MIN 32 OR BELOW: 22 0.50 INCH OR MORE: 2
MIN 0 OR BELOW: 0 1.00 INCH OR MORE: 0
[HDD (BASE 65) ]
TOTAL THIS MO. 913 CLEAR (SCALE 0-3) 12
DPTR FM NORMAL -158 PTCLDY (SCALE 4-7) 9
TOTAL FM JUL 1 2030 CLOUDY (SCALE 8-10) 10
DPTR FM NORMAL -407
[CDD (BASE 65) ]
TOTAL THIS MO. 0
DPTR FM NORMAL 0 [PRESSURE DATA]
TOTAL FM JAN 1 653 HIGHEST SLP 30.68 ON 15
DPTR FM NORMAL 152 LOWEST SLP 29.43 ON 22
[REMARKS]
#FINAL-12-21#