462
CXUS51 KBOX 030420
CF6ORH
PRELIMINARY LOCAL CLIMATOLOGICAL DATA (WS FORM: F-6)
STATION: WORCESTER MA
MONTH: JANUARY
YEAR: 2021
LATITUDE: 42 16 N
LONGITUDE: 71 52 W
TEMPERATURE IN F: :PCPN: SNOW: WIND :SUNSHINE: SKY :PK WND
================================================================================
1 2 3 4 5 6A 6B 7 8 9 10 11 12 13 14 15 16 17 18
12Z AVG MX 2MIN
DY MAX MIN AVG DEP HDD CDD WTR SNW DPTH SPD SPD DIR MIN PSBL S-S WX SPD DR
================================================================================
1 35 24 30 5 35 0 0.18 0.8 M 4.8 12 360 M M 2 1 15 320
2 42 30 36 11 29 0 0.38 0.0 M 12.6 26 310 M M 7 126 36 300
3 30 26 28 3 37 0 0.06 1.1 M 5.9 13 60 M M 8 1 17 70
4 38 28 33 8 32 0 0.01 T M 7.6 14 360 M M 7 18 18 10
5 33 29 31 7 34 0 T 0.2 M 7.1 13 10 M M 10 8 18 20
6 36 28 32 8 33 0 0.01 0.3 M 13.2 21 310 M M 6 18 30 320
7 36 26 31 7 34 0 0.00 0.0 M 14.6 23 310 M M 2 32 310
8 38 24 31 7 34 0 0.00 0.0 M 12.3 23 310 M M 0 30 300
9 32 20 26 2 39 0 0.00 0.0 M 9.3 14 340 M M 5 19 340
10 38 22 30 6 35 0 0.00 0.0 M 9.3 15 310 M M 2 20 320
11 30 25 28 4 37 0 0.00 0.0 M 8.4 14 250 M M 4 17 240
12 36 25 31 7 34 0 0.00 0.0 M 8.8 15 320 M M 6 19 290
13 37 27 32 8 33 0 0.00 0.0 M 8.1 15 250 M M 6 18 250
14 37 28 33 9 32 0 0.11 0.2 M 3.0 12 250 M M 9 128 15 250
15 38 32 35 11 30 0 0.00 0.0 M 6.8 14 90 M M 9 128 19 80
16 47 33 40 16 25 0 1.49 T M 12.5 22 260 M M 9 12 31 260
17 39 31 35 11 30 0 0.00 0.0 M 21.8 36 250 M M 6 46 240
18 41 27 34 10 31 0 T T M 14.4 23 280 M M 5 31 290
19 38 24 31 7 34 0 0.01 0.1 M 11.2 23 290 M M 4 1 29 280
20 33 19 26 2 39 0 T T M 11.2 23 300 M M 5 8 32 300
21 28 16 22 -2 43 0 0.02 0.9 M 7.5 14 210 M M 5 18 18 230
22 38 26 32 8 33 0 T T M 11.4 21 290 M M 7 28 280
23 29 13 21 -3 44 0 0.00 0.0 M 18.7 30 290 M M 2 42 300
24 26 12 19 -5 46 0 0.00 0.0 M 17.6 29 310 M M 0 40 300
25 33 15 24 0 41 0 0.00 0.0 M 13.1 23 300 M M 0 31 300
26 31 19 25 1 40 0 M 3.8 M 5.8 12 70 M M 5 12 16 70
27 34 26 30 6 35 0 M 1.5 M 7.9 15 310 M M 10 1 19 320
28 28 11 20 -4 45 0 M M M 12.5 22 310 M M 8 30 320
29 15 2 9 -15 56 0 T T M 20.7 29 310 M M 2 39 300
30 19 4 12 -12 53 0 0.00 0.0 M 11.5 23 310 M M 0 8 30 300
31 21 0 11 -14 54 0 0.00 0.0 M 4.3 14 310 M M 1 18 320
================================================================================
SM 1036 672 1157 0 2.27 8.9 333.9 M 152
================================================================================
AV 33.4 21.7 10.8 FASTST M M 5 MAX(MPH)
MISC ----> 36 250 46 240
================================================================================
NOTES:
# LAST OF SEVERAL OCCURRENCES
COLUMN 17 PEAK WIND IN M.P.H.
PRELIMINARY LOCAL CLIMATOLOGICAL DATA (WS FORM: F-6) , PAGE 2
STATION: WORCESTER MA
MONTH: JANUARY
YEAR: 2021
LATITUDE: 42 16 N
LONGITUDE: 71 52 W
[TEMPERATURE DATA] [PRECIPITATION DATA] SYMBOLS USED IN COLUMN 16
AVERAGE MONTHLY: 27.5 TOTAL FOR MONTH: 2.27 1 = FOG OR MIST
DPTR FM NORMAL: 3.4 DPTR FM NORMAL: -1.22 2 = FOG REDUCING VISIBILITY
HIGHEST: 47 ON 16 GRTST 24HR 1.62 ON 16-16 TO 1/4 MILE OR LESS
LOWEST: 0 ON 31 3 = THUNDER
SNOW, ICE PELLETS, HAIL 4 = ICE PELLETS
TOTAL MONTH: 8.9 INCHES 5 = HAIL
GRTST 24HR 3.8 ON 26-26 6 = FREEZING RAIN OR DRIZZLE
GRTST DEPTH: M ON M 7 = DUSTSTORM OR SANDSTORM:
VSBY 1/2 MILE OR LESS
8 = SMOKE OR HAZE
[NO. OF DAYS WITH] [WEATHER - DAYS WITH] 9 = BLOWING SNOW
X = TORNADO
MAX 32 OR BELOW: 11 0.01 INCH OR MORE: 9
MAX 90 OR ABOVE: 0 0.10 INCH OR MORE: 4
MIN 32 OR BELOW: 30 0.50 INCH OR MORE: 1
MIN 0 OR BELOW: 1 1.00 INCH OR MORE: 1
[HDD (BASE 65) ]
TOTAL THIS MO. 1157 CLEAR (SCALE 0-3) 10
DPTR FM NORMAL -112 PTCLDY (SCALE 4-7) 16
TOTAL FM JUL 1 3256 CLOUDY (SCALE 8-10) 5
DPTR FM NORMAL -514
[CDD (BASE 65) ]
TOTAL THIS MO. 0
DPTR FM NORMAL 0 [PRESSURE DATA]
TOTAL FM JAN 1 0 HIGHEST SLP 30.52 ON 1
DPTR FM NORMAL 0 LOWEST SLP 29.24 ON 17
[REMARKS]
#FINAL-01-21#
PRECIPITATION SET MISSING FROM JANUARY 26 TO 28 DUE TO AN ERRONEOUS AWPAG. EQUIPMENT WAS REPLACED ON THE 28TH.