000
CXUS52 KMLB 010727
CF6ORL
PRELIMINARY LOCAL CLIMATOLOGICAL DATA (WS FORM: F-6)
STATION: ORLANDO EXEC
MONTH: FEBRUARY
YEAR: 2022
LATITUDE: 28 32 N
LONGITUDE: 81 20 W
TEMPERATURE IN F: :PCPN: SNOW: WIND :SUNSHINE: SKY :PK WND
================================================================================
1 2 3 4 5 6A 6B 7 8 9 10 11 12 13 14 15 16 17 18
12Z AVG MX 2MIN
DY MAX MIN AVG DEP HDD CDD WTR SNW DPTH SPD SPD DIR MIN PSBL S-S WX SPD DR
================================================================================
1 75 44 60 -2 5 0 0.00 0.0 0 5.5 18 80 M M 1 31 130
2 82 51 67 4 0 2 0.00 0.0 0 9.0 21 130 M M 1 27 140
3 85 59 72 9 0 7 0.00 0.0 0 10.0 22 140 M M 1 27 140
4 87 62 75 12 0 10 0.00 0.0 0 7.2 18 180 M M 1 1 23 200
5 73 55 64 1 1 0 0.09 0.0 0 10.1 17 20 M M 10 1 23 30
6 68 55 62 -1 3 0 0.01 0.0 0 6.9 12 360 M M 10 1 15 340
7 66 53 60 -3 5 0 0.00 0.0 0 6.3 14 360 M M 7 1 18 360
8 58 51 55 -8 10 0 0.37 0.0 0 7.1 12 350 M M 10 1 15 350
9 69 50 60 -4 5 0 0.04 0.0 0 6.6 14 310 M M 4 21 250
10 73 43 58 -6 7 0 0.00 0.0 0 4.0 14 20 M M 0 1 17 20
11 79 51 65 1 0 0 0.00 0.0 0 5.2 15 80 M M 3 18 100
12 84 57 71 7 0 6 0.00 0.0 0 3.5 14 70 M M 1 16 70
13 75 58 67 3 0 2 0.14 0.0 0 8.7 21 290 M M 7 1 27 290
14 66 45 56 -8 9 0 0.00 0.0 0 8.9 18 340 M M 0 8 23 340
15 73 47 60 -4 5 0 0.00 0.0 0 8.4 22 70 M M 2 28 90
16 82 55 69 5 0 4 0.01 0.0 0 9.7 22 100 M M 4 8 27 100
17 86 65 76 11 0 11 T 0.0 0 8.7 18 110 M M 5 1 21 140
18 87 70 79 14 0 14 T 0.0 0 9.9 16 250 M M 6 22 230
19 77 57 67 2 0 2 T 0.0 0 7.7 16 60 M M 5 1 21 30
20 79 53 66 1 0 1 0.00 0.0 0 8.9 20 110 M M 1 25 110
21 83 58 71 6 0 6 0.00 0.0 0 7.4 16 110 M M 2 20 100
22 85 61 73 8 0 8 0.00 0.0 0 7.6 16 120 M M 1 21 110
23 87 66 77 11 0 12 0.00 0.0 0 4.7 10 120 M M 6 12 M M
24 87 63 75 9 0 10 0.00 0.0 0 4.3 15 120 M M 1 12 17 120
25 88 65 77 11 0 12 0.00 0.0 0 3.6 13 120 M M 2 12 15 100
26 88 64 76 10 0 11 0.00 0.0 0 5.3 14 110 M M 1 17 110
27 87 62 75 9 0 10 0.00 0.0 0 3.5 14 300 M M 4 12 16 300
28 79 61 70 4 0 5 0.02 0.0 0 6.4 20 10 M M 6 8 23 20
================================================================================
SM 2208 1581 50 133 0.68 0.0 195.1 M 102
================================================================================
AV 78.9 56.5 7.0 FASTST M M 4 MAX(MPH)
MISC ----> # 22 140 31 130
================================================================================
NOTES:
# LAST OF SEVERAL OCCURRENCES
COLUMN 17 PEAK WIND IN M.P.H.
PRELIMINARY LOCAL CLIMATOLOGICAL DATA (WS FORM: F-6) , PAGE 2
STATION: ORLANDO EXEC
MONTH: FEBRUARY
YEAR: 2022
LATITUDE: 28 32 N
LONGITUDE: 81 20 W
[TEMPERATURE DATA] [PRECIPITATION DATA] SYMBOLS USED IN COLUMN 16
AVERAGE MONTHLY: 67.7 TOTAL FOR MONTH: 0.68 1 = FOG OR MIST
DPTR FM NORMAL: 3.4 DPTR FM NORMAL: -1.38 2 = FOG REDUCING VISIBILITY
HIGHEST: 88 ON 26,25 GRTST 24HR 0.41 ON 8- 9 TO 1/4 MILE OR LESS
LOWEST: 43 ON 10 3 = THUNDER
SNOW, ICE PELLETS, HAIL 4 = ICE PELLETS
TOTAL MONTH: 0.0 INCH 5 = HAIL
GRTST 24HR 0.0 6 = FREEZING RAIN OR DRIZZLE
GRTST DEPTH: 0 7 = DUSTSTORM OR SANDSTORM:
VSBY 1/2 MILE OR LESS
8 = SMOKE OR HAZE
[NO. OF DAYS WITH] [WEATHER - DAYS WITH] 9 = BLOWING SNOW
X = TORNADO
MAX 32 OR BELOW: 0 0.01 INCH OR MORE: 7
MAX 90 OR ABOVE: 0 0.10 INCH OR MORE: 2
MIN 32 OR BELOW: 0 0.50 INCH OR MORE: 0
MIN 0 OR BELOW: 0 1.00 INCH OR MORE: 0
[HDD (BASE 65) ]
TOTAL THIS MO. 50 CLEAR (SCALE 0-3) 15
DPTR FM NORMAL -45 PTCLDY (SCALE 4-7) 10
TOTAL FM JUL 1 239 CLOUDY (SCALE 8-10) 3
DPTR FM NORMAL -181
[CDD (BASE 65) ]
TOTAL THIS MO. 133
DPTR FM NORMAL 58 [PRESSURE DATA]
TOTAL FM JAN 1 185 HIGHEST SLP 30.48 ON 15
DPTR FM NORMAL 53 LOWEST SLP 29.96 ON 28
[REMARKS]
#FINAL-02-22#