000
CXUS53 KDDC 011518
CF6P28
PRELIMINARY LOCAL CLIMATOLOGICAL DATA (WS FORM: F-6)
STATION: MEDICINE LODGE KS
MONTH: FEBRUARY
YEAR: 2023
LATITUDE: 37 17 N
LONGITUDE: 98 35 W
TEMPERATURE IN F: :PCPN: SNOW: WIND :SUNSHINE: SKY :PK WND
================================================================================
1 2 3 4 5 6A 6B 7 8 9 10 11 12 13 14 15 16 17 18
12Z AVG MX 2MIN
DY MAX MIN AVG DEP HDD CDD WTR SNW DPTH SPD SPD DIR MIN PSBL S-S WX SPD DR
================================================================================
1 33 8 21 -14 44 0 0.00 0.0 0 3.7 13 190 M M 0 18 190
2 55 11 33 -3 32 0 0.00 0.0 0 8.6 23 10 M M 0 30 10
3 49 13 31 -5 34 0 0.00 0.0 0 7.3 18 180 M M 0 26 180
4 66 33 50 14 15 0 0.00 0.0 0 10.3 23 220 M M 0 30 210
5 62 24 43 7 22 0 0.00 0.0 0 5.2 12 120 M M 0 16 120
6 71 39 55 19 10 0 0.00 0.0 0 10.9 23 310 M M 0 33 290
7 56 26 41 5 24 0 0.00 0.0 0 8.6 18 30 M M 0 26 40
8 47 21 34 -2 31 0 0.02 0.0 0 6.6 28 30 M M 0 41 30
9 52 25 39 2 26 0 0.00 0.0 0 17.2 30 350 M M 0 42 340
10 45 18 32 -5 33 0 0.00 0.0 0 10.4 21 340 M M 0 28 360
11 53 11 32 -5 33 0 0.00 0.0 0 6.7 17 180 M M 0 22 190
12 67 28 48 11 17 0 0.00 0.0 0 8.6 20 220 M M 0 29 240
13 60 22 41 4 24 0 0.02 0.0 0 7.0 16 170 M M 0 24 170
14 55 37 46 8 19 0 0.02 0.0 0 10.4 23 310 M M 0 34 310
15 38 26 32 -6 33 0 0.00 0.0 0 11.5 22 10 M M 0 30 40
16 34 19 27 -11 38 0 0.00 0.0 0 14.4 30 350 M M 0 42 360
17 52 11 32 -6 33 0 0.00 0.0 0 6.5 15 190 M M 0 21 210
18 52 30 41 3 24 0 0.00 0.0 0 14.6 30 190 M M 0 45 210
19 63 21 42 3 23 0 0.00 0.0 0 5.0 16 310 M M 0 21 320
20 67 28 48 9 17 0 0.00 0.0 0 3.5 14 20 M M 0 19 20
21 M 28 M M M M 0.00 0.0 0 6.4 18 160 M M 0 32 150
22 M M M M M M 0.00 0.0 0 M M M M M M M M
23 32 M M M M M 0.00 0.0 0 9.6 17 20 M M 0 24 10
24 25 13 19 -21 46 0 0.00 0.0 0 6.5 17 30 M M 0 24 20
25 45 13 29 -12 36 0 0.00 0.0 0 4.1 14 160 M M 0 22 170
26 65 34 50 9 15 0 0.52 0.0 0 11.0 30 270 M M 0 47 250
27 70 43 57 16 8 0 0.00 0.0 0 12.3 25 320 M M 0 37 300
28 72 31 52 10 13 0 0.00 0.0 0 8.3 28 240 M M 0 39 240
================================================================================
SM 1386 613 650 0 0.58 0.0 235.2 M 0
================================================================================
AV 53.3 23.6 8.7 FASTST M M 0 MAX(MPH)
MISC ----> # 30 350 47 250
================================================================================
NOTES:
# LAST OF SEVERAL OCCURRENCES
COLUMN 17 PEAK WIND IN M.P.H.
PRELIMINARY LOCAL CLIMATOLOGICAL DATA (WS FORM: F-6) , PAGE 2
STATION: MEDICINE LODGE KS
MONTH: FEBRUARY
YEAR: 2023
LATITUDE: 37 17 N
LONGITUDE: 98 35 W
[TEMPERATURE DATA] [PRECIPITATION DATA] SYMBOLS USED IN COLUMN 16
AVERAGE MONTHLY: 38.5 TOTAL FOR MONTH: 0.58 1 = FOG OR MIST
DPTR FM NORMAL: 0.5 DPTR FM NORMAL: -0.45 2 = FOG REDUCING VISIBILITY
HIGHEST: 72 ON 28 GRTST 24HR 0.52 ON 26-26 TO 1/4 MILE OR LESS
LOWEST: 8 ON 1 3 = THUNDER
SNOW, ICE PELLETS, HAIL 4 = ICE PELLETS
TOTAL MONTH: 0.0 INCH 5 = HAIL
GRTST 24HR 0.0 6 = FREEZING RAIN OR DRIZZLE
GRTST DEPTH: 0 7 = DUSTSTORM OR SANDSTORM:
VSBY 1/2 MILE OR LESS
8 = SMOKE OR HAZE
[NO. OF DAYS WITH] [WEATHER - DAYS WITH] 9 = BLOWING SNOW
X = TORNADO
MAX 32 OR BELOW: 2 0.01 INCH OR MORE: 4
MAX 90 OR ABOVE: 0 0.10 INCH OR MORE: 1
MIN 32 OR BELOW: 21 0.50 INCH OR MORE: 1
MIN 0 OR BELOW: 0 1.00 INCH OR MORE: 0
[HDD (BASE 65) ]
TOTAL THIS MO. 650
DPTR FM NORMAL -106
TOTAL FM JUL 1 3300
DPTR FM NORMAL -184
[CDD (BASE 65) ]
TOTAL THIS MO. 0
DPTR FM NORMAL 0 [PRESSURE DATA]
TOTAL FM JAN 1 0 HIGHEST SLP 30.46 ON 24
DPTR FM NORMAL 0 LOWEST SLP 29.54 ON 28
[REMARKS]
#FINAL-02-23#