000
CXUS53 KDDC 031324
CLMP28
CLIMATE REPORT
NATIONAL WEATHER SERVICE DODGE CITY, KANSAS
824 AM CDT MON APR 03 2023
...................................
...THE MEDICINE LODGE KS CLIMATE SUMMARY FOR THE MONTH OF MARCH 2023...
CLIMATE NORMAL PERIOD 1991 TO 2020
CLIMATE RECORD PERIOD 1893 TO 2023
WEATHER OBSERVED NORMAL DEPART LAST YEAR`S
VALUE DATE(S) VALUE FROM VALUE DATE(S)
NORMAL
................................................................
TEMPERATURE (F)
RECORD
HIGH 98 03/19/1907
LOW -7 03/03/2014
03/03/1960
01/01/2000
HIGHEST 82 03/05 MM MM 85 03/29
03/22
LOWEST 9 03/19 MM MM 14 03/12
AVG. MAXIMUM 59.5 60.2 -0.7 62.1
AVG. MINIMUM 32.8 34.7 -1.9 31.7
MEAN 46.2 47.5 -1.3 46.9
DAYS MAX >= 90 0 0.0 0.0 0
DAYS MAX <= 32 0 0.6 -0.6 1
DAYS MIN <= 32 12 12.4 -0.4 15
DAYS MIN <= 0 0 0.1 -0.1 0
PRECIPITATION (INCHES)
RECORD
MAXIMUM 9.24 1973
MINIMUM 0.00 1936
TOTALS 0.05 2.03 -1.98 2.65
DAYS >= .01 3 6.8 -3.8 7
DAYS >= .10 0 4.0 -4.0 4
DAYS >= .50 0 1.4 -1.4 2
DAYS >= 1.00 0 0.5 -0.5 0
GREATEST
24 HR. TOTAL 0.03 03/30 TO 03/30 1.05 03/21 TO 03/22
DEGREE DAYS
HEATING TOTAL 576 549 27 560
SINCE 7/1 3876 4033 -157 3703
COOLING TOTAL 0 4 -4 6
SINCE 1/1 0 4 -4 6
................................................................
WIND (MPH)
AVERAGE WIND SPEED 11.4
RESULTANT WIND SPEED/DIRECTION 2/050
HIGHEST WIND SPEED/DIRECTION 37/350 DATE 03/16
37/240 03/31
HIGHEST GUST SPEED/DIRECTION 53/340 DATE 03/16
AVERAGE RH (PERCENT) 62
- INDICATES NEGATIVE NUMBERS.
R INDICATES RECORD WAS SET OR TIED.
MM INDICATES DATA IS MISSING.
T INDICATES TRACE AMOUNT.
$$