000
CXUS55 KRIW 041810
CF6P60
PRELIMINARY LOCAL CLIMATOLOGICAL DATA (WS FORM: F-6)
STATION: LAKE YELLOWSTONE WY
MONTH: MARCH
YEAR: 2022
LATITUDE: 44 32 N
LONGITUDE: 110 25 W
TEMPERATURE IN F: :PCPN: SNOW: WIND :SUNSHINE: SKY :PK WND
================================================================================
1 2 3 4 5 6A 6B 7 8 9 10 11 12 13 14 15 16 17 18
12Z AVG MX 2MIN
DY MAX MIN AVG DEP HDD CDD WTR SNW DPTH SPD SPD DIR MIN PSBL S-S WX SPD DR
================================================================================
1 43 28 36 19 29 0 0.00 M M 2.1 15 270 M M M 26 270
2 44 25 35 18 30 0 0.00 M M 1.7 9 240 M M M 21 230
3 51 20 36 19 29 0 0.00 M M 1.8 10 260 M M M 19 250
4 44 14 29 11 36 0 0.02 M M 1.0 10 260 M M M 23 290
5 28 10 19 1 46 0 0.04 M M 3.8 10 320 M M M 20 320
6 21 -7 7 -11 58 0 0.00 M M 3.4 10 320 M M M 20 330
7 24 -19 3 -16 62 0 0.01 M M 2.0 13 280 M M M 21 270
8 21 -1 10 -9 55 0 0.09 M M 1.9 13 300 M M M 22 270
9 M M M M M M M M M M M M M M M M M
10 13 -34 -10 -30 75 0 0.00 M M 1.5 13 270 M M M 26 260
11 25 -6 10 -10 55 0 0.03 M M 2.5 17 280 M M M 28 290
12 36 18 27 7 38 0 0.03 M M 4.0 14 260 M M M 27 260
13 31 18 25 5 40 0 0.20 M M 2.5 12 280 M M M 25 210
14 31 15 23 2 42 0 0.00 M M 1.9 12 280 M M M 23 230
15 37 20 29 8 36 0 0.04 M M 3.4 10 270 M M M 20 250
16 32 4 18 -3 47 0 0.01 M M 3.2 14 280 M M M 29 330
17 34 1 18 -4 47 0 0.00 M M 1.0 9 220 M M M 20 280
18 36 10 23 1 42 0 0.02 M M 1.4 15 280 M M M 25 250
19 41 10 26 4 39 0 0.00 M M 1.5 9 240 M M M 21 200
20 30 6 18 -4 47 0 0.54 M M 2.6 12 280 M M M 21 300
21 30 -11 10 -13 55 0 0.00 M M 1.4 9 270 M M M 17 310
22 36 10 23 0 42 0 0.00 M M 0.8 10 290 M M M 17 300
23 45 8 27 4 38 0 0.01 M M 0.8 8 270 M M M 13 300
24 48 23 36 13 29 0 0.00 M M 3.2 16 270 M M M 32 290
25 49 20 35 11 30 0 0.00 M M 1.7 17 280 M M M 31 300
26 54 23 39 15 26 0 0.00 M M 2.1 15 270 M M M 29 280
27 57 19 38 14 27 0 0.00 M M 1.6 9 270 M M M 14 280
28 54 26 40 16 25 0 0.00 M M 2.6 13 250 M M M 27 190
29 41 18 30 6 35 0 0.00 M M 3.6 14 310 M M M 27 320
30 46 7 27 2 38 0 0.00 M M 1.8 13 270 M M M 19 280
31 32 18 25 0 40 0 0.09 M M 3.0 13 280 M M M 21 280
================================================================================
SM 1114 293 1238 0 1.13 M 65.8 M M
================================================================================
AV 37.1 9.8 2.2 FASTST M M M MAX(MPH)
MISC ----> # 17 280 32 290
================================================================================
NOTES:
# LAST OF SEVERAL OCCURRENCES
COLUMN 17 PEAK WIND IN M.P.H.
PRELIMINARY LOCAL CLIMATOLOGICAL DATA (WS FORM: F-6) , PAGE 2
STATION: LAKE YELLOWSTONE WY
MONTH: MARCH
YEAR: 2022
LATITUDE: 44 32 N
LONGITUDE: 110 25 W
[TEMPERATURE DATA] [PRECIPITATION DATA] SYMBOLS USED IN COLUMN 16
AVERAGE MONTHLY: 23.5 TOTAL FOR MONTH: 1.13 1 = FOG OR MIST
DPTR FM NORMAL: 2.3 DPTR FM NORMAL: -0.77 2 = FOG REDUCING VISIBILITY
HIGHEST: 57 ON 27 GRTST 24HR 0.54 ON 20-20 TO 1/4 MILE OR LESS
LOWEST: -34 ON 10 3 = THUNDER
SNOW, ICE PELLETS, HAIL 4 = ICE PELLETS
TOTAL MONTH: M 5 = HAIL
GRTST 24HR M ON M 6 = FREEZING RAIN OR DRIZZLE
GRTST DEPTH: M ON M 7 = DUSTSTORM OR SANDSTORM:
VSBY 1/2 MILE OR LESS
8 = SMOKE OR HAZE
[NO. OF DAYS WITH] [WEATHER - DAYS WITH] 9 = BLOWING SNOW
X = TORNADO
MAX 32 OR BELOW: 12 0.01 INCH OR MORE: 13
MAX 90 OR ABOVE: 0 0.10 INCH OR MORE: 2
MIN 32 OR BELOW: 30 0.50 INCH OR MORE: 1
MIN 0 OR BELOW: 6 1.00 INCH OR MORE: 0
[HDD (BASE 65) ]
TOTAL THIS MO. 1238 CLEAR (SCALE 0-3) 0
DPTR FM NORMAL -120 PTCLDY (SCALE 4-7) 0
TOTAL FM JUL 1 8946 CLOUDY (SCALE 8-10) 31
DPTR FM NORMAL -615
[CDD (BASE 65) ]
TOTAL THIS MO. 0
DPTR FM NORMAL 0 [PRESSURE DATA]
TOTAL FM JAN 1 0 HIGHEST SLP M ON M
DPTR FM NORMAL 0 LOWEST SLP 29.62 ON 28
[REMARKS]
#FINAL-03-22#