000
CXUS54 KLZK 071206
CF6PBF
PRELIMINARY LOCAL CLIMATOLOGICAL DATA (WS FORM: F-6)
STATION: PINE BLUFF
MONTH: MARCH
YEAR: 2023
LATITUDE: 34 10 N
LONGITUDE: 91 56 W
TEMPERATURE IN F: :PCPN: SNOW: WIND :SUNSHINE: SKY :PK WND
================================================================================
1 2 3 4 5 6A 6B 7 8 9 10 11 12 13 14 15 16 17 18
12Z AVG MX 2MIN
DY MAX MIN AVG DEP HDD CDD WTR SNW DPTH SPD SPD DIR MIN PSBL S-S WX SPD DR
================================================================================
1 77 61 69 19 0 4 2.25 0.0 0 8.0 23 20 M M 5 138 29 40
2 70 62 66 16 0 1 0.16 0.0 0 9.6 21 130 M M 8 13 26 120
3 70 50 60 9 5 0 1.55 0.0 0 14.0 29 230 M M 9 13 38 230
4 65 49 57 6 8 0 0.00 0.0 0 4.3 10 60 M M 4 15 50
5 74 47 61 10 4 0 0.00 0.0 0 6.9 15 110 M M 0 1 20 110
6 82 50 66 14 0 1 0.00 0.0 0 6.8 18 220 M M 0 23 220
7 69 56 63 11 2 0 0.00 0.0 0 9.9 21 40 M M 0 25 50
8 56 50 53 1 12 0 0.95 0.0 0 9.5 22 20 M M 9 13 26 20
9 61 51 56 4 9 0 0.74 0.0 0 5.8 17 260 M M 10 13 22 260
10 60 47 54 1 11 0 0.07 0.0 0 8.3 18 30 M M 3 1 24 10
11 59 45 52 -1 13 0 0.69 0.0 0 8.6 24 280 M M 7 13 29 290
12 56 49 53 0 12 0 0.13 0.0 0 11.0 23 360 M M 7 13 30 360
13 55 42 49 -5 16 0 0.00 0.0 0 8.6 17 20 M M 1 21 10
14 50 35 43 -11 22 0 0.00 0.0 0 7.8 16 30 M M 0 19 40
15 59 36 48 -6 17 0 0.00 0.0 0 6.9 15 110 M M 0 18 110
16 69 49 59 4 6 0 1.13 0.0 0 11.7 24 180 M M 9 13 29 180
17 63 42 53 -2 12 0 0.00 0.0 0 12.9 25 310 M M 3 33 310
18 56 36 46 -9 19 0 0.00 0.0 0 9.4 24 330 M M 0 32 320
19 45 30 38 -18 27 0 0.00 0.0 0 8.0 18 10 M M 0 24 10
20 57 29 43 -13 22 0 0.00 0.0 0 9.3 21 130 M M 2 25 110
21 64 46 55 -1 10 0 0.04 0.0 0 10.0 20 180 M M 10 26 170
22 78 59 69 13 0 4 0.00 0.0 0 13.1 23 190 M M 7 29 200
23 83 67 75 18 0 10 0.00 0.0 0 14.0 21 170 M M 5 27 210
24 82 61 72 15 0 7 1.32 0.0 0 14.0 30 190 M M 6 13 38 190
25 78 54 66 9 0 1 0.00 0.0 0 5.6 18 250 M M 1 25 280
26 81 49 65 7 0 0 0.00 0.0 0 3.1 10 90 M M 1 12 14 110
27 68 50 59 1 6 0 0.01 0.0 0 10.6 21 360 M M 1 3 28 360
28 66 47 57 -1 8 0 0.00 0.0 0 9.0 21 10 M M 2 26 10
29 68 42 55 -3 10 0 0.00 0.0 0 5.1 12 110 M M 2 17 70
30 79 51 65 6 0 0 T 0.0 0 8.9 29 180 M M 4 39 180
31 80 67 74 15 0 9 0.05 0.0 0 15.7 26 200 M M 6 3 39 200
================================================================================
SM 2080 1509 251 37 9.09 0.0 286.4 M 122
================================================================================
AV 67.1 48.7 9.2 FASTST M M 4 MAX(MPH)
MISC ----> 30 190 # 39 180
================================================================================
NOTES:
# LAST OF SEVERAL OCCURRENCES
COLUMN 17 PEAK WIND IN M.P.H.
PRELIMINARY LOCAL CLIMATOLOGICAL DATA (WS FORM: F-6) , PAGE 2
STATION: PINE BLUFF
MONTH: MARCH
YEAR: 2023
LATITUDE: 34 10 N
LONGITUDE: 91 56 W
[TEMPERATURE DATA] [PRECIPITATION DATA] SYMBOLS USED IN COLUMN 16
AVERAGE MONTHLY: 57.9 TOTAL FOR MONTH: 9.09 1 = FOG OR MIST
DPTR FM NORMAL: 3.3 DPTR FM NORMAL: 3.80 2 = FOG REDUCING VISIBILITY
HIGHEST: 83 ON 23 GRTST 24HR 2.39 ON 1- 2 TO 1/4 MILE OR LESS
LOWEST: 29 ON 20 3 = THUNDER
SNOW, ICE PELLETS, HAIL 4 = ICE PELLETS
TOTAL MONTH: 0.0 INCH 5 = HAIL
GRTST 24HR 0.0 6 = FREEZING RAIN OR DRIZZLE
GRTST DEPTH: 0 7 = DUSTSTORM OR SANDSTORM:
VSBY 1/2 MILE OR LESS
8 = SMOKE OR HAZE
[NO. OF DAYS WITH] [WEATHER - DAYS WITH] 9 = BLOWING SNOW
X = TORNADO
MAX 32 OR BELOW: 0 0.01 INCH OR MORE: 13
MAX 90 OR ABOVE: 0 0.10 INCH OR MORE: 9
MIN 32 OR BELOW: 2 0.50 INCH OR MORE: 7
MIN 0 OR BELOW: 0 1.00 INCH OR MORE: 4
[HDD (BASE 65) ]
TOTAL THIS MO. 251 CLEAR (SCALE 0-3) 15
DPTR FM NORMAL -91 PTCLDY (SCALE 4-7) 10
TOTAL FM JUL 1 2089 CLOUDY (SCALE 8-10) 6
DPTR FM NORMAL -600
[CDD (BASE 65) ]
TOTAL THIS MO. 37
DPTR FM NORMAL 19 [PRESSURE DATA]
TOTAL FM JAN 1 64 HIGHEST SLP 30.57 ON 19
DPTR FM NORMAL 41 LOWEST SLP 29.19 ON 3
[REMARKS]
#FINAL-03-23#