000
CXUS52 KMFL 011244
CLMPBI
CLIMATE REPORT
NATIONAL WEATHER SERVICE MIAMI, FL
844 AM EDT FRI SEP 01 2023
...................................
...THE WEST PALM BEACH CLIMATE SUMMARY FOR THE MONTH OF AUGUST 2023...
CLIMATE NORMAL PERIOD: 1991 TO 2020
CLIMATE RECORD PERIOD: 1888 TO 2023
WEATHER OBSERVED NORMAL DEPART LAST YEAR`S
VALUE DATE(S) VALUE FROM VALUE
NORMAL
..............................................................
TEMPERATURE (F)
RECORD
HIGH 99 08/13/2006
08/25/1924
LOW 65 08/24/1957
08/03/1920
HIGHEST 95 08/08 96
08/09
LOWEST 74 08/10 73
AVG. MAXIMUM 92.3 89.9 2.4 92.3
AVG. MINIMUM 78.3 76.5 1.8 78.9
MEAN 85.3 83.2 2.1 85.6
DAYS MAX >= 90 31 31
DAYS MAX <= 32 0 0
DAYS MIN <= 32 0 0
DAYS MIN <= 0 0 0
PRECIPITATION (INCHES)
RECORD
MAXIMUM 22.66 2012
MINIMUM 0.75 2022
TOTALS 5.68 8.68 -3.00 3.12
DAILY AVG. 0.18 0.28 -0.10 0.10
DAYS >= .01 23 16
DAYS >= .10 12 4
DAYS >= .50 2 4
DAYS >= 1.00 1 0
GREATEST
24 HR. TOTAL 2.28 08/13 TO 08/13 0.71
DEGREE DAYS
HEATING TOTAL 0 0 0 0
SINCE 7/1 0 0 0 MM
COOLING TOTAL 636 564 72 646
SINCE 1/1 3433 2811 622 MM
..............................................................
WIND (MPH)
AVERAGE WIND SPEED 8.2
HIGHEST WIND SPEED/DIRECTION 36/150 DATE 08/17
36/210 08/29
HIGHEST GUST SPEED/DIRECTION 51/210 DATE 08/29
SKY COVER
POSSIBLE SUNSHINE (PERCENT) MM
AVERAGE SKY COVER 0.52
NUMBER OF DAYS FAIR 1
NUMBER OF DAYS PC 30
NUMBER OF DAYS CLOUDY 0
AVERAGE RH (PERCENT) 77
WEATHER CONDITIONS. NUMBER OF DAYS WITH
THUNDERSTORM 19 MIXED PRECIP 0
HEAVY RAIN 5 RAIN 4
LIGHT RAIN 19 FREEZING RAIN 0
LT FREEZING RAIN 0 HAIL 0
HEAVY SNOW 0 SNOW 0
LIGHT SNOW 0 SLEET 0
FOG 15 FOG W/VIS <= 1/4 MILE 1
HAZE 4
- INDICATES NEGATIVE NUMBERS.
R INDICATES RECORD WAS SET OR TIED.
MM INDICATES DATA IS MISSING.
T INDICATES TRACE AMOUNT.
$$