000
CXUS53 KARX 010900
CF6PDC
PRELIMINARY LOCAL CLIMATOLOGICAL DATA (WS FORM: F-6)
STATION: PRAIRIE_DU_CHIEN_MUN
MONTH: MARCH
YEAR: 2022
LATITUDE: 43 1 N
LONGITUDE: 91 7 W
TEMPERATURE IN F: :PCPN: SNOW: WIND :SUNSHINE: SKY :PK WND
================================================================================
1 2 3 4 5 6A 6B 7 8 9 10 11 12 13 14 15 16 17 18
12Z AVG MX 2MIN
DY MAX MIN AVG DEP HDD CDD WTR SNW DPTH SPD SPD DIR MIN PSBL S-S WX SPD DR
================================================================================
1 49 33 41 M 24 0 0.00 0.0 M 2.2 12 320 M M 7 M M
2 51 31 41 M 24 0 0.00 0.0 M 4.0 12 340 M M 6 20 330
3 33 26 30 M 35 0 0.00 0.0 M 3.5 7 10 M M 4 M M
4 40 27 34 M 31 0 M M M 7.8 15 100 M M 3 23 110
5 52 34 43 M 22 0 1.50 M M 6.0 13 110 M M 9 1 32 150
6 47 30 39 M 26 0 M M M 12.5 27 230 M M 10 38 230
7 32 12 22 M 43 0 M M M 7.3 15 300 M M 7 22 300
8 37 8 23 M 42 0 M M M 4.1 16 210 M M 1 1 22 210
9 32 18 25 M 40 0 M M M 11.4 17 290 M M 4 20 310
10 24 14 19 M 46 0 M M M 3.2 10 310 M M 5 16 310
11 23 10 17 M 48 0 M M M 13.1 23 280 M M 2 33 280
12 24 4 14 M 51 0 M M M 9.4 18 280 M M 2 23 280
13 51 22 37 M 28 0 M M M 3.3 13 280 M M 2 20 280
14 54 30 42 M 23 0 M M M 0.8 6 100 M M 1 M M
15 55 29 42 M 23 0 M M M 0.4 4 130 M M 0 M M
16 67 31 49 M 16 0 M M M 4.7 15 210 M M 0 22 190
17 55 41 48 M 17 0 M 0.0 0 1.9 9 330 M M 7 M M
18 45 34 40 M 25 0 1.33 M 0 5.0 9 50 M M 10 18 50
19 M M M M M M M M M M M M M M M M M
20 M M M M M M M M M M M M M M M M M
21 M M M M M M 0.00 0.0 0 M M M M M M M M
22 M M M M M M M M M M M M M M M M M
23 M M M M M M M M M M M M M M M M M
24 M M M M M M M M M M M M M M M M M
25 M M M M M M M M M M M M M M M M M
26 M M M M M M 0.00 0.0 M M M M M M M M M
27 M M M M M M 0.00 0.0 M M M M M M M M M
28 39 25 32 M 33 0 M M M 4.2 8 120 M M 1 M M
29 40 32 36 M 29 0 0.01 0.0 0 13.7 20 110 M M 10 28 120
30 48 36 42 M 23 0 0.18 0.0 0 7.0 27 60 M M 10 1 30 60
31 37 32 35 M 30 0 0.03 M M 10.1 14 290 M M 10 1 22 340
================================================================================
SM 935 559 679 0 3.05 0.0 135.6 M 111
================================================================================
AV 42.5 25.4 6.2 FASTST M M 5 MAX(MPH)
MISC ----> # 27 230 38 230
================================================================================
NOTES:
# LAST OF SEVERAL OCCURRENCES
COLUMN 17 PEAK WIND IN M.P.H.
PRELIMINARY LOCAL CLIMATOLOGICAL DATA (WS FORM: F-6) , PAGE 2
STATION: PRAIRIE_DU_CHIEN_MUN
MONTH: MARCH
YEAR: 2022
LATITUDE: 43 1 N
LONGITUDE: 91 7 W
[TEMPERATURE DATA] [PRECIPITATION DATA] SYMBOLS USED IN COLUMN 16
AVERAGE MONTHLY: 34.0 TOTAL FOR MONTH: 3.05 1 = FOG OR MIST
DPTR FM NORMAL: 0.0 DPTR FM NORMAL: M 2 = FOG REDUCING VISIBILITY
HIGHEST: 67 ON 16 GRTST 24HR 1.50 ON 5- 5 TO 1/4 MILE OR LESS
LOWEST: 4 ON 12 3 = THUNDER
SNOW, ICE PELLETS, HAIL 4 = ICE PELLETS
TOTAL MONTH: 0.0 INCH 5 = HAIL
GRTST 24HR 0.0 6 = FREEZING RAIN OR DRIZZLE
GRTST DEPTH: 0 7 = DUSTSTORM OR SANDSTORM:
VSBY 1/2 MILE OR LESS
8 = SMOKE OR HAZE
[NO. OF DAYS WITH] [WEATHER - DAYS WITH] 9 = BLOWING SNOW
X = TORNADO
MAX 32 OR BELOW: 5 0.01 INCH OR MORE: 5
MAX 90 OR ABOVE: 0 0.10 INCH OR MORE: 3
MIN 32 OR BELOW: 17 0.50 INCH OR MORE: 2
MIN 0 OR BELOW: 0 1.00 INCH OR MORE: 2
[HDD (BASE 65) ]
TOTAL THIS MO. 679 CLEAR (SCALE 0-3) 9
DPTR FM NORMAL M PTCLDY (SCALE 4-7) 7
TOTAL FM JUL 1 5334 CLOUDY (SCALE 8-10) 15
DPTR FM NORMAL M
[CDD (BASE 65) ]
TOTAL THIS MO. 0
DPTR FM NORMAL M [PRESSURE DATA]
TOTAL FM JAN 1 0 HIGHEST SLP M ON M
DPTR FM NORMAL M LOWEST SLP M ON M
[REMARKS]
#FINAL-03-22#