000
CXUS53 KARX 010900
CF6PDC
PRELIMINARY LOCAL CLIMATOLOGICAL DATA (WS FORM: F-6)
STATION: PRAIRIE_DU_CHIEN_MUN
MONTH: JULY
YEAR: 2021
LATITUDE: 43 1 N
LONGITUDE: 91 7 W
TEMPERATURE IN F: :PCPN: SNOW: WIND :SUNSHINE: SKY :PK WND
================================================================================
1 2 3 4 5 6A 6B 7 8 9 10 11 12 13 14 15 16 17 18
12Z AVG MX 2MIN
DY MAX MIN AVG DEP HDD CDD WTR SNW DPTH SPD SPD DIR MIN PSBL S-S WX SPD DR
================================================================================
1 83 63 73 M 0 8 0.00 0.0 0 3.0 8 30 M M 2 12 M M
2 80 60 70 M 0 5 0.00 0.0 0 3.3 6 360 M M 1 16 300
3 85 58 72 M 0 7 0.00 0.0 0 2.3 8 300 M M 0 M M
4 90 64 77 M 0 12 0.00 0.0 0 4.7 12 220 M M 1 16 220
5 92 73 83 M 0 18 0.02 0.0 0 6.6 13 230 M M 4 20 230
6 91 73 82 M 0 17 0.00 0.0 0 4.5 12 220 M M 3 17 210
7 75 64 70 M 0 5 0.56 0.0 0 4.5 14 320 M M 9 18 320
8 71 60 66 M 0 1 0.00 0.0 0 4.2 9 360 M M 10 M M
9 70 62 66 M 0 1 0.09 0.0 0 3.2 7 100 M M 8 M M
10 76 61 69 M 0 4 0.00 0.0 0 6.3 13 90 M M 6 20 90
11 80 59 70 M 0 5 0.00 0.0 0 5.4 13 40 M M 2 21 60
12 78 59 69 M 0 4 0.00 0.0 0 2.7 9 70 M M 6 9 90
13 85 62 74 M 0 9 0.00 0.0 0 2.6 9 260 M M 4 9 240
14 75 64 70 M 0 5 0.74 0.0 0 4.1 14 190 M M 6 25 210
15 76 63 70 M 0 5 0.00 0.0 0 4.0 10 310 M M 7 M M
16 81 60 71 M 0 6 0.00 0.0 0 1.9 8 60 M M 5 12 M M
17 81 61 71 M 0 6 0.00 0.0 0 2.8 7 60 M M 3 12 M M
18 81 59 70 M 0 5 0.00 0.0 0 2.6 7 110 M M 2 12 M M
19 83 60 72 M 0 7 0.00 0.0 0 1.6 6 300 M M 3 12 M M
20 87 62 75 M 0 10 0.00 0.0 0 3.0 10 290 M M 0 9 300
21 78 68 73 M 0 8 0.00 0.0 0 4.2 8 100 M M 7 M M
22 86 68 77 M 0 12 0.00 0.0 0 3.5 7 200 M M 5 8 M M
23 90 69 80 M 0 15 M M M 3.4 9 180 M M 1 1 16 180
24 91 69 80 M 0 15 0.00 0.0 0 6.2 15 330 M M 3 18 270
25 89 62 76 M 0 11 0.00 0.0 0 3.6 14 330 M M 0 16 320
26 92 60 76 M 0 11 0.00 0.0 0 3.0 12 230 M M 0 M M
27 90 66 78 M 0 13 0.03 0.0 0 3.6 14 70 M M 1 3 17 70
28 88 69 79 M 0 14 0.00 0.0 0 3.7 9 120 M M 2 10 200
29 86 67 77 M 0 12 1.64 0.0 0 4.9 12 340 M M 5 38 54 160
30 71 61 66 M 0 1 0.03 0.0 0 2.4 7 90 M M 5 M M
31 80 59 70 M 0 5 0.00 0.0 0 3.6 10 290 M M 6 1 17 280
================================================================================
SM 2561 1965 0 257 3.11 0.0 115.4 M 117
================================================================================
AV 82.6 63.4 3.7 FASTST M M 4 MAX(MPH)
MISC ----> 15 330 54 160
================================================================================
NOTES:
# LAST OF SEVERAL OCCURRENCES
COLUMN 17 PEAK WIND IN M.P.H.
PRELIMINARY LOCAL CLIMATOLOGICAL DATA (WS FORM: F-6) , PAGE 2
STATION: PRAIRIE_DU_CHIEN_MUN
MONTH: JULY
YEAR: 2021
LATITUDE: 43 1 N
LONGITUDE: 91 7 W
[TEMPERATURE DATA] [PRECIPITATION DATA] SYMBOLS USED IN COLUMN 16
AVERAGE MONTHLY: 73.0 TOTAL FOR MONTH: 3.11 1 = FOG OR MIST
DPTR FM NORMAL: 0.0 DPTR FM NORMAL: M 2 = FOG REDUCING VISIBILITY
HIGHEST: 92 ON 26, 5 GRTST 24HR 1.64 ON 29-29 TO 1/4 MILE OR LESS
LOWEST: 58 ON 3 3 = THUNDER
SNOW, ICE PELLETS, HAIL 4 = ICE PELLETS
TOTAL MONTH: 0.0 INCH 5 = HAIL
GRTST 24HR 0.0 6 = FREEZING RAIN OR DRIZZLE
GRTST DEPTH: 0 7 = DUSTSTORM OR SANDSTORM:
VSBY 1/2 MILE OR LESS
8 = SMOKE OR HAZE
[NO. OF DAYS WITH] [WEATHER - DAYS WITH] 9 = BLOWING SNOW
X = TORNADO
MAX 32 OR BELOW: 0 0.01 INCH OR MORE: 7
MAX 90 OR ABOVE: 7 0.10 INCH OR MORE: 3
MIN 32 OR BELOW: 0 0.50 INCH OR MORE: 3
MIN 0 OR BELOW: 0 1.00 INCH OR MORE: 1
[HDD (BASE 65) ]
TOTAL THIS MO. 0 CLEAR (SCALE 0-3) 15
DPTR FM NORMAL M PTCLDY (SCALE 4-7) 14
TOTAL FM JUL 1 0 CLOUDY (SCALE 8-10) 2
DPTR FM NORMAL M
[CDD (BASE 65) ]
TOTAL THIS MO. 257
DPTR FM NORMAL M [PRESSURE DATA]
TOTAL FM JAN 1 615 HIGHEST SLP M ON M
DPTR FM NORMAL M LOWEST SLP M ON M
[REMARKS]
#FINAL-07-21#