000
CXUS53 KARX 010900
CF6PDC
PRELIMINARY LOCAL CLIMATOLOGICAL DATA (WS FORM: F-6)
STATION: PRAIRIE_DU_CHIEN_MUN
MONTH: JUNE
YEAR: 2021
LATITUDE: 43 1 N
LONGITUDE: 91 7 W
TEMPERATURE IN F: :PCPN: SNOW: WIND :SUNSHINE: SKY :PK WND
================================================================================
1 2 3 4 5 6A 6B 7 8 9 10 11 12 13 14 15 16 17 18
12Z AVG MX 2MIN
DY MAX MIN AVG DEP HDD CDD WTR SNW DPTH SPD SPD DIR MIN PSBL S-S WX SPD DR
================================================================================
1 78 52 65 M 0 0 M M M 4.5 9 130 M M 1 16 180
2 80 52 66 M 0 1 0.00 0.0 0 2.3 6 200 M M 1 M M
3 89 52 71 M 0 6 0.00 0.0 0 5.5 15 270 M M 1 21 280
4 92 71 82 M 0 17 0.00 0.0 0 7.9 16 220 M M 0 22 240
5 92 69 81 M 0 16 0.00 0.0 0 6.0 13 180 M M 0 21 200
6 88 70 79 M 0 14 0.00 0.0 0 6.6 14 190 M M 1 23 160
7 90 67 79 M 0 14 0.00 0.0 0 3.7 7 170 M M 1 M M
8 91 66 79 M 0 14 0.00 0.0 0 3.6 7 220 M M 1 M M
9 92 67 80 M 0 15 0.00 0.0 0 2.6 8 110 M M 2 M M
10 93 71 82 M 0 17 M 0.0 0 2.5 6 130 M M 1 M M
11 94 69 82 M 0 17 0.04 M M 2.6 14 280 M M 1 16 260
12 86 60 73 M 0 8 M M M 6.4 14 330 M M 0 22 340
13 93 55 74 M 0 9 0.00 0.0 0 3.5 9 320 M M 0 M M
14 85 61 73 M 0 8 0.00 M M 4.9 12 350 M M 0 17 350
15 82 55 69 M 0 4 0.00 M M 4.4 10 320 M M 0 16 360
16 83 55 69 M 0 4 0.00 M M 3.6 7 120 M M 0 M M
17 92 66 79 M 0 14 M M M 6.3 10 180 M M 2 18 110
18 91 66 79 M 0 14 0.55 0.0 0 4.1 15 340 M M 3 22 340
19 83 62 73 M 0 8 0.00 0.0 0 5.4 12 340 M M 0 16 330
20 73 59 66 M 0 1 0.30 0.0 0 4.7 15 290 M M 5 25 290
21 67 49 58 M 7 0 0.00 0.0 0 11.7 21 310 M M 5 29 310
22 75 45 60 M 5 0 0.00 0.0 0 2.8 7 120 M M 5 M M
23 81 61 71 M 0 6 0.00 0.0 0 6.6 12 180 M M 8 18 140
24 82 72 77 M 0 12 0.00 0.0 0 5.8 10 190 M M 7 21 180
25 84 70 77 M 0 12 0.04 0.0 0 2.4 10 190 M M 8 17 190
26 78 69 74 M 0 9 0.67 0.0 0 5.8 10 170 M M 10 17 170
27 80 65 73 M 0 8 0.00 0.0 0 4.5 9 290 M M 5 M M
28 83 64 74 M 0 9 M M M 3.0 8 130 M M 2 M M
29 82 67 75 M 0 10 0.17 0.0 0 2.9 12 210 M M 6 16 210
30 86 66 76 M 0 11 0.00 0.0 0 2.1 7 310 M M 3 1 M M
================================================================================
SM 2545 1873 12 278 1.77 0.0 138.7 M 79
================================================================================
AV 84.8 62.4 4.6 FASTST M M 3 MAX(MPH)
MISC ----> 21 310 29 310
================================================================================
NOTES:
# LAST OF SEVERAL OCCURRENCES
COLUMN 17 PEAK WIND IN M.P.H.
PRELIMINARY LOCAL CLIMATOLOGICAL DATA (WS FORM: F-6) , PAGE 2
STATION: PRAIRIE_DU_CHIEN_MUN
MONTH: JUNE
YEAR: 2021
LATITUDE: 43 1 N
LONGITUDE: 91 7 W
[TEMPERATURE DATA] [PRECIPITATION DATA] SYMBOLS USED IN COLUMN 16
AVERAGE MONTHLY: 73.6 TOTAL FOR MONTH: 1.77 1 = FOG OR MIST
DPTR FM NORMAL: 0.0 DPTR FM NORMAL: M 2 = FOG REDUCING VISIBILITY
HIGHEST: 94 ON 11 GRTST 24HR 0.67 ON 26-26 TO 1/4 MILE OR LESS
LOWEST: 45 ON 22 3 = THUNDER
SNOW, ICE PELLETS, HAIL 4 = ICE PELLETS
TOTAL MONTH: 0.0 INCH 5 = HAIL
GRTST 24HR 0.0 6 = FREEZING RAIN OR DRIZZLE
GRTST DEPTH: 0 7 = DUSTSTORM OR SANDSTORM:
VSBY 1/2 MILE OR LESS
8 = SMOKE OR HAZE
[NO. OF DAYS WITH] [WEATHER - DAYS WITH] 9 = BLOWING SNOW
X = TORNADO
MAX 32 OR BELOW: 0 0.01 INCH OR MORE: 6
MAX 90 OR ABOVE: 10 0.10 INCH OR MORE: 4
MIN 32 OR BELOW: 0 0.50 INCH OR MORE: 2
MIN 0 OR BELOW: 0 1.00 INCH OR MORE: 0
[HDD (BASE 65) ]
TOTAL THIS MO. 12 CLEAR (SCALE 0-3) 20
DPTR FM NORMAL M PTCLDY (SCALE 4-7) 9
TOTAL FM JUL 1 6612 CLOUDY (SCALE 8-10) 1
DPTR FM NORMAL M
[CDD (BASE 65) ]
TOTAL THIS MO. 278
DPTR FM NORMAL M [PRESSURE DATA]
TOTAL FM JAN 1 358 HIGHEST SLP M ON M
DPTR FM NORMAL M LOWEST SLP M ON M
[REMARKS]
#FINAL-06-21#